38.107.179.234 - - [18/May/2012:08:41:07 +0800] "GET /2008-07/%c8%d5%d3%ef%bf%da%d3%ef%c1%f7%d0%d0%b1%a6%b5%e4.rar HTTP/1.1" 200 52490209 "-" "CCBot/1.0 (+http://www.commoncrawl.org/bot.html)"
38.107.179.230 - - [18/May/2012:08:42:05 +0800] "GET /2008-07/%c8%d5%d3%ef%bf%da%d3%ef%c8%ab%cd%bb%c6%c6.rar HTTP/1.1" 200 161005171 "-" "CCBot/1.0 (+http://www.commoncrawl.org/bot.html)"
123.125.67.180 - - [18/May/2012:08:42:20 +0800] "GET /speaker_wv.swf HTTP/1.0" 200 2904 "-" "Mozilla/4.0 (compatible; MSIE 6.0; Windows NT 5.1; SV1)"
38.107.179.231 - - [18/May/2012:08:44:39 +0800] "GET /2008-07/%c8%d5%d3%ef%c2%c3%d3%ce%bb%e1%bb%b0.rar HTTP/1.1" 200 23338784 "-" "CCBot/1.0 (+http://www.commoncrawl.org/bot.html)"
123.6.37.110 - - [18/May/2012:08:44:39 +0800] "GET /music/moved200909/20090914.mp3 HTTP/1.1" 200 6635533 "-" "Mozilla/4.0 (compatible; MSIE 5.00; Windows 98)"
125.74.63.154 - - [18/May/2012:08:45:58 +0800] "GET /music/moved200912/20091217.mp3 HTTP/1.1" 404 371 "-" "Mozilla/4.0 (compatible; MSIE 5.00; Windows 98)"
125.74.63.154 - - [18/May/2012:08:45:58 +0800] "GET /music/moved200912/20091217.mp3 HTTP/1.1" 404 371 "-" "Mozilla/4.0 (compatible; MSIE 5.00; Windows 98)"
125.74.63.154 - - [18/May/2012:08:45:58 +0800] "GET /music/moved200912/20091217.mp3 HTTP/1.1" 404 371 "-" "Mozilla/4.0 (compatible; MSIE 5.00; Windows 98)"
125.74.63.154 - - [18/May/2012:08:45:58 +0800] "GET /music/moved200912/20091217.mp3 HTTP/1.1" 404 371 "-" "Mozilla/4.0 (compatible; MSIE 5.00; Windows 98)"
38.107.179.232 - - [18/May/2012:08:46:32 +0800] "GET /2008-07/%c8%d5%d3%ef%c4%dc%c1%a6%b2%e2%ca%d4%bb%f9%b1%be%b4%ca%bb%e3%c0%fd%bd%e23-4%bc%b6.rar HTTP/1.1" 200 3288671 "-" "CCBot/1.0 (+http://www.commoncrawl.org/bot.html)"
220.181.51.157 - - [18/May/2012:08:47:34 +0800] "GET /music/moved200909/20090911.mp3 HTTP/1.0" 200 6916096 "-" "NSPlayer/10.0.0.4072 WMFSDK/10.0"
38.107.179.233 - - [18/May/2012:08:47:34 +0800] "GET /2008-07/%c8%d5%d3%ef%c4%dc%c1%a6%b2%e2%ca%d4%d3%a6%ca%d4%d6%b8%b5%bc%d3%ef%b7%a83%bc%b64%bc%b6.rar HTTP/1.1" 200 2063602 "-" "CCBot/1.0 (+http://www.commoncrawl.org/bot.html)"
157.55.17.144 - - [18/May/2012:08:48:59 +0800] "GET /robots.txt HTTP/1.1" 404 351 "-" "Mozilla/5.0 (compatible; bingbot/2.0; +http://www.bing.com/bingbot.htm)"
157.55.17.144 - - [18/May/2012:08:49:41 +0800] "GET /2008-07/?C=S HTTP/1.1" 200 40344 "-" "Mozilla/5.0 (compatible; bingbot/2.0; +http://www.bing.com/bingbot.htm)"
1.202.76.220 - - [18/May/2012:08:49:56 +0800] "GET /music/moved200909/20090918.mp3 HTTP/1.1" 200 6246400 "-" "NSPlayer/12.00.7601.17514 WMFSDK/12.00.7601.17514"
222.77.162.22 - - [18/May/2012:08:48:58 +0800] "GET /music/moved200909/20090921.mp3 HTTP/1.1" 200 4828683 "-" "Mozilla/4.0 (compatible; MSIE 5.00; Windows 98)"
38.107.179.234 - - [18/May/2012:08:52:12 +0800] "GET /2008-07/%c8%d5%d3%ef%c4%dc%c1%a6%b2%e2%ca%d41%bc%b62%bc%b6%c8%ab%d5%e6%be%e4%d0%cd%be%ab%bd%e2%d3%eb%b9%e9%c4%c9.pdf HTTP/1.1" 200 6968373 "-" "CCBot/1.0 (+http://www.commoncrawl.org/bot.html)"
38.107.179.230 - - [18/May/2012:08:53:11 +0800] "GET /2008-07/%c8%d5%d3%ef%c4%dc%c1%a6%b2%e2%d1%e9%bf%bc%c7%b0%cc%e2%bf%e2%a3%ba%ce%c4%d7%d6%a1%a4%b4%ca%bb%e32%bc%b6.pdf HTTP/1.1" 200 2738824 "-" "CCBot/1.0 (+http://www.commoncrawl.org/bot.html)"
117.88.179.42 - - [18/May/2012:08:53:47 +0800] "GET /music/moved200909/20090918.mp3 HTTP/1.1" 200 6246400 "-" "Mozilla/4.0 (compatible; MSIE 5.00; Windows 98)"
112.254.110.112 - - [18/May/2012:08:54:05 +0800] "GET /music/moved200909/20090921.mp3 HTTP/1.1" 200 4828683 "-" "Mozilla/4.0 (compatible; MSIE 5.00; Windows 98)"
182.136.226.221 - - [18/May/2012:08:54:55 +0800] "GET /music/moved200910/20091016.mp3 HTTP/1.1" 404 371 "-" "Mozilla/4.0 (compatible; MSIE 5.00; Windows 98)"
182.136.226.221 - - [18/May/2012:08:54:56 +0800] "GET /music/moved200910/20091016.mp3 HTTP/1.1" 404 371 "-" "Mozilla/4.0 (compatible; MSIE 5.00; Windows 98)"
182.136.226.221 - - [18/May/2012:08:54:56 +0800] "GET /music/moved200910/20091016.mp3 HTTP/1.1" 404 371 "-" "Mozilla/4.0 (compatible; MSIE 5.00; Windows 98)"
182.136.226.221 - - [18/May/2012:08:54:56 +0800] "GET /music/moved200910/20091016.mp3 HTTP/1.1" 404 371 "-" "Mozilla/4.0 (compatible; MSIE 5.00; Windows 98)"
38.107.179.231 - - [18/May/2012:08:56:11 +0800] "GET /2008-07/%c8%d5%d3%ef%c4%dc%c1%a6%b2%e2%d1%e9%bf%bc%c7%b0%cc%e2%bf%e2%a3%ba%d3%ef%b7%a82%bc%b6.pdf HTTP/1.1" 200 2327561 "-" "CCBot/1.0 (+http://www.commoncrawl.org/bot.html)"
123.6.37.110 - - [18/May/2012:08:55:55 +0800] "GET /music/moved200909/20090914.mp3 HTTP/1.1" 200 6635533 "-" "Mozilla/4.0 (compatible; MSIE 5.00; Windows 98)"
222.187.8.30 - - [18/May/2012:08:56:29 +0800] "GET /music/moved200909/20090909.mp3 HTTP/1.1" 200 4650675 "-" "Mozilla/4.0 (compatible; MSIE 5.00; Windows 98)"
38.107.179.232 - - [18/May/2012:08:57:45 +0800] "GET /2008-07/%c8%d5%d3%ef%c4%dc%c1%a6%bf%bc%ca%d4%d6%b8%b5%bc34%bc%b6%ce%c4%d7%d6%b4%ca%bb%e3.rar HTTP/1.1" 200 2494232 "-" "CCBot/1.0 (+http://www.commoncrawl.org/bot.html)"
221.196.90.131 - - [18/May/2012:08:59:16 +0800] "GET /music/moved200909/20090918.mp3 HTTP/1.1" 304 - "-" "NSPlayer/10.0.0.3802 WMFSDK/10.0"
38.107.179.233 - - [18/May/2012:08:58:56 +0800] "GET /2008-07/%c8%d5%d3%ef%c4%dc%c1%a6%bf%bc%ca%d41991%a1%ab1999%c4%ea%ca%d4%cc%e2%bc%af4%bc%b6.pdf HTTP/1.1" 200 5076347 "-" "CCBot/1.0 (+http://www.commoncrawl.org/bot.html)"
121.14.98.64 - - [18/May/2012:09:00:31 +0800] "GET /jp200/21.mp3 HTTP/1.1" 206 2048 "http://download.jptranslate.com/jp200/21.mp3" "Mozilla/4.0 (compatible; MSIE 6.0; Windows NT 5.1; SV1)"
113.24.132.51 - - [18/May/2012:08:59:36 +0800] "GET /music/moved200909/20090928.mp3 HTTP/1.1" 200 7606325 "-" "Mozilla/4.0 (compatible; MSIE 5.00; Windows 98)"
123.247.51.102 - - [18/May/2012:09:01:18 +0800] "GET /music/moved200909/20090914.mp3 HTTP/1.1" 200 6635533 "-" "Mozilla/4.0 (compatible; MSIE 5.00; Windows 98)"
220.181.51.219 - - [18/May/2012:09:03:11 +0800] "GET /music/moved200909/20090930.mp3? HTTP/1.0" 200 4239744 "-" "NSPlayer/10.0.0.4072 WMFSDK/10.0"
221.207.68.64 - - [18/May/2012:09:04:48 +0800] "GET /music/moved200911/20091101.mp3 HTTP/1.1" 404 371 "-" "Mozilla/4.0 (compatible; MSIE 5.00; Windows 98)"
221.207.68.64 - - [18/May/2012:09:04:48 +0800] "GET /music/moved200911/20091101.mp3 HTTP/1.1" 404 371 "-" "Mozilla/4.0 (compatible; MSIE 5.00; Windows 98)"
221.207.68.64 - - [18/May/2012:09:04:48 +0800] "GET /music/moved200911/20091101.mp3 HTTP/1.1" 404 371 "-" "Mozilla/4.0 (compatible; MSIE 5.00; Windows 98)"
221.207.68.64 - - [18/May/2012:09:04:48 +0800] "GET /music/moved200911/20091101.mp3 HTTP/1.1" 404 371 "-" "Mozilla/4.0 (compatible; MSIE 5.00; Windows 98)"
111.161.246.48 - - [18/May/2012:09:05:15 +0800] "GET /music/moved200909/20090918.mp3 HTTP/1.1" 304 - "-" "NSPlayer/10.0.0.3802 WMFSDK/10.0"
38.107.179.234 - - [18/May/2012:09:05:08 +0800] "GET /2008-07/%c8%d5%d3%ef%c4%dc%c1%a62%bc%b6%b4%ca%bb%e3%b1%ed.rar HTTP/1.1" 200 2647912 "-" "CCBot/1.0 (+http://www.commoncrawl.org/bot.html)"
123.6.37.110 - - [18/May/2012:09:05:01 +0800] "GET /music/moved200909/20090914.mp3 HTTP/1.1" 200 6635533 "-" "Mozilla/4.0 (compatible; MSIE 5.00; Windows 98)"
38.107.179.230 - - [18/May/2012:09:06:38 +0800] "GET /2008-07/%c8%d5%d3%ef%cc%fd%c1%a6%d1%b5%c1%b7.rar HTTP/1.1" 200 32865526 "-" "CCBot/1.0 (+http://www.commoncrawl.org/bot.html)"
61.135.190.86 - - [18/May/2012:09:06:47 +0800] "GET /music/moved200909/20090930.mp3? HTTP/1.0" 200 4239744 "-" "NSPlayer/10.0.0.4072 WMFSDK/10.0"
113.24.132.51 - - [18/May/2012:09:07:15 +0800] "GET /music/moved200909/20090928.mp3 HTTP/1.1" 200 7606325 "-" "Mozilla/4.0 (compatible; MSIE 5.00; Windows 98)"
113.24.132.51 - - [18/May/2012:09:07:27 +0800] "GET /music/moved200909/20090928.mp3 HTTP/1.1" 200 7606325 "-" "Mozilla/4.0 (compatible; MSIE 5.00; Windows 98)"
113.226.205.12 - - [18/May/2012:09:08:47 +0800] "GET /music/moved200909/20090916.mp3 HTTP/1.1" 304 - "-" "NSPlayer/9.0.0.4509 WMFSDK/9.0"
180.114.247.132 - - [18/May/2012:09:08:56 +0800] "GET /music/moved200911/20091125.mp3 HTTP/1.1" 404 371 "-" "Mozilla/4.0 (compatible; MSIE 5.00; Windows 98)"
180.114.247.132 - - [18/May/2012:09:08:56 +0800] "GET /music/moved200911/20091125.mp3 HTTP/1.1" 404 371 "-" "Mozilla/4.0 (compatible; MSIE 5.00; Windows 98)"
180.114.247.132 - - [18/May/2012:09:08:56 +0800] "GET /music/moved200911/20091125.mp3 HTTP/1.1" 404 371 "-" "Mozilla/4.0 (compatible; MSIE 5.00; Windows 98)"
180.114.247.132 - - [18/May/2012:09:08:56 +0800] "GET /music/moved200911/20091125.mp3 HTTP/1.1" 404 371 "-" "Mozilla/4.0 (compatible; MSIE 5.00; Windows 98)"
38.107.179.231 - - [18/May/2012:09:09:19 +0800] "GET /2008-07/%c8%d5%d3%ef%d0%c2%b8%c9%cf%df(2004.9).rar HTTP/1.1" 200 61658600 "-" "CCBot/1.0 (+http://www.commoncrawl.org/bot.html)"
95.108.158.134 - - [18/May/2012:09:10:02 +0800] "GET /2008-07/08.rm HTTP/1.1" 200 69861311 "-" "Mozilla/5.0 (compatible; YandexBot/3.0; +http://yandex.com/bots)"
38.107.179.232 - - [18/May/2012:09:11:09 +0800] "GET /2008-07/%c8%d5%d3%ef%d0%c2%b8%c9%cf%df29.rar HTTP/1.1" 200 32912497 "-" "CCBot/1.0 (+http://www.commoncrawl.org/bot.html)"
123.125.67.180 - - [18/May/2012:09:12:26 +0800] "GET /speaker_wv.swf HTTP/1.0" 200 2904 "-" "Mozilla/4.0 (compatible; MSIE 6.0; Windows NT 5.1; SV1)"
123.156.64.79 - - [18/May/2012:09:11:57 +0800] "GET /music/moved200909/20090921.mp3 HTTP/1.1" 200 4828683 "-" "Mozilla/4.0 (compatible; MSIE 5.00; Windows 98)"
38.107.179.233 - - [18/May/2012:09:12:07 +0800] "GET /2008-07/%c8%d5%d3%ef%d0%c2%ce%c52004MP3_RTF.rar HTTP/1.1" 200 354194602 "-" "CCBot/1.0 (+http://www.commoncrawl.org/bot.html)"
140.206.79.202 - - [18/May/2012:09:13:09 +0800] "GET /music/moved200909/20090914.mp3 HTTP/1.1" 200 6635533 "-" "NSPlayer/11.0.5721.5275 WMFSDK/11.0"
123.6.37.110 - - [18/May/2012:09:12:13 +0800] "GET /music/moved200909/20090914.mp3 HTTP/1.1" 200 6635533 "-" "Mozilla/4.0 (compatible; MSIE 5.00; Windows 98)"
123.156.64.79 - - [18/May/2012:09:13:07 +0800] "GET /music/moved200909/20090921.mp3 HTTP/1.1" 200 4828683 "-" "Mozilla/4.0 (compatible; MSIE 5.00; Windows 98)"
123.149.92.4 - - [18/May/2012:09:17:19 +0800] "GET /music/moved200909/20090916.mp3 HTTP/1.1" 200 6705864 "http://download.jptranslate.com/" "Mozilla/4.0 (Windows; U; Windows NT 5.1; zh-TW; rv:1.9.0.11)"
123.149.92.4 - - [18/May/2012:09:17:20 +0800] "GET /music/moved200909/20090916.mp3 HTTP/1.1" 206 152264 "http://download.jptranslate.com/" "Mozilla/4.0 (Windows; U; Windows NT 5.1; zh-TW; rv:1.9.0.11)"
123.149.92.4 - - [18/May/2012:09:17:21 +0800] "GET /music/moved200909/20090916.mp3 HTTP/1.1" 206 86728 "http://download.jptranslate.com/" "Mozilla/4.0 (Windows; U; Windows NT 5.1; zh-TW; rv:1.9.0.11)"
123.149.92.4 - - [18/May/2012:09:17:22 +0800] "GET /music/moved200909/20090916.mp3 HTTP/1.1" 206 21192 "http://download.jptranslate.com/" "Mozilla/4.0 (Windows; U; Windows NT 5.1; zh-TW; rv:1.9.0.11)"
220.181.51.157 - - [18/May/2012:09:17:41 +0800] "GET /music/moved200909/20090911.mp3 HTTP/1.0" 200 6916096 "-" "NSPlayer/10.0.0.4072 WMFSDK/10.0"
38.107.179.234 - - [18/May/2012:09:17:35 +0800] "GET /2008-07/%c8%d5%d3%ef%d1%a7%cf%b0%a3%a81%a3%ad4%bc%ad%ba%cf%b6%a9%b1%be%a3%a9%b5%da%d2%bb%bc%ad.rar HTTP/1.1" 200 3119104 "-" "CCBot/1.0 (+http://www.commoncrawl.org/bot.html)"
123.149.92.4 - - [18/May/2012:09:17:23 +0800] "GET /music/moved200909/20090916.mp3 HTTP/1.1" 206 6640328 "http://download.jptranslate.com/" "Mozilla/4.0 (Windows; U; Windows NT 5.1; zh-TW; rv:1.9.0.11)"
38.107.179.230 - - [18/May/2012:09:20:58 +0800] "GET /2008-07/%c8%d5%d3%ef%d2%bb%b5%e4%cd%a84.0.rar HTTP/1.1" 200 13871104 "-" "CCBot/1.0 (+http://www.commoncrawl.org/bot.html)"
61.52.61.211 - - [18/May/2012:09:21:15 +0800] "GET /music/moved200909/20090921.mp3 HTTP/1.1" 200 4828683 "-" "Mozilla/4.0 (compatible; MSIE 5.00; Windows 98)"
38.107.179.231 - - [18/May/2012:09:21:58 +0800] "GET /2008-07/%c8%d5%d3%ef%d2%bb%b5%e4%cd%a84.0.rar.1 HTTP/1.1" 200 92907055 "-" "CCBot/1.0 (+http://www.commoncrawl.org/bot.html)"
103.2.208.13 - - [18/May/2012:09:22:20 +0800] "GET /music/moved200909/20090918.mp3 HTTP/1.0" 200 6246400 "http://box.baidu.com/widget/flash/bdspacesong.swf?&url=&name=%E4%B8%96%E7%95%8C%E6%AD%A2%E3%82%81%E3%81%A6&artist=%E7%AB%B9%E4%BA%95%E8%AF%97%E7%BB%87%E9%87%8C&extra=&autoPlay=true&loop=true" "Mozilla/5.0 (Windows NT 5.1) AppleWebKit/535.12 (KHTML, like Gecko) Maxthon/3.3.7.2000 Chrome/18.0.966.0 Safari/535.12"
202.127.23.203 - - [18/May/2012:09:22:20 +0800] "GET /music/moved200909/20090918.mp3 HTTP/1.1" 200 6246400 "http://box.baidu.com/widget/flash/bdspacesong.swf?&url=&name=%E4%B8%96%E7%95%8C%E6%AD%A2%E3%82%81%E3%81%A6&artist=%E7%AB%B9%E4%BA%95%E8%AF%97%E7%BB%87%E9%87%8C&extra=&autoPlay=true&loop=true" "Mozilla/5.0 (Windows NT 5.1) AppleWebKit/535.12 (KHTML, like Gecko) Maxthon/3.3.7.2000 Chrome/18.0.966.0 Safari/535.12"
38.107.179.232 - - [18/May/2012:09:22:56 +0800] "GET /2008-07/%c8%d5%d3%ef%d2%bb%bc%b6%b5%a5%b4%ca%b1%ed.pdf HTTP/1.1" 200 1154124 "-" "CCBot/1.0 (+http://www.commoncrawl.org/bot.html)"
202.127.23.203 - - [18/May/2012:09:23:20 +0800] "GET /music/moved200909/20090918.mp3 HTTP/1.1" 206 1 "http://box.baidu.com/widget/flash/bdspacesong.swf?&url=&name=%E4%B8%96%E7%95%8C%E6%AD%A2%E3%82%81%E3%81%A6&artist=%E7%AB%B9%E4%BA%95%E8%AF%97%E7%BB%87%E9%87%8C&extra=&autoPlay=true&loop=true" "Mozilla/5.0 (Windows NT 5.1) AppleWebKit/535.12 (KHTML, like Gecko) Maxthon/3.3.7.2000 Chrome/18.0.966.0 Safari/535.12"
202.127.23.203 - - [18/May/2012:09:23:20 +0800] "GET /music/moved200909/20090918.mp3 HTTP/1.1" 206 6206167 "http://box.baidu.com/widget/flash/bdspacesong.swf?&url=&name=%E4%B8%96%E7%95%8C%E6%AD%A2%E3%82%81%E3%81%A6&artist=%E7%AB%B9%E4%BA%95%E8%AF%97%E7%BB%87%E9%87%8C&extra=&autoPlay=true&loop=true" "Mozilla/5.0 (Windows NT 5.1) AppleWebKit/535.12 (KHTML, like Gecko) Maxthon/3.3.7.2000 Chrome/18.0.966.0 Safari/535.12"
59.60.23.160 - - [18/May/2012:09:23:53 +0800] "GET /music/moved200909/20090918.mp3 HTTP/1.1" 200 6246400 "-" "Mozilla/4.0 (compatible; MSIE 5.00; Windows 98)"
38.107.179.233 - - [18/May/2012:09:23:47 +0800] "GET /2008-07/%c8%d5%d3%ef%d3%ef%b7%a8%c4%d1%b5%e3%d6%b8%c4%cf.rar HTTP/1.1" 200 5174556 "-" "CCBot/1.0 (+http://www.commoncrawl.org/bot.html)"
118.121.106.96 - - [18/May/2012:09:25:26 +0800] "GET /music/moved200911/20091101.mp3 HTTP/1.1" 404 371 "-" "Mozilla/4.0 (compatible; MSIE 5.00; Windows 98)"
118.121.106.96 - - [18/May/2012:09:25:26 +0800] "GET /music/moved200911/20091101.mp3 HTTP/1.1" 404 371 "-" "Mozilla/4.0 (compatible; MSIE 5.00; Windows 98)"
118.121.106.96 - - [18/May/2012:09:25:27 +0800] "GET /music/moved200911/20091101.mp3 HTTP/1.1" 404 371 "-" "Mozilla/4.0 (compatible; MSIE 5.00; Windows 98)"
118.121.106.96 - - [18/May/2012:09:25:27 +0800] "GET /music/moved200911/20091101.mp3 HTTP/1.1" 404 371 "-" "Mozilla/4.0 (compatible; MSIE 5.00; Windows 98)"
123.125.71.26 - - [18/May/2012:09:26:01 +0800] "GET / HTTP/1.1" 200 1418 "-" "Mozilla/5.0 (compatible; Baiduspider/2.0; +http://www.baidu.com/search/spider.html)"
220.181.108.85 - - [18/May/2012:09:26:11 +0800] "GET / HTTP/1.1" 200 1418 "-" "Mozilla/5.0 (compatible; Baiduspider/2.0; +http://www.baidu.com/search/spider.html)"
66.249.66.40 - - [18/May/2012:09:28:00 +0800] "GET /robots.txt HTTP/1.1" 404 351 "-" "Mozilla/5.0 (compatible; Googlebot/2.1; +http://www.google.com/bot.html)"
66.249.72.44 - - [18/May/2012:09:28:01 +0800] "GET / HTTP/1.1" 200 1418 "-" "DoCoMo/2.0 N905i(c100;TB;W24H16) (compatible; Googlebot-Mobile/2.1; +http://www.google.com/bot.html)"
113.57.217.61 - - [18/May/2012:09:28:12 +0800] "GET /music/moved200909/20090921.mp3 HTTP/1.1" 200 4828683 "-" "Mozilla/4.0 (compatible; MSIE 5.00; Windows 98)"
124.236.1.118 - - [18/May/2012:09:30:12 +0800] "GET /music/moved200911/20091101.mp3 HTTP/1.1" 404 371 "-" "Mozilla/4.0 (compatible; MSIE 5.00; Windows 98)"
124.236.1.118 - - [18/May/2012:09:30:12 +0800] "GET /music/moved200911/20091101.mp3 HTTP/1.1" 404 371 "-" "Mozilla/4.0 (compatible; MSIE 5.00; Windows 98)"
124.236.1.118 - - [18/May/2012:09:30:13 +0800] "GET /music/moved200911/20091101.mp3 HTTP/1.1" 404 371 "-" "Mozilla/4.0 (compatible; MSIE 5.00; Windows 98)"
124.236.1.118 - - [18/May/2012:09:30:13 +0800] "GET /music/moved200911/20091101.mp3 HTTP/1.1" 404 371 "-" "Mozilla/4.0 (compatible; MSIE 5.00; Windows 98)"
38.107.179.234 - - [18/May/2012:09:30:01 +0800] "GET /2008-07/%c8%d5%d3%ef%d3%ef%b7%a8%c8%eb%c3%c5-%bb%a6%bd%ad%c8%d5%d3%ef.pdf HTTP/1.1" 200 5049296 "-" "CCBot/1.0 (+http://www.commoncrawl.org/bot.html)"
58.211.152.186 - - [18/May/2012:09:29:56 +0800] "GET /music/moved200909/20090925.mp3 HTTP/1.1" 200 4126639 "-" "Mozilla/4.0 (compatible; MSIE 5.00; Windows 98)"
121.14.98.63 - - [18/May/2012:09:32:59 +0800] "GET /jp200/11.mp3 HTTP/1.1" 206 2048 "http://download.jptranslate.com/jp200/11.mp3" "Mozilla/4.0 (compatible; MSIE 6.0; Windows NT 5.1; SV1)"
220.181.51.218 - - [18/May/2012:09:33:14 +0800] "GET /music/moved200909/20090930.mp3? HTTP/1.0" 200 4239744 "-" "NSPlayer/10.0.0.4072 WMFSDK/10.0"
38.107.179.230 - - [18/May/2012:09:33:13 +0800] "GET /2008-07/%c8%d5%d3%ef%d4%bd%cb%b5%d4%bd%b5%d8%b5%c0.rar HTTP/1.1" 200 94824617 "-" "CCBot/1.0 (+http://www.commoncrawl.org/bot.html)"
38.107.179.231 - - [18/May/2012:09:34:17 +0800] "GET /2008-07/%c8%d5%d3%ef%d6%d0%bc%b6%cc%fd%c1%a6.rar HTTP/1.1" 200 24815341 "-" "CCBot/1.0 (+http://www.commoncrawl.org/bot.html)"
119.113.150.156 - - [18/May/2012:09:34:42 +0800] "GET /music/moved200909/20090921.mp3 HTTP/1.1" 200 4828683 "-" "Mozilla/4.0 (compatible; MSIE 5.00; Windows 98)"
38.107.179.232 - - [18/May/2012:09:35:19 +0800] "GET /2008-07/%c8%d5%d3%ef%d7%ee%b8%c3%d5%c6%ce%d5%b5%c4%be%e4%d0%cd840%b8%f6.rar HTTP/1.1" 200 189534884 "-" "CCBot/1.0 (+http://www.commoncrawl.org/bot.html)"
120.4.243.1 - - [18/May/2012:09:36:04 +0800] "GET /favicon.ico HTTP/1.1" 404 352 "-" "Mozilla/4.0 (compatible; MSIE 8.0; Windows NT 5.1; Trident/4.0; SV1; QQDownload 691; .NET CLR 2.0.50727; 360SE)"
120.4.243.1 - - [18/May/2012:09:36:04 +0800] "GET /music/moved200909/20090918.mp3 HTTP/1.1" 503 466 "http://box.zhangmen.baidu.com/m?word=mp3,,,[%CA%C0%BD%E7%D6%B9%A4%E1%A4%C6+%D6%F1%BE%AE%CA%AB%D6%AF%C0%EF]&cat=0&ct=134217728&tn=baidusg,%CA%C0%BD%E7%D6%B9%A4%E1%A4%C6++&si=%CA%C0%BD%E7%D6%B9%A4%E1%A4%C6;;%D6%F1%BE%AE%CA%AB%D6%AF%C0%EF;;0;;0&lm=-1&sgid=1&size=5242880&attr=0,0&titlekey=2423577999,3148046155" "Mozilla/4.0 (compatible; MSIE 8.0; Windows NT 5.1; Trident/4.0; SV1; QQDownload 691; .NET CLR 2.0.50727)"
120.4.243.1 - - [18/May/2012:09:36:04 +0800] "GET /music/moved200909/20090918.mp3 HTTP/1.1" 503 466 "http://box.zhangmen.baidu.com/m?word=mp3,,,[%CA%C0%BD%E7%D6%B9%A4%E1%A4%C6+%D6%F1%BE%AE%CA%AB%D6%AF%C0%EF]&cat=0&ct=134217728&tn=baidusg,%CA%C0%BD%E7%D6%B9%A4%E1%A4%C6++&si=%CA%C0%BD%E7%D6%B9%A4%E1%A4%C6;;%D6%F1%BE%AE%CA%AB%D6%AF%C0%EF;;0;;0&lm=-1&sgid=1&size=5242880&attr=0,0&titlekey=2423577999,3148046155" "Mozilla/4.0 (compatible; MSIE 8.0; Windows NT 5.1; Trident/4.0; SV1; QQDownload 691; .NET CLR 2.0.50727)"
120.4.243.1 - - [18/May/2012:09:36:04 +0800] "GET /music/moved200909/20090918.mp3 HTTP/1.1" 200 6246400 "http://box.zhangmen.baidu.com/m?word=mp3,,,[%CA%C0%BD%E7%D6%B9%A4%E1%A4%C6+%D6%F1%BE%AE%CA%AB%D6%AF%C0%EF]&cat=0&ct=134217728&tn=baidusg,%CA%C0%BD%E7%D6%B9%A4%E1%A4%C6++&si=%CA%C0%BD%E7%D6%B9%A4%E1%A4%C6;;%D6%F1%BE%AE%CA%AB%D6%AF%C0%EF;;0;;0&lm=-1&sgid=1&size=5242880&attr=0,0&titlekey=2423577999,3148046155" "Mozilla/4.0 (compatible; MSIE 8.0; Windows NT 5.1; Trident/4.0; SV1; QQDownload 691; .NET CLR 2.0.50727)"
120.4.243.1 - - [18/May/2012:09:35:40 +0800] "GET /music/moved200909/20090918.mp3 HTTP/1.1" 200 6246400 "-" "NSPlayer/11.0.5721.5265 WMFSDK/11.0"
120.4.243.1 - - [18/May/2012:09:36:07 +0800] "GET /favicon.ico HTTP/1.1" 404 352 "-" "360se"
120.4.243.1 - - [18/May/2012:09:36:15 +0800] "GET /music/moved200909/20090918.mp3 HTTP/1.1" 503 466 "http://box.zhangmen.baidu.com/m?word=mp3,,,[%CA%C0%BD%E7%D6%B9%A4%E1%A4%C6+%D6%F1%BE%AE%CA%AB%D6%AF%C0%EF]&cat=0&ct=134217728&tn=baidusg,%CA%C0%BD%E7%D6%B9%A4%E1%A4%C6++&si=%CA%C0%BD%E7%D6%B9%A4%E1%A4%C6;;%D6%F1%BE%AE%CA%AB%D6%AF%C0%EF;;0;;0&lm=-1&sgid=1&size=5242880&attr=0,0&titlekey=2423577999,3148046155" "Mozilla/4.0 (compatible; MSIE 8.0; Windows NT 5.1; Trident/4.0; SV1; QQDownload 691; .NET CLR 2.0.50727)"
120.4.243.1 - - [18/May/2012:09:36:25 +0800] "GET /music/moved200909/20090918.mp3 HTTP/1.1" 503 466 "http://box.zhangmen.baidu.com/m?word=mp3,,,[%CA%C0%BD%E7%D6%B9%A4%E1%A4%C6+%D6%F1%BE%AE%CA%AB%D6%AF%C0%EF]&cat=0&ct=134217728&tn=baidusg,%CA%C0%BD%E7%D6%B9%A4%E1%A4%C6++&si=%CA%C0%BD%E7%D6%B9%A4%E1%A4%C6;;%D6%F1%BE%AE%CA%AB%D6%AF%C0%EF;;0;;0&lm=-1&sgid=1&size=5242880&attr=0,0&titlekey=2423577999,3148046155" "Mozilla/4.0 (compatible; MSIE 8.0; Windows NT 5.1; Trident/4.0; SV1; QQDownload 691; .NET CLR 2.0.50727)"
120.4.243.1 - - [18/May/2012:09:36:04 +0800] "GET /music/moved200909/20090918.mp3 HTTP/1.1" 200 6246400 "http://box.zhangmen.baidu.com/m?word=mp3,,,[%CA%C0%BD%E7%D6%B9%A4%E1%A4%C6+%D6%F1%BE%AE%CA%AB%D6%AF%C0%EF]&cat=0&ct=134217728&tn=baidusg,%CA%C0%BD%E7%D6%B9%A4%E1%A4%C6++&si=%CA%C0%BD%E7%D6%B9%A4%E1%A4%C6;;%D6%F1%BE%AE%CA%AB%D6%AF%C0%EF;;0;;0&lm=-1&sgid=1&size=5242880&attr=0,0&titlekey=2423577999,3148046155" "Mozilla/4.0 (compatible; MSIE 8.0; Windows NT 5.1; Trident/4.0; SV1; QQDownload 691; .NET CLR 2.0.50727)"
120.4.243.1 - - [18/May/2012:09:36:04 +0800] "GET /music/moved200909/20090918.mp3 HTTP/1.1" 206 3117056 "http://box.zhangmen.baidu.com/m?word=mp3,,,[%CA%C0%BD%E7%D6%B9%A4%E1%A4%C6+%D6%F1%BE%AE%CA%AB%D6%AF%C0%EF]&cat=0&ct=134217728&tn=baidusg,%CA%C0%BD%E7%D6%B9%A4%E1%A4%C6++&si=%CA%C0%BD%E7%D6%B9%A4%E1%A4%C6;;%D6%F1%BE%AE%CA%AB%D6%AF%C0%EF;;0;;0&lm=-1&sgid=1&size=5242880&attr=0,0&titlekey=2423577999,3148046155" "Mozilla/4.0 (compatible; MSIE 8.0; Windows NT 5.1; Trident/4.0; SV1; QQDownload 691; .NET CLR 2.0.50727)"
120.4.243.1 - - [18/May/2012:09:36:35 +0800] "GET /music/moved200909/20090918.mp3 HTTP/1.1" 503 466 "http://box.zhangmen.baidu.com/m?word=mp3,,,[%CA%C0%BD%E7%D6%B9%A4%E1%A4%C6+%D6%F1%BE%AE%CA%AB%D6%AF%C0%EF]&cat=0&ct=134217728&tn=baidusg,%CA%C0%BD%E7%D6%B9%A4%E1%A4%C6++&si=%CA%C0%BD%E7%D6%B9%A4%E1%A4%C6;;%D6%F1%BE%AE%CA%AB%D6%AF%C0%EF;;0;;0&lm=-1&sgid=1&size=5242880&attr=0,0&titlekey=2423577999,3148046155" "Mozilla/4.0 (compatible; MSIE 8.0; Windows NT 5.1; Trident/4.0; SV1; QQDownload 691; .NET CLR 2.0.50727)"
120.4.243.1 - - [18/May/2012:09:36:35 +0800] "GET /music/moved200909/20090918.mp3 HTTP/1.1" 206 3723264 "http://box.zhangmen.baidu.com/m?word=mp3,,,[%CA%C0%BD%E7%D6%B9%A4%E1%A4%C6+%D6%F1%BE%AE%CA%AB%D6%AF%C0%EF]&cat=0&ct=134217728&tn=baidusg,%CA%C0%BD%E7%D6%B9%A4%E1%A4%C6++&si=%CA%C0%BD%E7%D6%B9%A4%E1%A4%C6;;%D6%F1%BE%AE%CA%AB%D6%AF%C0%EF;;0;;0&lm=-1&sgid=1&size=5242880&attr=0,0&titlekey=2423577999,3148046155" "Mozilla/4.0 (compatible; MSIE 8.0; Windows NT 5.1; Trident/4.0; SV1; QQDownload 691; .NET CLR 2.0.50727)"
120.4.243.1 - - [18/May/2012:09:36:03 +0800] "GET /music/moved200909/20090918.mp3 HTTP/1.1" 200 6246400 "http://box.zhangmen.baidu.com/m?word=mp3,,,[%CA%C0%BD%E7%D6%B9%A4%E1%A4%C6+%D6%F1%BE%AE%CA%AB%D6%AF%C0%EF]&cat=0&ct=134217728&tn=baidusg,%CA%C0%BD%E7%D6%B9%A4%E1%A4%C6++&si=%CA%C0%BD%E7%D6%B9%A4%E1%A4%C6;;%D6%F1%BE%AE%CA%AB%D6%AF%C0%EF;;0;;0&lm=-1&sgid=1&size=5242880&attr=0,0&titlekey=2423577999,3148046155" "Mozilla/4.0 (compatible; MSIE 8.0; Windows NT 5.1; Trident/4.0; SV1; QQDownload 691; .NET CLR 2.0.50727)"
120.4.243.1 - - [18/May/2012:09:36:15 +0800] "GET /music/moved200909/20090918.mp3 HTTP/1.1" 206 4689920 "http://box.zhangmen.baidu.com/m?word=mp3,,,[%CA%C0%BD%E7%D6%B9%A4%E1%A4%C6+%D6%F1%BE%AE%CA%AB%D6%AF%C0%EF]&cat=0&ct=134217728&tn=baidusg,%CA%C0%BD%E7%D6%B9%A4%E1%A4%C6++&si=%CA%C0%BD%E7%D6%B9%A4%E1%A4%C6;;%D6%F1%BE%AE%CA%AB%D6%AF%C0%EF;;0;;0&lm=-1&sgid=1&size=5242880&attr=0,0&titlekey=2423577999,3148046155" "Mozilla/4.0 (compatible; MSIE 8.0; Windows NT 5.1; Trident/4.0; SV1; QQDownload 691; .NET CLR 2.0.50727)"
120.4.243.1 - - [18/May/2012:09:36:35 +0800] "GET /music/moved200909/20090918.mp3 HTTP/1.1" 206 3428352 "http://box.zhangmen.baidu.com/m?word=mp3,,,[%CA%C0%BD%E7%D6%B9%A4%E1%A4%C6+%D6%F1%BE%AE%CA%AB%D6%AF%C0%EF]&cat=0&ct=134217728&tn=baidusg,%CA%C0%BD%E7%D6%B9%A4%E1%A4%C6++&si=%CA%C0%BD%E7%D6%B9%A4%E1%A4%C6;;%D6%F1%BE%AE%CA%AB%D6%AF%C0%EF;;0;;0&lm=-1&sgid=1&size=5242880&attr=0,0&titlekey=2423577999,3148046155" "Mozilla/4.0 (compatible; MSIE 8.0; Windows NT 5.1; Trident/4.0; SV1; QQDownload 691; .NET CLR 2.0.50727)"
120.4.243.1 - - [18/May/2012:09:36:15 +0800] "GET /music/moved200909/20090918.mp3 HTTP/1.1" 206 1560576 "http://box.zhangmen.baidu.com/m?word=mp3,,,[%CA%C0%BD%E7%D6%B9%A4%E1%A4%C6+%D6%F1%BE%AE%CA%AB%D6%AF%C0%EF]&cat=0&ct=134217728&tn=baidusg,%CA%C0%BD%E7%D6%B9%A4%E1%A4%C6++&si=%CA%C0%BD%E7%D6%B9%A4%E1%A4%C6;;%D6%F1%BE%AE%CA%AB%D6%AF%C0%EF;;0;;0&lm=-1&sgid=1&size=5242880&attr=0,0&titlekey=2423577999,3148046155" "Mozilla/4.0 (compatible; MSIE 8.0; Windows NT 5.1; Trident/4.0; SV1; QQDownload 691; .NET CLR 2.0.50727)"
61.135.190.86 - - [18/May/2012:09:36:50 +0800] "GET /music/moved200909/20090930.mp3? HTTP/1.0" 200 4239744 "-" "NSPlayer/10.0.0.4072 WMFSDK/10.0"
38.107.179.233 - - [18/May/2012:09:36:19 +0800] "GET /2008-07/%c8%d5%d3%ef%d7%f7%ce%c4%bd%cc%b3%cc.rar HTTP/1.1" 200 1551368 "-" "CCBot/1.0 (+http://www.commoncrawl.org/bot.html)"
38.107.179.234 - - [18/May/2012:09:40:33 +0800] "GET /2008-07/%c8%d5%d3%ef100%d0%a1%ca%b1%cb%d9%b3%c9.rar HTTP/1.1" 200 5446678 "-" "CCBot/1.0 (+http://www.commoncrawl.org/bot.html)"
38.107.179.230 - - [18/May/2012:09:41:33 +0800] "GET /2008-07/%c8%d5%d3%ef1000%be%e4.rar HTTP/1.1" 200 3370713 "-" "CCBot/1.0 (+http://www.commoncrawl.org/bot.html)"
61.144.55.12 - - [18/May/2012:09:42:37 +0800] "GET /favicon.ico HTTP/1.1" 404 352 "-" "Mozilla/4.0 (compatible; MSIE 7.0; Windows NT 5.1; Trident/4.0; .NET CLR 2.0.50727; 360space)"
123.125.67.242 - - [18/May/2012:09:42:39 +0800] "GET /speaker_wv.swf HTTP/1.0" 200 2904 "-" "Mozilla/4.0 (compatible; MSIE 6.0; Windows NT 5.1; SV1)"
222.211.17.187 - - [18/May/2012:09:42:06 +0800] "GET /music/moved200909/20090914.mp3 HTTP/1.1" 200 6635533 "-" "Mozilla/4.0 (compatible; MSIE 5.00; Windows 98)"
114.84.241.161 - - [18/May/2012:09:43:18 +0800] "GET /music/moved200909/20090916.mp3 HTTP/1.1" 206 25 "download.jptranslate.com/music/moved200909" "Mozilla/5.0 (iPhone; U; CPU iPhone OS 3_0 like Mac OS X; en-us) AppleWebKit/525.181 (KHTML, like Gecko) Version/3.1.1 Mobile/5H11 Safari/525.20"
114.84.241.161 - - [18/May/2012:09:43:19 +0800] "GET /music/moved200909/20090916.mp3 HTTP/1.1" 206 1048577 "download.jptranslate.com/music/moved200909" "Mozilla/5.0 (iPhone; U; CPU iPhone OS 3_0 like Mac OS X; en-us) AppleWebKit/525.181 (KHTML, like Gecko) Version/3.1.1 Mobile/5H11 Safari/525.20"
114.84.241.161 - - [18/May/2012:09:43:29 +0800] "GET /music/moved200909/20090916.mp3 HTTP/1.1" 206 1048577 "download.jptranslate.com/music/moved200909" "Mozilla/5.0 (iPhone; U; CPU iPhone OS 3_0 like Mac OS X; en-us) AppleWebKit/525.181 (KHTML, like Gecko) Version/3.1.1 Mobile/5H11 Safari/525.20"
114.84.241.161 - - [18/May/2012:09:43:38 +0800] "GET /music/moved200909/20090916.mp3 HTTP/1.1" 206 1048577 "download.jptranslate.com/music/moved200909" "Mozilla/5.0 (iPhone; U; CPU iPhone OS 3_0 like Mac OS X; en-us) AppleWebKit/525.181 (KHTML, like Gecko) Version/3.1.1 Mobile/5H11 Safari/525.20"
114.84.241.161 - - [18/May/2012:09:43:47 +0800] "GET /music/moved200909/20090916.mp3 HTTP/1.1" 206 1048577 "download.jptranslate.com/music/moved200909" "Mozilla/5.0 (iPhone; U; CPU iPhone OS 3_0 like Mac OS X; en-us) AppleWebKit/525.181 (KHTML, like Gecko) Version/3.1.1 Mobile/5H11 Safari/525.20"
114.84.241.161 - - [18/May/2012:09:43:56 +0800] "GET /music/moved200909/20090916.mp3 HTTP/1.1" 206 1048577 "download.jptranslate.com/music/moved200909" "Mozilla/5.0 (iPhone; U; CPU iPhone OS 3_0 like Mac OS X; en-us) AppleWebKit/525.181 (KHTML, like Gecko) Version/3.1.1 Mobile/5H11 Safari/525.20"
114.84.241.161 - - [18/May/2012:09:44:05 +0800] "GET /music/moved200909/20090916.mp3 HTTP/1.1" 206 1048577 "download.jptranslate.com/music/moved200909" "Mozilla/5.0 (iPhone; U; CPU iPhone OS 3_0 like Mac OS X; en-us) AppleWebKit/525.181 (KHTML, like Gecko) Version/3.1.1 Mobile/5H11 Safari/525.20"
114.84.241.161 - - [18/May/2012:09:44:14 +0800] "GET /music/moved200909/20090916.mp3 HTTP/1.1" 206 414377 "download.jptranslate.com/music/moved200909" "Mozilla/5.0 (iPhone; U; CPU iPhone OS 3_0 like Mac OS X; en-us) AppleWebKit/525.181 (KHTML, like Gecko) Version/3.1.1 Mobile/5H11 Safari/525.20"
38.107.179.231 - - [18/May/2012:09:44:51 +0800] "GET /2008-07/%c8%d5%d3%ef2000%d7%d610%d0%a1%ca%b1%cb%d9%b3%c9.rar HTTP/1.1" 200 140949819 "-" "CCBot/1.0 (+http://www.commoncrawl.org/bot.html)"
183.92.4.169 - - [18/May/2012:09:44:47 +0800] "GET /music/moved200909/20090909.mp3 HTTP/1.1" 200 4650675 "-" "Mozilla/4.0 (compatible; MSIE 5.00; Windows 98)"
114.84.241.161 - - [18/May/2012:09:42:47 +0800] "GET /music/moved200909/20090916.mp3 HTTP/1.1" 200 6705864 "download.jptranslate.com" "QQMusicPad/2.4.08 CFNetwork/548.1.4 Darwin/11.0.0"
38.107.179.232 - - [18/May/2012:09:46:56 +0800] "GET /2008-07/%c8%d5%d3%ef900%be%e4.chm HTTP/1.1" 200 595704 "-" "CCBot/1.0 (+http://www.commoncrawl.org/bot.html)"
220.181.51.155 - - [18/May/2012:09:47:49 +0800] "GET /music/moved200909/20090911.mp3 HTTP/1.0" 200 6916096 "-" "NSPlayer/10.0.0.4072 WMFSDK/10.0"
38.107.179.233 - - [18/May/2012:09:47:32 +0800] "GET /2008-07/%c8%ed%bc%fe%b9%a4%b3%cc%ca%a6%c8%d5%d3%ef.rar HTTP/1.1" 200 26182563 "-" "CCBot/1.0 (+http://www.commoncrawl.org/bot.html)"
1.85.17.130 - - [18/May/2012:09:49:42 +0800] "GET /2008-07/\xb1\xea\xd7\xbc\xc8\xd5\xb1\xbe\xd3\xef\xd6\xd0\xbc\xb609-10.rmvb HTTP/1.1" 206 21379237 "http://download.jptranslate.com/2008-07/" "Mozilla/4.0 (compatible; MSIE 6.0; Windows NT 5.1; .NET CLR 2.0.50727; .NET CLR 3.0.04506.648; .NET CLR 3.5.21022; InfoPath.3; .NET CLR 3.0.4506.2152; .NET CLR 3.5.30729)"
1.85.17.130 - - [18/May/2012:09:50:05 +0800] "GET /2008-07/\xb1\xea\xd7\xbc\xc8\xd5\xb1\xbe\xd3\xef\xd6\xd0\xbc\xb609-10.rmvb HTTP/1.1" 206 21353332 "http://download.jptranslate.com/2008-07/" "Mozilla/4.0 (compatible; MSIE 6.0; Windows NT 5.1; .NET CLR 2.0.50727; .NET CLR 3.0.04506.648; .NET CLR 3.5.21022; InfoPath.3; .NET CLR 3.0.4506.2152; .NET CLR 3.5.30729)"
1.85.17.130 - - [18/May/2012:09:50:14 +0800] "GET /2008-07/\xb1\xea\xd7\xbc\xc8\xd5\xb1\xbe\xd3\xef\xd6\xd0\xbc\xb609-10.rmvb HTTP/1.1" 503 466 "http://download.jptranslate.com/2008-07/" "Mozilla/4.0 (compatible; MSIE 6.0; Windows NT 5.1; .NET CLR 2.0.50727; .NET CLR 3.0.04506.648; .NET CLR 3.5.21022; InfoPath.3; .NET CLR 3.0.4506.2152; .NET CLR 3.5.30729)"
1.85.17.130 - - [18/May/2012:09:50:14 +0800] "GET /2008-07/\xb1\xea\xd7\xbc\xc8\xd5\xb1\xbe\xd3\xef\xd6\xd0\xbc\xb609-10.rmvb HTTP/1.1" 503 466 "http://download.jptranslate.com/2008-07/" "Mozilla/4.0 (compatible; MSIE 6.0; Windows NT 5.1; .NET CLR 2.0.50727; .NET CLR 3.0.04506.648; .NET CLR 3.5.21022; InfoPath.3; .NET CLR 3.0.4506.2152; .NET CLR 3.5.30729)"
1.85.17.130 - - [18/May/2012:09:50:14 +0800] "GET /2008-07/\xb1\xea\xd7\xbc\xc8\xd5\xb1\xbe\xd3\xef\xd6\xd0\xbc\xb609-10.rmvb HTTP/1.1" 206 34349900 "http://download.jptranslate.com/2008-07/" "Mozilla/4.0 (compatible; MSIE 6.0; Windows NT 5.1; .NET CLR 2.0.50727; .NET CLR 3.0.04506.648; .NET CLR 3.5.21022; InfoPath.3; .NET CLR 3.0.4506.2152; .NET CLR 3.5.30729)"
1.85.17.130 - - [18/May/2012:09:50:16 +0800] "GET /2008-07/%E6%A0%87%E5%87%86%E6%97%A5%E6%9C%AC%E8%AF%AD%E4%B8%AD%E7%BA%A709-10.rmvb HTTP/1.1" 404 380 "http://download.jptranslate.com/2008-07/" "Mozilla/4.0 (compatible; MSIE 6.0; Windows NT 5.1; .NET CLR 2.0.50727; .NET CLR 3.0.04506.648; .NET CLR 3.5.21022; InfoPath.3; .NET CLR 3.0.4506.2152; .NET CLR 3.5.30729)"
1.85.17.130 - - [18/May/2012:09:50:16 +0800] "GET /2008-07/%E6%A0%87%E5%87%86%E6%97%A5%E6%9C%AC%E8%AF%AD%E4%B8%AD%E7%BA%A709-10.rmvb HTTP/1.1" 503 466 "http://download.jptranslate.com/2008-07/" "Mozilla/4.0 (compatible; MSIE 6.0; Windows NT 5.1; .NET CLR 2.0.50727; .NET CLR 3.0.04506.648; .NET CLR 3.5.21022; InfoPath.3; .NET CLR 3.0.4506.2152; .NET CLR 3.5.30729)"
1.85.17.130 - - [18/May/2012:09:50:11 +0800] "GET /2008-07/\xb1\xea\xd7\xbc\xc8\xd5\xb1\xbe\xd3\xef\xd6\xd0\xbc\xb609-10.rmvb HTTP/1.1" 206 31340709 "http://download.jptranslate.com/2008-07/" "Mozilla/4.0 (compatible; MSIE 6.0; Windows NT 5.1; .NET CLR 2.0.50727; .NET CLR 3.0.04506.648; .NET CLR 3.5.21022; InfoPath.3; .NET CLR 3.0.4506.2152; .NET CLR 3.5.30729)"
1.85.17.130 - - [18/May/2012:09:49:50 +0800] "GET /2008-07/\xb1\xea\xd7\xbc\xc8\xd5\xb1\xbe\xd3\xef\xd6\xd0\xbc\xb609-10.rmvb HTTP/1.1" 206 18495653 "http://download.jptranslate.com/2008-07/" "Mozilla/4.0 (compatible; MSIE 6.0; Windows NT 5.1; .NET CLR 2.0.50727; .NET CLR 3.0.04506.648; .NET CLR 3.5.21022; InfoPath.3; .NET CLR 3.0.4506.2152; .NET CLR 3.5.30729)"
1.85.17.130 - - [18/May/2012:09:49:55 +0800] "GET /2008-07/\xb1\xea\xd7\xbc\xc8\xd5\xb1\xbe\xd3\xef\xd6\xd0\xbc\xb609-10.rmvb HTTP/1.1" 206 31602853 "http://download.jptranslate.com/2008-07/" "Mozilla/4.0 (compatible; MSIE 6.0; Windows NT 5.1; .NET CLR 2.0.50727; .NET CLR 3.0.04506.648; .NET CLR 3.5.21022; InfoPath.3; .NET CLR 3.0.4506.2152; .NET CLR 3.5.30729)"
120.195.54.40 - - [18/May/2012:09:50:08 +0800] "GET /music/moved200909/20090925.mp3 HTTP/1.1" 200 4126639 "http://m386.mail.qq.com/zh_CN/htmledition/swf/audioplayer.swf?rand=0.8586260435604424" "Mozilla/4.0 (compatible; MSIE 7.0; Windows NT 6.1; WOW64; Trident/4.0; SLCC2; .NET CLR 2.0.50727; .NET CLR 3.5.30729; .NET CLR 3.0.30729; MAAU; .NET4.0C; .NET4.0E; Media Center PC 6.0; SE 2.X MetaSr 1.0)"
120.4.243.1 - - [18/May/2012:09:50:16 +0800] "GET /music/moved200909/20090918.mp3 HTTP/1.1" 206 6243831 "-" "NSPlayer/11.0.5721.5265 WMFSDK/11.0"
221.232.99.27 - - [18/May/2012:09:51:37 +0800] "GET /music/moved200909/20090909.mp3 HTTP/1.1" 200 4650675 "-" "Mozilla/4.0 (compatible; MSIE 5.00; Windows 98)"
27.22.85.75 - - [18/May/2012:09:51:58 +0800] "GET /music/moved200909/20090921.mp3 HTTP/1.1" 200 4828683 "-" "Mozilla/4.0 (compatible; MSIE 5.00; Windows 98)"
1.85.17.130 - - [18/May/2012:09:49:43 +0800] "GET /2008-07/\xb1\xea\xd7\xbc\xc8\xd5\xb1\xbe\xd3\xef\xd6\xd0\xbc\xb609-10.rmvb HTTP/1.1" 206 34355365 "http://download.jptranslate.com/2008-07/" "Mozilla/4.0 (compatible; MSIE 6.0; Windows NT 5.1; .NET CLR 2.0.50727; .NET CLR 3.0.04506.648; .NET CLR 3.5.21022; InfoPath.3; .NET CLR 3.0.4506.2152; .NET CLR 3.5.30729)"
1.85.17.130 - - [18/May/2012:09:54:46 +0800] "GET /2008-07/\xb1\xea\xd7\xbc\xc8\xd5\xb1\xbe\xd3\xef\xd6\xd0\xbc\xb609-10.rmvb HTTP/1.1" 206 40908965 "http://download.jptranslate.com/2008-07/" "Mozilla/4.0 (compatible; MSIE 6.0; Windows NT 5.1; .NET CLR 2.0.50727; .NET CLR 3.0.04506.648; .NET CLR 3.5.21022; InfoPath.3; .NET CLR 3.0.4506.2152; .NET CLR 3.5.30729)"
220.181.108.172 - - [18/May/2012:09:55:13 +0800] "GET /2008-07/?C=S;O=D HTTP/1.1" 200 40344 "-" "Mozilla/5.0 (compatible; Baiduspider/2.0; +http://www.baidu.com/search/spider.html)"
38.107.179.234 - - [18/May/2012:09:55:55 +0800] "GET /2008-07/%c8%fd%c3%eb%d6%d3%c4%dc%d1%a7%bb%e1%b5%c4%c8%d5%ce%c4%b5%a5%d7%d6.rar HTTP/1.1" 200 139435091 "-" "CCBot/1.0 (+http://www.commoncrawl.org/bot.html)"
1.85.17.130 - - [18/May/2012:09:57:13 +0800] "GET /2008-07/\xb1\xea\xd7\xbc\xc8\xd5\xb1\xbe\xd3\xef\xd6\xd0\xbc\xb609-10.rmvb HTTP/1.1" 206 31209637 "http://download.jptranslate.com/2008-07/" "Mozilla/4.0 (compatible; MSIE 6.0; Windows NT 5.1; .NET CLR 2.0.50727; .NET CLR 3.0.04506.648; .NET CLR 3.5.21022; InfoPath.3; .NET CLR 3.0.4506.2152; .NET CLR 3.5.30729)"
38.107.179.230 - - [18/May/2012:09:57:24 +0800] "GET /2008-07/%ca%b5%d3%c3%c8%d5%d3%ef%bf%da%d3%ef%be%e4%b5%e4.rar HTTP/1.1" 200 94144465 "-" "CCBot/1.0 (+http://www.commoncrawl.org/bot.html)"
1.85.17.130 - - [18/May/2012:09:57:57 +0800] "GET /2008-07/\xb1\xea\xd7\xbc\xc8\xd5\xb1\xbe\xd3\xef\xd6\xd0\xbc\xb609-10.rmvb HTTP/1.1" 206 29374629 "http://download.jptranslate.com/2008-07/" "Mozilla/4.0 (compatible; MSIE 6.0; Windows NT 5.1; .NET CLR 2.0.50727; .NET CLR 3.0.04506.648; .NET CLR 3.5.21022; InfoPath.3; .NET CLR 3.0.4506.2152; .NET CLR 3.5.30729)"
38.107.179.231 - - [18/May/2012:09:58:54 +0800] "GET /2008-07/%ca%b5%d3%c3%c8%d5%d3%ef%cc%fd%c1%a6%d3%eb%bb%e1%bb%b0.rar HTTP/1.1" 200 3980363 "-" "CCBot/1.0 (+http://www.commoncrawl.org/bot.html)"
1.85.17.130 - - [18/May/2012:09:55:09 +0800] "GET /2008-07/\xb1\xea\xd7\xbc\xc8\xd5\xb1\xbe\xd3\xef\xd6\xd0\xbc\xb609-10.rmvb HTTP/1.1" 206 40908965 "http://download.jptranslate.com/2008-07/" "Mozilla/4.0 (compatible; MSIE 6.0; Windows NT 5.1; .NET CLR 2.0.50727; .NET CLR 3.0.04506.648; .NET CLR 3.5.21022; InfoPath.3; .NET CLR 3.0.4506.2152; .NET CLR 3.5.30729)"
59.50.181.192 - - [18/May/2012:09:59:34 +0800] "GET /music/moved200909/20090918.mp3 HTTP/1.1" 200 6246400 "-" "NSPlayer/11.0.5721.5275 WMFSDK/11.0"
1.85.17.130 - - [18/May/2012:10:00:06 +0800] "GET /2008-07/\xb1\xea\xd7\xbc\xc8\xd5\xb1\xbe\xd3\xef\xd6\xd0\xbc\xb609-10.rmvb HTTP/1.1" 206 29636773 "http://download.jptranslate.com/2008-07/" "Mozilla/4.0 (compatible; MSIE 6.0; Windows NT 5.1; .NET CLR 2.0.50727; .NET CLR 3.0.04506.648; .NET CLR 3.5.21022; InfoPath.3; .NET CLR 3.0.4506.2152; .NET CLR 3.5.30729)"
111.174.237.67 - - [18/May/2012:10:00:48 +0800] "GET /music/moved200909/20090914.mp3 HTTP/1.1" 200 6635533 "-" "Mozilla/4.0 (compatible; MSIE 5.00; Windows 98)"
38.107.179.232 - - [18/May/2012:10:01:48 +0800] "GET /2008-07/%cb%ab%d3%ef%c0%fd%bd%e2%d7%a2%d2%f4%c8%d5%b1%be%d3%ef%c4%dc%c1%a6%b2%e2%ca%d43%a1%a24%bc%b6%b4%ca%bb%e3%ca%d6%b2%e1.rar HTTP/1.1" 200 4472192 "-" "CCBot/1.0 (+http://www.commoncrawl.org/bot.html)"
60.26.187.140 - - [18/May/2012:10:02:57 +0800] "GET /music/moved200911/20091101.mp3 HTTP/1.1" 404 371 "http://user.qzone.qq.com/821211673/infocenter" "Mozilla/5.0 (Windows NT 6.1) AppleWebKit/535.11 (KHTML, like Gecko) Chrome/17.0.963.56 Safari/535.11"
60.26.187.140 - - [18/May/2012:10:02:57 +0800] "GET /music/moved200911/20091101.mp3 HTTP/1.1" 404 371 "http://user.qzone.qq.com/821211673/infocenter" "Mozilla/5.0 (Windows NT 6.1) AppleWebKit/535.11 (KHTML, like Gecko) Chrome/17.0.963.56 Safari/535.11"
1.85.17.130 - - [18/May/2012:10:02:54 +0800] "GET /2008-07/\xb1\xea\xd7\xbc\xc8\xd5\xb1\xbe\xd3\xef\xd6\xd0\xbc\xb609-10.rmvb HTTP/1.1" 206 29243557 "http://download.jptranslate.com/2008-07/" "Mozilla/4.0 (compatible; MSIE 6.0; Windows NT 5.1; .NET CLR 2.0.50727; .NET CLR 3.0.04506.648; .NET CLR 3.5.21022; InfoPath.3; .NET CLR 3.0.4506.2152; .NET CLR 3.5.30729)"
220.181.51.219 - - [18/May/2012:10:03:17 +0800] "GET /music/moved200909/20090930.mp3? HTTP/1.0" 200 4239744 "-" "NSPlayer/10.0.0.4072 WMFSDK/10.0"
1.85.17.130 - - [18/May/2012:10:03:34 +0800] "GET /2008-07/\xb1\xea\xd7\xbc\xc8\xd5\xb1\xbe\xd3\xef\xd6\xd0\xbc\xb609-10.rmvb HTTP/1.1" 206 30816421 "http://download.jptranslate.com/2008-07/" "Mozilla/4.0 (compatible; MSIE 6.0; Windows NT 5.1; .NET CLR 2.0.50727; .NET CLR 3.0.04506.648; .NET CLR 3.5.21022; InfoPath.3; .NET CLR 3.0.4506.2152; .NET CLR 3.5.30729)"
38.107.179.233 - - [18/May/2012:10:02:48 +0800] "GET /2008-07/%cb%d9%b3%c9%c8%d5%d3%ef%bb%e1%bb%b0.rar HTTP/1.1" 200 25156893 "-" "CCBot/1.0 (+http://www.commoncrawl.org/bot.html)"
222.73.77.55 - - [18/May/2012:10:04:31 +0800] "GET /music/moved200911/20091101.mp3 HTTP/1.1" 404 371 "-" "Mozilla/4.0"
211.103.160.179 - - [18/May/2012:10:03:14 +0800] "GET /music/moved200909/20090918.mp3 HTTP/1.1" 200 6246400 "-" "NSPlayer/11.0.5721.5262 WMFSDK/11.0"
1.85.17.130 - - [18/May/2012:10:03:47 +0800] "GET /2008-07/\xb1\xea\xd7\xbc\xc8\xd5\xb1\xbe\xd3\xef\xd6\xd0\xbc\xb609-10.rmvb HTTP/1.1" 206 30947493 "http://download.jptranslate.com/2008-07/" "Mozilla/4.0 (compatible; MSIE 6.0; Windows NT 5.1; .NET CLR 2.0.50727; .NET CLR 3.0.04506.648; .NET CLR 3.5.21022; InfoPath.3; .NET CLR 3.0.4506.2152; .NET CLR 3.5.30729)"
1.85.17.130 - - [18/May/2012:10:05:25 +0800] "GET /2008-07/\xb1\xea\xd7\xbc\xc8\xd5\xb1\xbe\xd3\xef\xd6\xd0\xbc\xb609-10.rmvb HTTP/1.1" 206 31078565 "http://download.jptranslate.com/2008-07/" "Mozilla/4.0 (compatible; MSIE 6.0; Windows NT 5.1; .NET CLR 2.0.50727; .NET CLR 3.0.04506.648; .NET CLR 3.5.21022; InfoPath.3; .NET CLR 3.0.4506.2152; .NET CLR 3.5.30729)"
221.206.36.29 - - [18/May/2012:10:04:33 +0800] "GET /music/moved200909/20090921.mp3 HTTP/1.1" 200 4828683 "-" "Mozilla/4.0 (compatible; MSIE 5.00; Windows 98)"
61.135.190.86 - - [18/May/2012:10:06:52 +0800] "GET /music/moved200909/20090930.mp3? HTTP/1.0" 200 4239744 "-" "NSPlayer/10.0.0.4072 WMFSDK/10.0"
1.85.17.130 - - [18/May/2012:10:06:52 +0800] "GET /2008-07/\xb1\xea\xd7\xbc\xc8\xd5\xb1\xbe\xd3\xef\xd6\xd0\xbc\xb609-10.rmvb HTTP/1.1" 206 31078565 "http://download.jptranslate.com/2008-07/" "Mozilla/4.0 (compatible; MSIE 6.0; Windows NT 5.1; .NET CLR 2.0.50727; .NET CLR 3.0.04506.648; .NET CLR 3.5.21022; InfoPath.3; .NET CLR 3.0.4506.2152; .NET CLR 3.5.30729)"
1.85.17.130 - - [18/May/2012:10:07:01 +0800] "GET /2008-07/\xb1\xea\xd7\xbc\xc8\xd5\xb1\xbe\xd3\xef\xd6\xd0\xbc\xb609-10.rmvb HTTP/1.1" 503 466 "http://download.jptranslate.com/2008-07/" "Mozilla/4.0 (compatible; MSIE 6.0; Windows NT 5.1; .NET CLR 2.0.50727; .NET CLR 3.0.04506.648; .NET CLR 3.5.21022; InfoPath.3; .NET CLR 3.0.4506.2152; .NET CLR 3.5.30729)"
221.196.90.131 - - [18/May/2012:10:07:05 +0800] "GET /music/moved200909/20090918.mp3 HTTP/1.1" 304 - "-" "NSPlayer/10.0.0.3802 WMFSDK/10.0"
221.196.90.131 - - [18/May/2012:10:07:07 +0800] "GET /music/moved200909/20090918.mp3 HTTP/1.1" 304 - "http://box.zhangmen.baidu.com/m?tn=baidumt&gate=cb&from=idd&l_cb=http%3A%2F%2Fmp3.baidu.com%2Fm%3Ff%3Dms%26rn%3D%26tn%3Dbdmp3idjs%26ct%3D134217728%26word%3D%25C3%25FB%25D5%25EC%25CC%25BD%25BF%25C2%25C4%25CF%26lm%3D-1&s_o=34" "Mozilla/4.0 (compatible; MSIE 6.0; Windows NT 5.1; SV1; .NET CLR 2.0.50727)"
1.85.17.130 - - [18/May/2012:10:05:39 +0800] "GET /2008-07/\xb1\xea\xd7\xbc\xc8\xd5\xb1\xbe\xd3\xef\xd6\xd0\xbc\xb619-20.rmvb HTTP/1.1" 206 30426402 "http://download.jptranslate.com/2008-07/" "Mozilla/4.0 (compatible; MSIE 6.0; Windows NT 5.1; .NET CLR 2.0.50727; .NET CLR 3.0.04506.648; .NET CLR 3.5.21022; InfoPath.3; .NET CLR 3.0.4506.2152; .NET CLR 3.5.30729)"
1.85.17.130 - - [18/May/2012:10:07:15 +0800] "GET /2008-07/\xb1\xea\xd7\xbc\xc8\xd5\xb1\xbe\xd3\xef\xd6\xd0\xbc\xb619-20.rmvb HTTP/1.1" 206 35144994 "http://download.jptranslate.com/2008-07/" "Mozilla/4.0 (compatible; MSIE 6.0; Windows NT 5.1; .NET CLR 2.0.50727; .NET CLR 3.0.04506.648; .NET CLR 3.5.21022; InfoPath.3; .NET CLR 3.0.4506.2152; .NET CLR 3.5.30729)"
1.85.17.130 - - [18/May/2012:10:07:19 +0800] "GET /2008-07/\xb1\xea\xd7\xbc\xc8\xd5\xb1\xbe\xd3\xef\xd6\xd0\xbc\xb619-20.rmvb HTTP/1.1" 206 30422397 "http://download.jptranslate.com/2008-07/" "Mozilla/4.0 (compatible; MSIE 6.0; Windows NT 5.1; .NET CLR 2.0.50727; .NET CLR 3.0.04506.648; .NET CLR 3.5.21022; InfoPath.3; .NET CLR 3.0.4506.2152; .NET CLR 3.5.30729)"
1.85.17.130 - - [18/May/2012:10:06:57 +0800] "GET /2008-07/\xb1\xea\xd7\xbc\xc8\xd5\xb1\xbe\xd3\xef\xd6\xd0\xbc\xb609-10.rmvb HTTP/1.1" 206 31209637 "http://download.jptranslate.com/2008-07/" "Mozilla/4.0 (compatible; MSIE 6.0; Windows NT 5.1; .NET CLR 2.0.50727; .NET CLR 3.0.04506.648; .NET CLR 3.5.21022; InfoPath.3; .NET CLR 3.0.4506.2152; .NET CLR 3.5.30729)"
1.85.17.130 - - [18/May/2012:10:05:25 +0800] "GET /2008-07/\xb1\xea\xd7\xbc\xc8\xd5\xb1\xbe\xd3\xef\xd6\xd0\xbc\xb619-20.rmvb HTTP/1.1" 206 27673890 "http://download.jptranslate.com/2008-07/" "Mozilla/4.0 (compatible; MSIE 6.0; Windows NT 5.1; .NET CLR 2.0.50727; .NET CLR 3.0.04506.648; .NET CLR 3.5.21022; InfoPath.3; .NET CLR 3.0.4506.2152; .NET CLR 3.5.30729)"
1.85.17.130 - - [18/May/2012:10:07:25 +0800] "GET /2008-07/\xb1\xea\xd7\xbc\xc8\xd5\xb1\xbe\xd3\xef\xd6\xd0\xbc\xb609-10.rmvb HTTP/1.1" 206 31209637 "http://download.jptranslate.com/2008-07/" "Mozilla/4.0 (compatible; MSIE 6.0; Windows NT 5.1; .NET CLR 2.0.50727; .NET CLR 3.0.04506.648; .NET CLR 3.5.21022; InfoPath.3; .NET CLR 3.0.4506.2152; .NET CLR 3.5.30729)"
1.85.17.130 - - [18/May/2012:10:07:41 +0800] "GET /2008-07/\xb1\xea\xd7\xbc\xc8\xd5\xb1\xbe\xd3\xef\xd6\xd0\xbc\xb619-20.rmvb HTTP/1.1" 503 466 "http://download.jptranslate.com/2008-07/" "Mozilla/4.0 (compatible; MSIE 6.0; Windows NT 5.1; .NET CLR 2.0.50727; .NET CLR 3.0.04506.648; .NET CLR 3.5.21022; InfoPath.3; .NET CLR 3.0.4506.2152; .NET CLR 3.5.30729)"
1.85.17.130 - - [18/May/2012:10:07:42 +0800] "GET /2008-07/\xb1\xea\xd7\xbc\xc8\xd5\xb1\xbe\xd3\xef\xd6\xd0\xbc\xb623-24.rmvb HTTP/1.1" 503 466 "http://download.jptranslate.com/2008-07/" "Mozilla/4.0 (compatible; MSIE 6.0; Windows NT 5.1; .NET CLR 2.0.50727; .NET CLR 3.0.04506.648; .NET CLR 3.5.21022; InfoPath.3; .NET CLR 3.0.4506.2152; .NET CLR 3.5.30729)"
1.85.17.130 - - [18/May/2012:10:07:43 +0800] "GET /2008-07/%E6%A0%87%E5%87%86%E6%97%A5%E6%9C%AC%E8%AF%AD%E4%B8%AD%E7%BA%A719-20.rmvb HTTP/1.1" 503 466 "http://download.jptranslate.com/2008-07/" "Mozilla/4.0 (compatible; MSIE 6.0; Windows NT 5.1; .NET CLR 2.0.50727; .NET CLR 3.0.04506.648; .NET CLR 3.5.21022; InfoPath.3; .NET CLR 3.0.4506.2152; .NET CLR 3.5.30729)"
1.85.17.130 - - [18/May/2012:10:07:44 +0800] "GET /2008-07/\xb1\xea\xd7\xbc\xc8\xd5\xb1\xbe\xd3\xef\xd6\xd0\xbc\xb621-22.rmvb HTTP/1.1" 503 466 "http://download.jptranslate.com/2008-07/" "Mozilla/4.0 (compatible; MSIE 6.0; Windows NT 5.1; .NET CLR 2.0.50727; .NET CLR 3.0.04506.648; .NET CLR 3.5.21022; InfoPath.3; .NET CLR 3.0.4506.2152; .NET CLR 3.5.30729)"
1.85.17.130 - - [18/May/2012:10:07:46 +0800] "GET /2008-07/\xb1\xea\xd7\xbc\xc8\xd5\xb1\xbe\xd3\xef\xd6\xd0\xbc\xb619-20.rmvb HTTP/1.1" 503 466 "http://download.jptranslate.com/2008-07/" "Mozilla/4.0 (compatible; MSIE 6.0; Windows NT 5.1; .NET CLR 2.0.50727; .NET CLR 3.0.04506.648; .NET CLR 3.5.21022; InfoPath.3; .NET CLR 3.0.4506.2152; .NET CLR 3.5.30729)"
1.85.17.130 - - [18/May/2012:10:07:48 +0800] "GET /2008-07/%E6%A0%87%E5%87%86%E6%97%A5%E6%9C%AC%E8%AF%AD%E4%B8%AD%E7%BA%A719-20.rmvb HTTP/1.1" 503 466 "http://download.jptranslate.com/2008-07/" "Mozilla/4.0 (compatible; MSIE 6.0; Windows NT 5.1; .NET CLR 2.0.50727; .NET CLR 3.0.04506.648; .NET CLR 3.5.21022; InfoPath.3; .NET CLR 3.0.4506.2152; .NET CLR 3.5.30729)"
1.85.17.130 - - [18/May/2012:10:07:50 +0800] "GET /2008-07/\xb1\xea\xd7\xbc\xc8\xd5\xb1\xbe\xd3\xef\xd6\xd0\xbc\xb619-20.rmvb HTTP/1.1" 503 466 "http://download.jptranslate.com/2008-07/" "Mozilla/4.0 (compatible; MSIE 6.0; Windows NT 5.1; .NET CLR 2.0.50727; .NET CLR 3.0.04506.648; .NET CLR 3.5.21022; InfoPath.3; .NET CLR 3.0.4506.2152; .NET CLR 3.5.30729)"
1.85.17.130 - - [18/May/2012:10:07:54 +0800] "GET /2008-07/\xb1\xea\xd7\xbc\xc8\xd5\xb1\xbe\xd3\xef\xd6\xd0\xbc\xb621-22.rmvb HTTP/1.1" 503 466 "http://download.jptranslate.com/2008-07/" "Mozilla/4.0 (compatible; MSIE 6.0; Windows NT 5.1; .NET CLR 2.0.50727; .NET CLR 3.0.04506.648; .NET CLR 3.5.21022; InfoPath.3; .NET CLR 3.0.4506.2152; .NET CLR 3.5.30729)"
1.85.17.130 - - [18/May/2012:10:07:55 +0800] "GET /2008-07/\xb1\xea\xd7\xbc\xc8\xd5\xb1\xbe\xd3\xef\xd6\xd0\xbc\xb619-20.rmvb HTTP/1.1" 503 466 "http://download.jptranslate.com/2008-07/" "Mozilla/4.0 (compatible; MSIE 6.0; Windows NT 5.1; .NET CLR 2.0.50727; .NET CLR 3.0.04506.648; .NET CLR 3.5.21022; InfoPath.3; .NET CLR 3.0.4506.2152; .NET CLR 3.5.30729)"
1.85.17.130 - - [18/May/2012:10:07:57 +0800] "GET /2008-07/\xb1\xea\xd7\xbc\xc8\xd5\xb1\xbe\xd3\xef\xd6\xd0\xbc\xb619-20.rmvb HTTP/1.1" 503 466 "http://download.jptranslate.com/2008-07/" "Mozilla/4.0 (compatible; MSIE 6.0; Windows NT 5.1; .NET CLR 2.0.50727; .NET CLR 3.0.04506.648; .NET CLR 3.5.21022; InfoPath.3; .NET CLR 3.0.4506.2152; .NET CLR 3.5.30729)"
1.85.17.130 - - [18/May/2012:10:07:58 +0800] "GET /2008-07/\xb1\xea\xd7\xbc\xc8\xd5\xb1\xbe\xd3\xef\xd6\xd0\xbc\xb623-24.rmvb HTTP/1.1" 503 466 "http://download.jptranslate.com/2008-07/" "Mozilla/4.0 (compatible; MSIE 6.0; Windows NT 5.1; .NET CLR 2.0.50727; .NET CLR 3.0.04506.648; .NET CLR 3.5.21022; InfoPath.3; .NET CLR 3.0.4506.2152; .NET CLR 3.5.30729)"
211.137.11.220 - - [18/May/2012:10:03:42 +0800] "GET /music/moved200909/20090909.mp3 HTTP/1.1" 200 4650675 "-" "Mozilla/4.0 (compatible; MSIE 5.00; Windows 98)"
1.85.17.130 - - [18/May/2012:10:08:02 +0800] "GET /2008-07/%E6%A0%87%E5%87%86%E6%97%A5%E6%9C%AC%E8%AF%AD%E4%B8%AD%E7%BA%A719-20.rmvb HTTP/1.1" 503 466 "http://download.jptranslate.com/2008-07/" "Mozilla/4.0 (compatible; MSIE 6.0; Windows NT 5.1; .NET CLR 2.0.50727; .NET CLR 3.0.04506.648; .NET CLR 3.5.21022; InfoPath.3; .NET CLR 3.0.4506.2152; .NET CLR 3.5.30729)"
1.85.17.130 - - [18/May/2012:10:08:02 +0800] "GET /2008-07/\xb1\xea\xd7\xbc\xc8\xd5\xb1\xbe\xd3\xef\xd6\xd0\xbc\xb621-22.rmvb HTTP/1.1" 503 466 "http://download.jptranslate.com/2008-07/" "Mozilla/4.0 (compatible; MSIE 6.0; Windows NT 5.1; .NET CLR 2.0.50727; .NET CLR 3.0.04506.648; .NET CLR 3.5.21022; InfoPath.3; .NET CLR 3.0.4506.2152; .NET CLR 3.5.30729)"
1.85.17.130 - - [18/May/2012:10:07:34 +0800] "GET /2008-07/\xb1\xea\xd7\xbc\xc8\xd5\xb1\xbe\xd3\xef\xd6\xd0\xbc\xb623-24.rmvb HTTP/1.1" 206 27176522 "http://download.jptranslate.com/2008-07/" "Mozilla/4.0 (compatible; MSIE 6.0; Windows NT 5.1; .NET CLR 2.0.50727; .NET CLR 3.0.04506.648; .NET CLR 3.5.21022; InfoPath.3; .NET CLR 3.0.4506.2152; .NET CLR 3.5.30729)"
1.85.17.130 - - [18/May/2012:10:08:11 +0800] "GET /2008-07/\xb1\xea\xd7\xbc\xc8\xd5\xb1\xbe\xd3\xef\xd6\xd0\xbc\xb619-20.rmvb HTTP/1.1" 503 466 "http://download.jptranslate.com/2008-07/" "Mozilla/4.0 (compatible; MSIE 6.0; Windows NT 5.1; .NET CLR 2.0.50727; .NET CLR 3.0.04506.648; .NET CLR 3.5.21022; InfoPath.3; .NET CLR 3.0.4506.2152; .NET CLR 3.5.30729)"
1.85.17.130 - - [18/May/2012:10:08:12 +0800] "GET /2008-07/%E6%A0%87%E5%87%86%E6%97%A5%E6%9C%AC%E8%AF%AD%E4%B8%AD%E7%BA%A719-20.rmvb HTTP/1.1" 503 466 "http://download.jptranslate.com/2008-07/" "Mozilla/4.0 (compatible; MSIE 6.0; Windows NT 5.1; .NET CLR 2.0.50727; .NET CLR 3.0.04506.648; .NET CLR 3.5.21022; InfoPath.3; .NET CLR 3.0.4506.2152; .NET CLR 3.5.30729)"
