1.85.17.130 - - [18/May/2012:10:03:45 +0800] "GET /2008-07/\xb1\xea\xd7\xbc\xc8\xd5\xb1\xbe\xd3\xef\xd6\xd0\xbc\xb619-20.rmvb HTTP/1.1" 206 49431842 "http://download.jptranslate.com/2008-07/" "Mozilla/4.0 (compatible; MSIE 6.0; Windows NT 5.1; .NET CLR 2.0.50727; .NET CLR 3.0.04506.648; .NET CLR 3.5.21022; InfoPath.3; .NET CLR 3.0.4506.2152; .NET CLR 3.5.30729)"
1.85.17.130 - - [18/May/2012:10:08:31 +0800] "GET /2008-07/\xb1\xea\xd7\xbc\xc8\xd5\xb1\xbe\xd3\xef\xd6\xd0\xbc\xb619-20.rmvb HTTP/1.1" 206 44451106 "http://download.jptranslate.com/2008-07/" "Mozilla/4.0 (compatible; MSIE 6.0; Windows NT 5.1; .NET CLR 2.0.50727; .NET CLR 3.0.04506.648; .NET CLR 3.5.21022; InfoPath.3; .NET CLR 3.0.4506.2152; .NET CLR 3.5.30729)"
38.107.179.234 - - [18/May/2012:10:08:27 +0800] "GET /2008-07/%cc%ec%bf%d5%a4%ce%b3%c7%c8%ab%cc%d7%c8%d5%d3%ef%bd%c5%b1%be.pdf HTTP/1.1" 200 472504 "-" "CCBot/1.0 (+http://www.commoncrawl.org/bot.html)"
1.85.17.130 - - [18/May/2012:10:08:39 +0800] "GET /2008-07/\xb1\xea\xd7\xbc\xc8\xd5\xb1\xbe\xd3\xef\xd6\xd0\xbc\xb623-24.rmvb HTTP/1.1" 206 26914378 "http://download.jptranslate.com/2008-07/" "Mozilla/4.0 (compatible; MSIE 6.0; Windows NT 5.1; .NET CLR 2.0.50727; .NET CLR 3.0.04506.648; .NET CLR 3.5.21022; InfoPath.3; .NET CLR 3.0.4506.2152; .NET CLR 3.5.30729)"
59.173.253.198 - - [18/May/2012:10:06:12 +0800] "GET /music/moved200909/20090914.mp3 HTTP/1.1" 200 6635533 "-" "Mozilla/4.0 (compatible; MSIE 5.00; Windows 98)"
1.85.17.130 - - [18/May/2012:10:05:05 +0800] "GET /2008-07/\xb1\xea\xd7\xbc\xc8\xd5\xb1\xbe\xd3\xef\xd6\xd0\xbc\xb619-20.rmvb HTTP/1.1" 206 18367778 "http://download.jptranslate.com/2008-07/" "Mozilla/4.0 (compatible; MSIE 6.0; Windows NT 5.1; .NET CLR 2.0.50727; .NET CLR 3.0.04506.648; .NET CLR 3.5.21022; InfoPath.3; .NET CLR 3.0.4506.2152; .NET CLR 3.5.30729)"
1.85.17.130 - - [18/May/2012:10:07:37 +0800] "GET /2008-07/\xb1\xea\xd7\xbc\xc8\xd5\xb1\xbe\xd3\xef\xd6\xd0\xbc\xb621-22.rmvb HTTP/1.1" 206 42147635 "http://download.jptranslate.com/2008-07/" "Mozilla/4.0 (compatible; MSIE 6.0; Windows NT 5.1; .NET CLR 2.0.50727; .NET CLR 3.0.04506.648; .NET CLR 3.5.21022; InfoPath.3; .NET CLR 3.0.4506.2152; .NET CLR 3.5.30729)"
1.85.17.130 - - [18/May/2012:10:07:38 +0800] "GET /2008-07/\xb1\xea\xd7\xbc\xc8\xd5\xb1\xbe\xd3\xef\xd6\xd0\xbc\xb623-24.rmvb HTTP/1.1" 206 27045450 "http://download.jptranslate.com/2008-07/" "Mozilla/4.0 (compatible; MSIE 6.0; Windows NT 5.1; .NET CLR 2.0.50727; .NET CLR 3.0.04506.648; .NET CLR 3.5.21022; InfoPath.3; .NET CLR 3.0.4506.2152; .NET CLR 3.5.30729)"
116.11.15.161 - - [18/May/2012:10:09:31 +0800] "GET /music/moved200910/20091016.mp3 HTTP/1.1" 404 371 "-" "Mozilla/4.0 (compatible; MSIE 5.00; Windows 98)"
116.11.15.161 - - [18/May/2012:10:09:32 +0800] "GET /music/moved200910/20091016.mp3 HTTP/1.1" 404 371 "-" "Mozilla/4.0 (compatible; MSIE 5.00; Windows 98)"
116.11.15.161 - - [18/May/2012:10:09:32 +0800] "GET /music/moved200910/20091016.mp3 HTTP/1.1" 404 371 "-" "Mozilla/4.0 (compatible; MSIE 5.00; Windows 98)"
116.11.15.161 - - [18/May/2012:10:09:32 +0800] "GET /music/moved200910/20091016.mp3 HTTP/1.1" 404 371 "-" "Mozilla/4.0 (compatible; MSIE 5.00; Windows 98)"
38.107.179.230 - - [18/May/2012:10:09:28 +0800] "GET /2008-07/%cc%f4%d5%bd%c8%d5%d3%ef%bf%da%d3%ef_%b5%e7%d3%b0%b6%d4%b0%d7.%b6%d4%bb%b0.%bd%e2%cb%b5(MP3).rar HTTP/1.1" 200 73464223 "-" "CCBot/1.0 (+http://www.commoncrawl.org/bot.html)"
38.107.179.231 - - [18/May/2012:10:10:30 +0800] "GET /2008-07/%cc%fd%c1%a6.rar HTTP/1.1" 200 47615234 "-" "CCBot/1.0 (+http://www.commoncrawl.org/bot.html)"
1.85.17.130 - - [18/May/2012:10:10:46 +0800] "GET /2008-07/\xb1\xea\xd7\xbc\xc8\xd5\xb1\xbe\xd3\xef\xd6\xd0\xbc\xb623-24.rmvb HTTP/1.1" 206 21278282 "http://download.jptranslate.com/2008-07/" "Mozilla/4.0 (compatible; MSIE 6.0; Windows NT 5.1; .NET CLR 2.0.50727; .NET CLR 3.0.04506.648; .NET CLR 3.5.21022; InfoPath.3; .NET CLR 3.0.4506.2152; .NET CLR 3.5.30729)"
1.85.17.130 - - [18/May/2012:10:10:53 +0800] "GET /2008-07/\xb1\xea\xd7\xbc\xc8\xd5\xb1\xbe\xd3\xef\xd6\xd0\xbc\xb621-22.rmvb HTTP/1.1" 206 17899315 "http://download.jptranslate.com/2008-07/" "Mozilla/4.0 (compatible; MSIE 6.0; Windows NT 5.1; .NET CLR 2.0.50727; .NET CLR 3.0.04506.648; .NET CLR 3.5.21022; InfoPath.3; .NET CLR 3.0.4506.2152; .NET CLR 3.5.30729)"
1.85.17.130 - - [18/May/2012:10:10:57 +0800] "GET /2008-07/\xb1\xea\xd7\xbc\xc8\xd5\xb1\xbe\xd3\xef\xd6\xd0\xbc\xb621-22.rmvb HTTP/1.1" 206 20913971 "http://download.jptranslate.com/2008-07/" "Mozilla/4.0 (compatible; MSIE 6.0; Windows NT 5.1; .NET CLR 2.0.50727; .NET CLR 3.0.04506.648; .NET CLR 3.5.21022; InfoPath.3; .NET CLR 3.0.4506.2152; .NET CLR 3.5.30729)"
14.111.136.85 - - [18/May/2012:10:10:59 +0800] "GET /music/moved200909/20090909.mp3 HTTP/1.1" 200 4650675 "http://download.jptranslate.com/" "Mozilla/4.0 (compatible; MSIE 9.0; Windows NT 6.1; SLCC2; .NET CLR 2.0.50727; .NET CLR 3.5.30729; .NET CLR 3.0.30729; Media Center PC 6.0)"
14.111.136.85 - - [18/May/2012:10:11:00 +0800] "GET /music/moved200909/20090909.mp3 HTTP/1.1" 206 194227 "http://download.jptranslate.com/" "Mozilla/4.0 (compatible; MSIE 9.0; Windows NT 6.1; SLCC2; .NET CLR 2.0.50727; .NET CLR 3.5.30729; .NET CLR 3.0.30729; Media Center PC 6.0)"
14.111.136.85 - - [18/May/2012:10:11:02 +0800] "GET /music/moved200909/20090909.mp3 HTTP/1.1" 206 128691 "http://download.jptranslate.com/" "Mozilla/4.0 (compatible; MSIE 9.0; Windows NT 6.1; SLCC2; .NET CLR 2.0.50727; .NET CLR 3.5.30729; .NET CLR 3.0.30729; Media Center PC 6.0)"
14.111.136.85 - - [18/May/2012:10:11:04 +0800] "GET /music/moved200909/20090909.mp3 HTTP/1.1" 206 63155 "http://download.jptranslate.com/" "Mozilla/4.0 (compatible; MSIE 9.0; Windows NT 6.1; SLCC2; .NET CLR 2.0.50727; .NET CLR 3.5.30729; .NET CLR 3.0.30729; Media Center PC 6.0)"
1.85.17.130 - - [18/May/2012:10:11:38 +0800] "GET /2008-07/\xb1\xea\xd7\xbc\xc8\xd5\xb1\xbe\xd3\xef\xd6\xd0\xbc\xb623-24.rmvb HTTP/1.1" 206 40152650 "http://download.jptranslate.com/2008-07/" "Mozilla/4.0 (compatible; MSIE 6.0; Windows NT 5.1; .NET CLR 2.0.50727; .NET CLR 3.0.04506.648; .NET CLR 3.5.21022; InfoPath.3; .NET CLR 3.0.4506.2152; .NET CLR 3.5.30729)"
123.129.130.82 - - [18/May/2012:10:11:55 +0800] "GET /music/moved200909/20090909.mp3 HTTP/1.1" 200 4650675 "http://download.jptranslate.com/" "Mozilla/4.0 (Windows; U; Windows NT 5.1; zh-TW; rv:1.9.0.11)"
123.129.130.82 - - [18/May/2012:10:11:55 +0800] "GET /music/moved200909/20090909.mp3 HTTP/1.1" 200 4650675 "http://download.jptranslate.com/" "Mozilla/4.0 (Windows; U; Windows NT 5.1; zh-TW; rv:1.9.0.11)"
123.129.130.82 - - [18/May/2012:10:11:58 +0800] "GET /music/moved200909/20090909.mp3 HTTP/1.1" 206 194227 "http://download.jptranslate.com/" "Mozilla/4.0 (Windows; U; Windows NT 5.1; zh-TW; rv:1.9.0.11)"
123.129.130.82 - - [18/May/2012:10:12:01 +0800] "GET /music/moved200909/20090909.mp3 HTTP/1.1" 206 128691 "http://download.jptranslate.com/" "Mozilla/4.0 (Windows; U; Windows NT 5.1; zh-TW; rv:1.9.0.11)"
123.129.130.82 - - [18/May/2012:10:12:05 +0800] "GET /music/moved200909/20090909.mp3 HTTP/1.1" 206 63155 "http://download.jptranslate.com/" "Mozilla/4.0 (Windows; U; Windows NT 5.1; zh-TW; rv:1.9.0.11)"
14.111.136.85 - - [18/May/2012:10:11:06 +0800] "GET /music/moved200909/20090909.mp3 HTTP/1.1" 206 4585139 "http://download.jptranslate.com/" "Mozilla/4.0 (compatible; MSIE 9.0; Windows NT 6.1; SLCC2; .NET CLR 2.0.50727; .NET CLR 3.5.30729; .NET CLR 3.0.30729; Media Center PC 6.0)"
1.85.17.130 - - [18/May/2012:10:11:20 +0800] "GET /2008-07/\xb1\xea\xd7\xbc\xc8\xd5\xb1\xbe\xd3\xef\xd6\xd0\xbc\xb623-24.rmvb HTTP/1.1" 206 20360778 "http://download.jptranslate.com/2008-07/" "Mozilla/4.0 (compatible; MSIE 6.0; Windows NT 5.1; .NET CLR 2.0.50727; .NET CLR 3.0.04506.648; .NET CLR 3.5.21022; InfoPath.3; .NET CLR 3.0.4506.2152; .NET CLR 3.5.30729)"
1.85.17.130 - - [18/May/2012:10:10:59 +0800] "GET /2008-07/\xb1\xea\xd7\xbc\xc8\xd5\xb1\xbe\xd3\xef\xd6\xd0\xbc\xb621-22.rmvb HTTP/1.1" 206 17899315 "http://download.jptranslate.com/2008-07/" "Mozilla/4.0 (compatible; MSIE 6.0; Windows NT 5.1; .NET CLR 2.0.50727; .NET CLR 3.0.04506.648; .NET CLR 3.5.21022; InfoPath.3; .NET CLR 3.0.4506.2152; .NET CLR 3.5.30729)"
123.125.67.180 - - [18/May/2012:10:12:49 +0800] "GET /speaker_wv.swf HTTP/1.0" 200 2904 "-" "Mozilla/4.0 (compatible; MSIE 6.0; Windows NT 5.1; SV1)"
1.85.17.130 - - [18/May/2012:10:13:04 +0800] "GET /2008-07/\xb1\xea\xd7\xbc\xc8\xd5\xb1\xbe\xd3\xef\xd6\xd0\xbc\xb623-24.rmvb HTTP/1.1" 206 15773258 "http://download.jptranslate.com/2008-07/" "Mozilla/4.0 (compatible; MSIE 6.0; Windows NT 5.1; .NET CLR 2.0.50727; .NET CLR 3.0.04506.648; .NET CLR 3.5.21022; InfoPath.3; .NET CLR 3.0.4506.2152; .NET CLR 3.5.30729)"
1.85.17.130 - - [18/May/2012:10:13:13 +0800] "GET /2008-07/\xb1\xea\xd7\xbc\xc8\xd5\xb1\xbe\xd3\xef\xd6\xd0\xbc\xb619-20.rmvb HTTP/1.1" 206 35144994 "http://download.jptranslate.com/2008-07/" "Mozilla/4.0 (compatible; MSIE 6.0; Windows NT 5.1; .NET CLR 2.0.50727; .NET CLR 3.0.04506.648; .NET CLR 3.5.21022; InfoPath.3; .NET CLR 3.0.4506.2152; .NET CLR 3.5.30729)"
123.129.130.82 - - [18/May/2012:10:12:08 +0800] "GET /music/moved200909/20090909.mp3 HTTP/1.1" 206 4585139 "http://download.jptranslate.com/" "Mozilla/4.0 (Windows; U; Windows NT 5.1; zh-TW; rv:1.9.0.11)"
118.113.176.71 - - [18/May/2012:10:11:27 +0800] "GET /music/moved200909/20090914.mp3 HTTP/1.1" 200 6635533 "-" "Mozilla/4.0 (compatible; MSIE 5.00; Windows 98)"
183.17.205.37 - - [18/May/2012:10:11:21 +0800] "GET /music/moved200909/20090914.mp3 HTTP/1.1" 200 6635533 "-" "Mozilla/4.0 (compatible; MSIE 5.00; Windows 98)"
38.107.179.232 - - [18/May/2012:10:13:05 +0800] "GET /2008-07/%cd%bb%c6%c6%c8%fd%bc%b6%cc%fd%bd%e2.rar HTTP/1.1" 200 15080596 "-" "CCBot/1.0 (+http://www.commoncrawl.org/bot.html)"
1.85.17.130 - - [18/May/2012:10:13:59 +0800] "GET /2008-07/\xb1\xea\xd7\xbc\xc8\xd5\xb1\xbe\xd3\xef\xd6\xd0\xbc\xb619-20.rmvb HTTP/1.1" 206 35144994 "http://download.jptranslate.com/2008-07/" "Mozilla/4.0 (compatible; MSIE 6.0; Windows NT 5.1; .NET CLR 2.0.50727; .NET CLR 3.0.04506.648; .NET CLR 3.5.21022; InfoPath.3; .NET CLR 3.0.4506.2152; .NET CLR 3.5.30729)"
1.85.17.130 - - [18/May/2012:10:13:07 +0800] "GET /2008-07/\xb1\xea\xd7\xbc\xc8\xd5\xb1\xbe\xd3\xef\xd6\xd0\xbc\xb623-24.rmvb HTTP/1.1" 206 33467978 "http://download.jptranslate.com/2008-07/" "Mozilla/4.0 (compatible; MSIE 6.0; Windows NT 5.1; .NET CLR 2.0.50727; .NET CLR 3.0.04506.648; .NET CLR 3.5.21022; InfoPath.3; .NET CLR 3.0.4506.2152; .NET CLR 3.5.30729)"
1.85.17.130 - - [18/May/2012:10:15:34 +0800] "GET /2008-07/\xb1\xea\xd7\xbc\xc8\xd5\xb1\xbe\xd3\xef\xd6\xd0\xbc\xb619-20.rmvb HTTP/1.1" 206 43271458 "http://download.jptranslate.com/2008-07/" "Mozilla/4.0 (compatible; MSIE 6.0; Windows NT 5.1; .NET CLR 2.0.50727; .NET CLR 3.0.04506.648; .NET CLR 3.5.21022; InfoPath.3; .NET CLR 3.0.4506.2152; .NET CLR 3.5.30729)"
1.85.17.130 - - [18/May/2012:10:15:47 +0800] "GET /2008-07/\xb1\xea\xd7\xbc\xc8\xd5\xb1\xbe\xd3\xef\xd6\xd0\xbc\xb623-24.rmvb HTTP/1.1" 206 33306814 "http://download.jptranslate.com/2008-07/" "Mozilla/4.0 (compatible; MSIE 6.0; Windows NT 5.1; .NET CLR 2.0.50727; .NET CLR 3.0.04506.648; .NET CLR 3.5.21022; InfoPath.3; .NET CLR 3.0.4506.2152; .NET CLR 3.5.30729)"
1.85.17.130 - - [18/May/2012:10:15:55 +0800] "GET /2008-07/\xb1\xea\xd7\xbc\xc8\xd5\xb1\xbe\xd3\xef\xd6\xd0\xbc\xb623-24.rmvb HTTP/1.1" 503 466 "http://download.jptranslate.com/2008-07/" "Mozilla/4.0 (compatible; MSIE 6.0; Windows NT 5.1; .NET CLR 2.0.50727; .NET CLR 3.0.04506.648; .NET CLR 3.5.21022; InfoPath.3; .NET CLR 3.0.4506.2152; .NET CLR 3.5.30729)"
1.85.17.130 - - [18/May/2012:10:15:55 +0800] "GET /2008-07/\xb1\xea\xd7\xbc\xc8\xd5\xb1\xbe\xd3\xef\xd6\xd0\xbc\xb623-24.rmvb HTTP/1.1" 503 466 "http://download.jptranslate.com/2008-07/" "Mozilla/4.0 (compatible; MSIE 6.0; Windows NT 5.1; .NET CLR 2.0.50727; .NET CLR 3.0.04506.648; .NET CLR 3.5.21022; InfoPath.3; .NET CLR 3.0.4506.2152; .NET CLR 3.5.30729)"
1.85.17.130 - - [18/May/2012:10:15:57 +0800] "GET /2008-07/\xb1\xea\xd7\xbc\xc8\xd5\xb1\xbe\xd3\xef\xd6\xd0\xbc\xb619-20.rmvb HTTP/1.1" 503 466 "http://download.jptranslate.com/2008-07/" "Mozilla/4.0 (compatible; MSIE 6.0; Windows NT 5.1; .NET CLR 2.0.50727; .NET CLR 3.0.04506.648; .NET CLR 3.5.21022; InfoPath.3; .NET CLR 3.0.4506.2152; .NET CLR 3.5.30729)"
1.85.17.130 - - [18/May/2012:10:15:59 +0800] "GET /2008-07/\xb1\xea\xd7\xbc\xc8\xd5\xb1\xbe\xd3\xef\xd6\xd0\xbc\xb619-20.rmvb HTTP/1.1" 503 466 "http://download.jptranslate.com/2008-07/" "Mozilla/4.0 (compatible; MSIE 6.0; Windows NT 5.1; .NET CLR 2.0.50727; .NET CLR 3.0.04506.648; .NET CLR 3.5.21022; InfoPath.3; .NET CLR 3.0.4506.2152; .NET CLR 3.5.30729)"
1.85.17.130 - - [18/May/2012:10:15:59 +0800] "GET /2008-07/\xb1\xea\xd7\xbc\xc8\xd5\xb1\xbe\xd3\xef\xd6\xd0\xbc\xb621-22.rmvb HTTP/1.1" 503 466 "http://download.jptranslate.com/2008-07/" "Mozilla/4.0 (compatible; MSIE 6.0; Windows NT 5.1; .NET CLR 2.0.50727; .NET CLR 3.0.04506.648; .NET CLR 3.5.21022; InfoPath.3; .NET CLR 3.0.4506.2152; .NET CLR 3.5.30729)"
1.85.17.130 - - [18/May/2012:10:16:00 +0800] "GET /2008-07/\xb1\xea\xd7\xbc\xc8\xd5\xb1\xbe\xd3\xef\xd6\xd0\xbc\xb621-22.rmvb HTTP/1.1" 503 466 "http://download.jptranslate.com/2008-07/" "Mozilla/4.0 (compatible; MSIE 6.0; Windows NT 5.1; .NET CLR 2.0.50727; .NET CLR 3.0.04506.648; .NET CLR 3.5.21022; InfoPath.3; .NET CLR 3.0.4506.2152; .NET CLR 3.5.30729)"
1.85.17.130 - - [18/May/2012:10:15:44 +0800] "GET /2008-07/\xb1\xea\xd7\xbc\xc8\xd5\xb1\xbe\xd3\xef\xd6\xd0\xbc\xb621-22.rmvb HTTP/1.1" 206 75308851 "http://download.jptranslate.com/2008-07/" "Mozilla/4.0 (compatible; MSIE 6.0; Windows NT 5.1; .NET CLR 2.0.50727; .NET CLR 3.0.04506.648; .NET CLR 3.5.21022; InfoPath.3; .NET CLR 3.0.4506.2152; .NET CLR 3.5.30729)"
1.85.17.130 - - [18/May/2012:10:16:15 +0800] "GET /2008-07/\xb1\xea\xd7\xbc\xc8\xd5\xb1\xbe\xd3\xef\xd6\xd0\xbc\xb621-22.rmvb HTTP/1.1" 503 466 "http://download.jptranslate.com/2008-07/" "Mozilla/4.0 (compatible; MSIE 6.0; Windows NT 5.1; .NET CLR 2.0.50727; .NET CLR 3.0.04506.648; .NET CLR 3.5.21022; InfoPath.3; .NET CLR 3.0.4506.2152; .NET CLR 3.5.30729)"
1.85.17.130 - - [18/May/2012:10:16:16 +0800] "GET /2008-07/\xb1\xea\xd7\xbc\xc8\xd5\xb1\xbe\xd3\xef\xd6\xd0\xbc\xb619-20.rmvb HTTP/1.1" 503 466 "http://download.jptranslate.com/2008-07/" "Mozilla/4.0 (compatible; MSIE 6.0; Windows NT 5.1; .NET CLR 2.0.50727; .NET CLR 3.0.04506.648; .NET CLR 3.5.21022; InfoPath.3; .NET CLR 3.0.4506.2152; .NET CLR 3.5.30729)"
1.85.17.130 - - [18/May/2012:10:16:16 +0800] "GET /2008-07/\xb1\xea\xd7\xbc\xc8\xd5\xb1\xbe\xd3\xef\xd6\xd0\xbc\xb621-22.rmvb HTTP/1.1" 503 466 "http://download.jptranslate.com/2008-07/" "Mozilla/4.0 (compatible; MSIE 6.0; Windows NT 5.1; .NET CLR 2.0.50727; .NET CLR 3.0.04506.648; .NET CLR 3.5.21022; InfoPath.3; .NET CLR 3.0.4506.2152; .NET CLR 3.5.30729)"
1.85.17.130 - - [18/May/2012:10:15:52 +0800] "GET /2008-07/\xb1\xea\xd7\xbc\xc8\xd5\xb1\xbe\xd3\xef\xd6\xd0\xbc\xb621-22.rmvb HTTP/1.1" 206 5185331 "http://download.jptranslate.com/2008-07/" "Mozilla/4.0 (compatible; MSIE 6.0; Windows NT 5.1; .NET CLR 2.0.50727; .NET CLR 3.0.04506.648; .NET CLR 3.5.21022; InfoPath.3; .NET CLR 3.0.4506.2152; .NET CLR 3.5.30729)"
1.85.17.130 - - [18/May/2012:10:16:17 +0800] "GET /2008-07/\xb1\xea\xd7\xbc\xc8\xd5\xb1\xbe\xd3\xef\xd6\xd0\xbc\xb619-20.rmvb HTTP/1.1" 503 466 "http://download.jptranslate.com/2008-07/" "Mozilla/4.0 (compatible; MSIE 6.0; Windows NT 5.1; .NET CLR 2.0.50727; .NET CLR 3.0.04506.648; .NET CLR 3.5.21022; InfoPath.3; .NET CLR 3.0.4506.2152; .NET CLR 3.5.30729)"
1.85.17.130 - - [18/May/2012:10:13:04 +0800] "GET /2008-07/\xb1\xea\xd7\xbc\xc8\xd5\xb1\xbe\xd3\xef\xd6\xd0\xbc\xb621-22.rmvb HTTP/1.1" 206 8855347 "http://download.jptranslate.com/2008-07/" "Mozilla/4.0 (compatible; MSIE 6.0; Windows NT 5.1; .NET CLR 2.0.50727; .NET CLR 3.0.04506.648; .NET CLR 3.5.21022; InfoPath.3; .NET CLR 3.0.4506.2152; .NET CLR 3.5.30729)"
1.85.17.130 - - [18/May/2012:10:16:39 +0800] "GET /2008-07/\xb1\xea\xd7\xbc\xc8\xd5\xb1\xbe\xd3\xef\xd6\xd0\xbc\xb619-20.rmvb HTTP/1.1" 206 42353954 "http://download.jptranslate.com/2008-07/" "Mozilla/4.0 (compatible; MSIE 6.0; Windows NT 5.1; .NET CLR 2.0.50727; .NET CLR 3.0.04506.648; .NET CLR 3.5.21022; InfoPath.3; .NET CLR 3.0.4506.2152; .NET CLR 3.5.30729)"
1.85.17.130 - - [18/May/2012:10:16:46 +0800] "GET /2008-07/\xb1\xea\xd7\xbc\xc8\xd5\xb1\xbe\xd3\xef\xd6\xd0\xbc\xb621-22.rmvb HTTP/1.1" 206 31268659 "http://download.jptranslate.com/2008-07/" "Mozilla/4.0 (compatible; MSIE 6.0; Windows NT 5.1; .NET CLR 2.0.50727; .NET CLR 3.0.04506.648; .NET CLR 3.5.21022; InfoPath.3; .NET CLR 3.0.4506.2152; .NET CLR 3.5.30729)"
38.107.179.233 - - [18/May/2012:10:15:38 +0800] "GET /2008-07/%cd%ea%c8%ab%d5%c6%ce%d51%bc%b6%c8%d5%b1%be%d3%ef%c4%dc%c1%a6%bf%bc%ca%d4%d3%ef%b7%a8%ce%ca%cc%e2%b6%d4%b2%df.pdf HTTP/1.1" 200 2854520 "-" "CCBot/1.0 (+http://www.commoncrawl.org/bot.html)"
118.121.106.96 - - [18/May/2012:10:17:47 +0800] "GET /music/moved200911/20091101.mp3 HTTP/1.1" 404 371 "-" "Mozilla/4.0 (compatible; MSIE 5.00; Windows 98)"
118.121.106.96 - - [18/May/2012:10:17:47 +0800] "GET /music/moved200911/20091101.mp3 HTTP/1.1" 404 371 "-" "Mozilla/4.0 (compatible; MSIE 5.00; Windows 98)"
118.121.106.96 - - [18/May/2012:10:17:47 +0800] "GET /music/moved200911/20091101.mp3 HTTP/1.1" 404 371 "-" "Mozilla/4.0 (compatible; MSIE 5.00; Windows 98)"
118.121.106.96 - - [18/May/2012:10:17:48 +0800] "GET /music/moved200911/20091101.mp3 HTTP/1.1" 404 371 "-" "Mozilla/4.0 (compatible; MSIE 5.00; Windows 98)"
220.181.51.218 - - [18/May/2012:10:18:01 +0800] "GET /music/moved200909/20090911.mp3 HTTP/1.0" 200 6916096 "-" "NSPlayer/10.0.0.4072 WMFSDK/10.0"
1.85.17.130 - - [18/May/2012:10:18:45 +0800] "GET /2008-07/\xb1\xea\xd7\xbc\xc8\xd5\xb1\xbe\xd3\xef\xd6\xd0\xbc\xb619-20.rmvb HTTP/1.1" 206 39863586 "http://download.jptranslate.com/2008-07/" "Mozilla/4.0 (compatible; MSIE 6.0; Windows NT 5.1; .NET CLR 2.0.50727; .NET CLR 3.0.04506.648; .NET CLR 3.5.21022; InfoPath.3; .NET CLR 3.0.4506.2152; .NET CLR 3.5.30729)"
1.85.17.130 - - [18/May/2012:10:18:51 +0800] "GET /2008-07/\xb1\xea\xd7\xbc\xc8\xd5\xb1\xbe\xd3\xef\xd6\xd0\xbc\xb619-20.rmvb HTTP/1.1" 206 75646242 "http://download.jptranslate.com/2008-07/" "Mozilla/4.0 (compatible; MSIE 6.0; Windows NT 5.1; .NET CLR 2.0.50727; .NET CLR 3.0.04506.648; .NET CLR 3.5.21022; InfoPath.3; .NET CLR 3.0.4506.2152; .NET CLR 3.5.30729)"
1.85.17.130 - - [18/May/2012:10:15:44 +0800] "GET /2008-07/\xb1\xea\xd7\xbc\xc8\xd5\xb1\xbe\xd3\xef\xd6\xd0\xbc\xb619-20.rmvb HTTP/1.1" 206 43271458 "http://download.jptranslate.com/2008-07/" "Mozilla/4.0 (compatible; MSIE 6.0; Windows NT 5.1; .NET CLR 2.0.50727; .NET CLR 3.0.04506.648; .NET CLR 3.5.21022; InfoPath.3; .NET CLR 3.0.4506.2152; .NET CLR 3.5.30729)"
211.137.11.220 - - [18/May/2012:10:14:24 +0800] "GET /music/moved200909/20090909.mp3 HTTP/1.1" 200 4650675 "-" "Mozilla/4.0 (compatible; MSIE 5.00; Windows 98)"
1.85.17.130 - - [18/May/2012:10:19:32 +0800] "GET /2008-07/\xb1\xea\xd7\xbc\xc8\xd5\xb1\xbe\xd3\xef\xd6\xd0\xbc\xb619-20.rmvb HTTP/1.1" 206 77219106 "http://download.jptranslate.com/2008-07/" "Mozilla/4.0 (compatible; MSIE 6.0; Windows NT 5.1; .NET CLR 2.0.50727; .NET CLR 3.0.04506.648; .NET CLR 3.5.21022; InfoPath.3; .NET CLR 3.0.4506.2152; .NET CLR 3.5.30729)"
1.85.17.130 - - [18/May/2012:10:19:34 +0800] "GET /2008-07/\xb1\xea\xd7\xbc\xc8\xd5\xb1\xbe\xd3\xef\xd6\xd0\xbc\xb619-20.rmvb HTTP/1.1" 503 466 "http://download.jptranslate.com/2008-07/" "Mozilla/4.0 (compatible; MSIE 6.0; Windows NT 5.1; .NET CLR 2.0.50727; .NET CLR 3.0.04506.648; .NET CLR 3.5.21022; InfoPath.3; .NET CLR 3.0.4506.2152; .NET CLR 3.5.30729)"
1.85.17.130 - - [18/May/2012:10:19:33 +0800] "GET /2008-07/\xb1\xea\xd7\xbc\xc8\xd5\xb1\xbe\xd3\xef\xd6\xd0\xbc\xb621-22.rmvb HTTP/1.1" 206 41230131 "http://download.jptranslate.com/2008-07/" "Mozilla/4.0 (compatible; MSIE 6.0; Windows NT 5.1; .NET CLR 2.0.50727; .NET CLR 3.0.04506.648; .NET CLR 3.5.21022; InfoPath.3; .NET CLR 3.0.4506.2152; .NET CLR 3.5.30729)"
1.85.17.130 - - [18/May/2012:10:19:37 +0800] "GET /2008-07/\xb1\xea\xd7\xbc\xc8\xd5\xb1\xbe\xd3\xef\xd6\xd0\xbc\xb621-22.rmvb HTTP/1.1" 503 466 "http://download.jptranslate.com/2008-07/" "Mozilla/4.0 (compatible; MSIE 6.0; Windows NT 5.1; .NET CLR 2.0.50727; .NET CLR 3.0.04506.648; .NET CLR 3.5.21022; InfoPath.3; .NET CLR 3.0.4506.2152; .NET CLR 3.5.30729)"
1.85.17.130 - - [18/May/2012:10:19:37 +0800] "GET /2008-07/\xb1\xea\xd7\xbc\xc8\xd5\xb1\xbe\xd3\xef\xd6\xd0\xbc\xb623-24.rmvb HTTP/1.1" 206 37531210 "http://download.jptranslate.com/2008-07/" "Mozilla/4.0 (compatible; MSIE 6.0; Windows NT 5.1; .NET CLR 2.0.50727; .NET CLR 3.0.04506.648; .NET CLR 3.5.21022; InfoPath.3; .NET CLR 3.0.4506.2152; .NET CLR 3.5.30729)"
1.85.17.130 - - [18/May/2012:10:19:39 +0800] "GET /2008-07/%E6%A0%87%E5%87%86%E6%97%A5%E6%9C%AC%E8%AF%AD%E4%B8%AD%E7%BA%A721-22.rmvb HTTP/1.1" 503 466 "http://download.jptranslate.com/2008-07/" "Mozilla/4.0 (compatible; MSIE 6.0; Windows NT 5.1; .NET CLR 2.0.50727; .NET CLR 3.0.04506.648; .NET CLR 3.5.21022; InfoPath.3; .NET CLR 3.0.4506.2152; .NET CLR 3.5.30729)"
1.85.17.130 - - [18/May/2012:10:19:42 +0800] "GET /2008-07/\xb1\xea\xd7\xbc\xc8\xd5\xb1\xbe\xd3\xef\xd6\xd0\xbc\xb621-22.rmvb HTTP/1.1" 503 466 "http://download.jptranslate.com/2008-07/" "Mozilla/4.0 (compatible; MSIE 6.0; Windows NT 5.1; .NET CLR 2.0.50727; .NET CLR 3.0.04506.648; .NET CLR 3.5.21022; InfoPath.3; .NET CLR 3.0.4506.2152; .NET CLR 3.5.30729)"
1.85.17.130 - - [18/May/2012:10:19:16 +0800] "GET /2008-07/\xb1\xea\xd7\xbc\xc8\xd5\xb1\xbe\xd3\xef\xd6\xd0\xbc\xb619-20.rmvb HTTP/1.1" 206 49038626 "http://download.jptranslate.com/2008-07/" "Mozilla/4.0 (compatible; MSIE 6.0; Windows NT 5.1; .NET CLR 2.0.50727; .NET CLR 3.0.04506.648; .NET CLR 3.5.21022; InfoPath.3; .NET CLR 3.0.4506.2152; .NET CLR 3.5.30729)"
1.85.17.130 - - [18/May/2012:10:19:16 +0800] "GET /2008-07/\xb1\xea\xd7\xbc\xc8\xd5\xb1\xbe\xd3\xef\xd6\xd0\xbc\xb621-22.rmvb HTTP/1.1" 206 34807603 "http://download.jptranslate.com/2008-07/" "Mozilla/4.0 (compatible; MSIE 6.0; Windows NT 5.1; .NET CLR 2.0.50727; .NET CLR 3.0.04506.648; .NET CLR 3.5.21022; InfoPath.3; .NET CLR 3.0.4506.2152; .NET CLR 3.5.30729)"
1.85.17.130 - - [18/May/2012:10:19:02 +0800] "GET /2008-07/\xb1\xea\xd7\xbc\xc8\xd5\xb1\xbe\xd3\xef\xd6\xd0\xbc\xb623-24.rmvb HTTP/1.1" 206 35565130 "http://download.jptranslate.com/2008-07/" "Mozilla/4.0 (compatible; MSIE 6.0; Windows NT 5.1; .NET CLR 2.0.50727; .NET CLR 3.0.04506.648; .NET CLR 3.5.21022; InfoPath.3; .NET CLR 3.0.4506.2152; .NET CLR 3.5.30729)"
1.85.17.130 - - [18/May/2012:10:21:29 +0800] "GET /2008-07/\xb1\xea\xd7\xbc\xc8\xd5\xb1\xbe\xd3\xef\xd6\xd0\xbc\xb621-22.rmvb HTTP/1.1" 503 466 "http://download.jptranslate.com/2008-07/" "Mozilla/4.0 (compatible; MSIE 6.0; Windows NT 5.1; .NET CLR 2.0.50727; .NET CLR 3.0.04506.648; .NET CLR 3.5.21022; InfoPath.3; .NET CLR 3.0.4506.2152; .NET CLR 3.5.30729)"
1.85.17.130 - - [18/May/2012:10:21:29 +0800] "GET /2008-07/\xb1\xea\xd7\xbc\xc8\xd5\xb1\xbe\xd3\xef\xd6\xd0\xbc\xb619-20.rmvb HTTP/1.1" 206 78005538 "http://download.jptranslate.com/2008-07/" "Mozilla/4.0 (compatible; MSIE 6.0; Windows NT 5.1; .NET CLR 2.0.50727; .NET CLR 3.0.04506.648; .NET CLR 3.5.21022; InfoPath.3; .NET CLR 3.0.4506.2152; .NET CLR 3.5.30729)"
1.85.17.130 - - [18/May/2012:10:15:44 +0800] "GET /2008-07/\xb1\xea\xd7\xbc\xc8\xd5\xb1\xbe\xd3\xef\xd6\xd0\xbc\xb619-20.rmvb HTTP/1.1" 206 38683938 "http://download.jptranslate.com/2008-07/" "Mozilla/4.0 (compatible; MSIE 6.0; Windows NT 5.1; .NET CLR 2.0.50727; .NET CLR 3.0.04506.648; .NET CLR 3.5.21022; InfoPath.3; .NET CLR 3.0.4506.2152; .NET CLR 3.5.30729)"
1.85.17.130 - - [18/May/2012:10:21:57 +0800] "GET /2008-07/\xb1\xea\xd7\xbc\xc8\xd5\xb1\xbe\xd3\xef\xd6\xd0\xbc\xb619-20.rmvb HTTP/1.1" 206 46155042 "http://download.jptranslate.com/2008-07/" "Mozilla/4.0 (compatible; MSIE 6.0; Windows NT 5.1; .NET CLR 2.0.50727; .NET CLR 3.0.04506.648; .NET CLR 3.5.21022; InfoPath.3; .NET CLR 3.0.4506.2152; .NET CLR 3.5.30729)"
1.85.17.130 - - [18/May/2012:10:21:58 +0800] "GET /2008-07/\xb1\xea\xd7\xbc\xc8\xd5\xb1\xbe\xd3\xef\xd6\xd0\xbc\xb623-24.rmvb HTTP/1.1" 206 19574346 "http://download.jptranslate.com/2008-07/" "Mozilla/4.0 (compatible; MSIE 6.0; Windows NT 5.1; .NET CLR 2.0.50727; .NET CLR 3.0.04506.648; .NET CLR 3.5.21022; InfoPath.3; .NET CLR 3.0.4506.2152; .NET CLR 3.5.30729)"
1.85.17.130 - - [18/May/2012:10:20:41 +0800] "GET /2008-07/\xb1\xea\xd7\xbc\xc8\xd5\xb1\xbe\xd3\xef\xd6\xd0\xbc\xb619-20.rmvb HTTP/1.1" 206 36193570 "http://download.jptranslate.com/2008-07/" "Mozilla/4.0 (compatible; MSIE 6.0; Windows NT 5.1; .NET CLR 2.0.50727; .NET CLR 3.0.04506.648; .NET CLR 3.5.21022; InfoPath.3; .NET CLR 3.0.4506.2152; .NET CLR 3.5.30729)"
123.125.71.17 - - [18/May/2012:10:22:28 +0800] "GET / HTTP/1.1" 200 1418 "-" "Mozilla/5.0 (compatible; Baiduspider/2.0; +http://www.baidu.com/search/spider.html)"
220.181.108.86 - - [18/May/2012:10:22:35 +0800] "GET / HTTP/1.1" 200 1418 "-" "Mozilla/5.0 (compatible; Baiduspider/2.0; +http://www.baidu.com/search/spider.html)"
1.85.17.130 - - [18/May/2012:10:23:13 +0800] "GET /2008-07/\xb1\xea\xd7\xbc\xc8\xd5\xb1\xbe\xd3\xef\xd6\xd0\xbc\xb621-22.rmvb HTTP/1.1" 503 466 "http://download.jptranslate.com/2008-07/" "Mozilla/4.0 (compatible; MSIE 6.0; Windows NT 5.1; .NET CLR 2.0.50727; .NET CLR 3.0.04506.648; .NET CLR 3.5.21022; InfoPath.3; .NET CLR 3.0.4506.2152; .NET CLR 3.5.30729)"
85.17.208.31 - - [18/May/2012:10:23:56 +0800] "HEAD /music/moved200909/20090911.mp3 HTTP/1.1" 200 - "http://www.downloads.nl/" "Mozilla/5.0 (compatible; MSIE 9.0; Windows NT 6.1)"
64.134.151.16 - - [18/May/2012:10:23:58 +0800] "GET /music/moved200909/20090911.mp3 HTTP/1.1" 200 6916096 "-" "Mozilla/5.0 (Windows NT 6.0; rv:11.0) Gecko/20100101 Firefox/11.0"
1.85.17.130 - - [18/May/2012:10:24:20 +0800] "GET /2008-07/\xb1\xea\xd7\xbc\xc8\xd5\xb1\xbe\xd3\xef\xd6\xd0\xbc\xb621-22.rmvb HTTP/1.1" 503 466 "http://download.jptranslate.com/2008-07/" "Mozilla/4.0 (compatible; MSIE 6.0; Windows NT 5.1; .NET CLR 2.0.50727; .NET CLR 3.0.04506.648; .NET CLR 3.5.21022; InfoPath.3; .NET CLR 3.0.4506.2152; .NET CLR 3.5.30729)"
38.107.179.234 - - [18/May/2012:10:24:06 +0800] "GET /2008-07/%cf%d6%b4%fa%bd%bb%bc%ca%c8%d5%d3%ef%c9%e7%bd%bb%d3%c3%d3%ef%c6%aa.rar HTTP/1.1" 200 3299950 "-" "CCBot/1.0 (+http://www.commoncrawl.org/bot.html)"
218.15.23.85 - - [18/May/2012:10:24:56 +0800] "GET /music/moved200909/20090918.mp3 HTTP/1.1" 200 6246400 "-" "NSPlayer/10.0.0.3802 WMFSDK/10.0"
1.85.17.130 - - [18/May/2012:10:21:59 +0800] "GET /2008-07/\xb1\xea\xd7\xbc\xc8\xd5\xb1\xbe\xd3\xef\xd6\xd0\xbc\xb619-20.rmvb HTTP/1.1" 206 77743394 "http://download.jptranslate.com/2008-07/" "Mozilla/4.0 (compatible; MSIE 6.0; Windows NT 5.1; .NET CLR 2.0.50727; .NET CLR 3.0.04506.648; .NET CLR 3.5.21022; InfoPath.3; .NET CLR 3.0.4506.2152; .NET CLR 3.5.30729)"
1.85.17.130 - - [18/May/2012:10:19:38 +0800] "GET /2008-07/\xb1\xea\xd7\xbc\xc8\xd5\xb1\xbe\xd3\xef\xd6\xd0\xbc\xb623-24.rmvb HTTP/1.1" 206 20098634 "http://download.jptranslate.com/2008-07/" "Mozilla/4.0 (compatible; MSIE 6.0; Windows NT 5.1; .NET CLR 2.0.50727; .NET CLR 3.0.04506.648; .NET CLR 3.5.21022; InfoPath.3; .NET CLR 3.0.4506.2152; .NET CLR 3.5.30729)"
1.85.17.130 - - [18/May/2012:10:20:09 +0800] "GET /2008-07/\xb1\xea\xd7\xbc\xc8\xd5\xb1\xbe\xd3\xef\xd6\xd0\xbc\xb621-22.rmvb HTTP/1.1" 206 10034995 "http://download.jptranslate.com/2008-07/" "Mozilla/4.0 (compatible; MSIE 6.0; Windows NT 5.1; .NET CLR 2.0.50727; .NET CLR 3.0.04506.648; .NET CLR 3.5.21022; InfoPath.3; .NET CLR 3.0.4506.2152; .NET CLR 3.5.30729)"
221.232.99.27 - - [18/May/2012:10:25:19 +0800] "GET /music/moved200909/20090909.mp3 HTTP/1.1" 200 4650675 "-" "Mozilla/4.0 (compatible; MSIE 5.00; Windows 98)"
123.62.6.26 - - [18/May/2012:10:26:02 +0800] "GET /music/moved200909/20090921.mp3 HTTP/1.0" 200 4828683 "" "Mozilla/4.0 (compatible; MSIE 5.00; Windows 98)"
1.85.17.130 - - [18/May/2012:10:22:00 +0800] "GET /2008-07/\xb1\xea\xd7\xbc\xc8\xd5\xb1\xbe\xd3\xef\xd6\xd0\xbc\xb619-20.rmvb HTTP/1.1" 206 76825890 "http://download.jptranslate.com/2008-07/" "Mozilla/4.0 (compatible; MSIE 6.0; Windows NT 5.1; .NET CLR 2.0.50727; .NET CLR 3.0.04506.648; .NET CLR 3.5.21022; InfoPath.3; .NET CLR 3.0.4506.2152; .NET CLR 3.5.30729)"
1.85.17.130 - - [18/May/2012:10:25:25 +0800] "GET /2008-07/\xb1\xea\xd7\xbc\xc8\xd5\xb1\xbe\xd3\xef\xd6\xd0\xbc\xb619-20.rmvb HTTP/1.1" 206 46548258 "http://download.jptranslate.com/2008-07/" "Mozilla/4.0 (compatible; MSIE 6.0; Windows NT 5.1; .NET CLR 2.0.50727; .NET CLR 3.0.04506.648; .NET CLR 3.5.21022; InfoPath.3; .NET CLR 3.0.4506.2152; .NET CLR 3.5.30729)"
1.85.17.130 - - [18/May/2012:10:25:48 +0800] "GET /2008-07/\xb1\xea\xd7\xbc\xc8\xd5\xb1\xbe\xd3\xef\xd6\xd0\xbc\xb623-24.rmvb HTTP/1.1" 206 18826190 "http://download.jptranslate.com/2008-07/" "Mozilla/4.0 (compatible; MSIE 6.0; Windows NT 5.1; .NET CLR 2.0.50727; .NET CLR 3.0.04506.648; .NET CLR 3.5.21022; InfoPath.3; .NET CLR 3.0.4506.2152; .NET CLR 3.5.30729)"
112.4.140.11 - - [18/May/2012:10:26:11 +0800] "GET /music/moved200909/20090921.mp3 HTTP/1.1" 200 4828683 "-" "Mozilla/4.0 (compatible; MSIE 5.00; Windows 98)"
112.4.140.11 - - [18/May/2012:10:26:01 +0800] "GET /music/moved200909/20090921.mp3 HTTP/1.1" 200 4828683 "-" "Mozilla/4.0 (compatible; MSIE 5.00; Windows 98)"
112.4.140.11 - - [18/May/2012:10:26:11 +0800] "GET /music/moved200909/20090921.mp3 HTTP/1.1" 200 4828683 "-" "Mozilla/4.0 (compatible; MSIE 5.00; Windows 98)"
1.85.17.130 - - [18/May/2012:10:25:45 +0800] "GET /2008-07/\xb1\xea\xd7\xbc\xc8\xd5\xb1\xbe\xd3\xef\xd6\xd0\xbc\xb623-24.rmvb HTTP/1.1" 206 17215050 "http://download.jptranslate.com/2008-07/" "Mozilla/4.0 (compatible; MSIE 6.0; Windows NT 5.1; .NET CLR 2.0.50727; .NET CLR 3.0.04506.648; .NET CLR 3.5.21022; InfoPath.3; .NET CLR 3.0.4506.2152; .NET CLR 3.5.30729)"
1.85.17.130 - - [18/May/2012:10:26:30 +0800] "GET /2008-07/\xb1\xea\xd7\xbc\xc8\xd5\xb1\xbe\xd3\xef\xd6\xd0\xbc\xb619-20.rmvb HTTP/1.1" 206 46023970 "http://download.jptranslate.com/2008-07/" "Mozilla/4.0 (compatible; MSIE 6.0; Windows NT 5.1; .NET CLR 2.0.50727; .NET CLR 3.0.04506.648; .NET CLR 3.5.21022; InfoPath.3; .NET CLR 3.0.4506.2152; .NET CLR 3.5.30729)"
112.4.140.11 - - [18/May/2012:10:26:37 +0800] "GET /music/moved200909/20090921.mp3 HTTP/1.1" 200 4828683 "-" "Mozilla/4.0 (compatible; MSIE 5.00; Windows 98)"
112.4.140.11 - - [18/May/2012:10:26:21 +0800] "GET /music/moved200909/20090921.mp3 HTTP/1.1" 200 4828683 "-" "Mozilla/4.0 (compatible; MSIE 5.00; Windows 98)"
1.85.17.130 - - [18/May/2012:10:22:00 +0800] "GET /2008-07/\xb1\xea\xd7\xbc\xc8\xd5\xb1\xbe\xd3\xef\xd6\xd0\xbc\xb623-24.rmvb HTTP/1.1" 206 14986826 "http://download.jptranslate.com/2008-07/" "Mozilla/4.0 (compatible; MSIE 6.0; Windows NT 5.1; .NET CLR 2.0.50727; .NET CLR 3.0.04506.648; .NET CLR 3.5.21022; InfoPath.3; .NET CLR 3.0.4506.2152; .NET CLR 3.5.30729)"
112.4.140.11 - - [18/May/2012:10:26:37 +0800] "GET /music/moved200909/20090921.mp3 HTTP/1.1" 200 4828683 "-" "Mozilla/4.0 (compatible; MSIE 5.00; Windows 98)"
1.85.17.130 - - [18/May/2012:10:26:51 +0800] "GET /2008-07/\xb1\xea\xd7\xbc\xc8\xd5\xb1\xbe\xd3\xef\xd6\xd0\xbc\xb619-20.rmvb HTTP/1.1" 206 47203618 "http://download.jptranslate.com/2008-07/" "Mozilla/4.0 (compatible; MSIE 6.0; Windows NT 5.1; .NET CLR 2.0.50727; .NET CLR 3.0.04506.648; .NET CLR 3.5.21022; InfoPath.3; .NET CLR 3.0.4506.2152; .NET CLR 3.5.30729)"
1.85.17.130 - - [18/May/2012:10:26:51 +0800] "GET /2008-07/\xb1\xea\xd7\xbc\xc8\xd5\xb1\xbe\xd3\xef\xd6\xd0\xbc\xb623-24.rmvb HTTP/1.1" 206 33205834 "http://download.jptranslate.com/2008-07/" "Mozilla/4.0 (compatible; MSIE 6.0; Windows NT 5.1; .NET CLR 2.0.50727; .NET CLR 3.0.04506.648; .NET CLR 3.5.21022; InfoPath.3; .NET CLR 3.0.4506.2152; .NET CLR 3.5.30729)"
1.85.17.130 - - [18/May/2012:10:26:54 +0800] "GET /2008-07/\xb1\xea\xd7\xbc\xc8\xd5\xb1\xbe\xd3\xef\xd6\xd0\xbc\xb621-22.rmvb HTTP/1.1" 503 466 "http://download.jptranslate.com/2008-07/" "Mozilla/4.0 (compatible; MSIE 6.0; Windows NT 5.1; .NET CLR 2.0.50727; .NET CLR 3.0.04506.648; .NET CLR 3.5.21022; InfoPath.3; .NET CLR 3.0.4506.2152; .NET CLR 3.5.30729)"
1.85.17.130 - - [18/May/2012:10:26:54 +0800] "GET /2008-07/\xb1\xea\xd7\xbc\xc8\xd5\xb1\xbe\xd3\xef\xd6\xd0\xbc\xb623-24.rmvb HTTP/1.1" 206 13776406 "http://download.jptranslate.com/2008-07/" "Mozilla/4.0 (compatible; MSIE 6.0; Windows NT 5.1; .NET CLR 2.0.50727; .NET CLR 3.0.04506.648; .NET CLR 3.5.21022; InfoPath.3; .NET CLR 3.0.4506.2152; .NET CLR 3.5.30729)"
1.85.17.130 - - [18/May/2012:10:26:52 +0800] "GET /2008-07/\xb1\xea\xd7\xbc\xc8\xd5\xb1\xbe\xd3\xef\xd6\xd0\xbc\xb621-22.rmvb HTTP/1.1" 206 10166067 "http://download.jptranslate.com/2008-07/" "Mozilla/4.0 (compatible; MSIE 6.0; Windows NT 5.1; .NET CLR 2.0.50727; .NET CLR 3.0.04506.648; .NET CLR 3.5.21022; InfoPath.3; .NET CLR 3.0.4506.2152; .NET CLR 3.5.30729)"
1.85.17.130 - - [18/May/2012:10:26:52 +0800] "GET /2008-07/\xb1\xea\xd7\xbc\xc8\xd5\xb1\xbe\xd3\xef\xd6\xd0\xbc\xb619-20.rmvb HTTP/1.1" 206 47727906 "http://download.jptranslate.com/2008-07/" "Mozilla/4.0 (compatible; MSIE 6.0; Windows NT 5.1; .NET CLR 2.0.50727; .NET CLR 3.0.04506.648; .NET CLR 3.5.21022; InfoPath.3; .NET CLR 3.0.4506.2152; .NET CLR 3.5.30729)"
1.85.17.130 - - [18/May/2012:10:26:52 +0800] "GET /2008-07/\xb1\xea\xd7\xbc\xc8\xd5\xb1\xbe\xd3\xef\xd6\xd0\xbc\xb619-20.rmvb HTTP/1.1" 206 47203618 "http://download.jptranslate.com/2008-07/" "Mozilla/4.0 (compatible; MSIE 6.0; Windows NT 5.1; .NET CLR 2.0.50727; .NET CLR 3.0.04506.648; .NET CLR 3.5.21022; InfoPath.3; .NET CLR 3.0.4506.2152; .NET CLR 3.5.30729)"
119.112.127.43 - - [18/May/2012:10:27:14 +0800] "GET /music/moved200909/20090914.mp3 HTTP/1.1" 200 6635533 "-" "Mozilla/4.0 (compatible; MSIE 5.00; Windows 98)"
58.213.51.42 - - [18/May/2012:10:24:27 +0800] "GET /music/moved200909/20090921.mp3 HTTP/1.1" 200 4828683 "-" "Mozilla/4.0 (compatible; MSIE 5.00; Windows 98)"
1.85.17.130 - - [18/May/2012:10:26:52 +0800] "GET /2008-07/\xb1\xea\xd7\xbc\xc8\xd5\xb1\xbe\xd3\xef\xd6\xd0\xbc\xb623-24.rmvb HTTP/1.1" 206 18001482 "http://download.jptranslate.com/2008-07/" "Mozilla/4.0 (compatible; MSIE 6.0; Windows NT 5.1; .NET CLR 2.0.50727; .NET CLR 3.0.04506.648; .NET CLR 3.5.21022; InfoPath.3; .NET CLR 3.0.4506.2152; .NET CLR 3.5.30729)"
1.85.17.130 - - [18/May/2012:10:27:39 +0800] "GET /2008-07/\xb1\xea\xd7\xbc\xc8\xd5\xb1\xbe\xd3\xef\xd6\xd0\xbc\xb619-20.rmvb HTTP/1.1" 206 75515170 "http://download.jptranslate.com/2008-07/" "Mozilla/4.0 (compatible; MSIE 6.0; Windows NT 5.1; .NET CLR 2.0.50727; .NET CLR 3.0.04506.648; .NET CLR 3.5.21022; InfoPath.3; .NET CLR 3.0.4506.2152; .NET CLR 3.5.30729)"
1.85.17.130 - - [18/May/2012:10:27:53 +0800] "GET /2008-07/\xb1\xea\xd7\xbc\xc8\xd5\xb1\xbe\xd3\xef\xd6\xd0\xbc\xb619-20.rmvb HTTP/1.1" 206 74728738 "http://download.jptranslate.com/2008-07/" "Mozilla/4.0 (compatible; MSIE 6.0; Windows NT 5.1; .NET CLR 2.0.50727; .NET CLR 3.0.04506.648; .NET CLR 3.5.21022; InfoPath.3; .NET CLR 3.0.4506.2152; .NET CLR 3.5.30729)"
1.85.17.130 - - [18/May/2012:10:27:53 +0800] "GET /2008-07/\xb1\xea\xd7\xbc\xc8\xd5\xb1\xbe\xd3\xef\xd6\xd0\xbc\xb623-24.rmvb HTTP/1.1" 206 34254410 "http://download.jptranslate.com/2008-07/" "Mozilla/4.0 (compatible; MSIE 6.0; Windows NT 5.1; .NET CLR 2.0.50727; .NET CLR 3.0.04506.648; .NET CLR 3.5.21022; InfoPath.3; .NET CLR 3.0.4506.2152; .NET CLR 3.5.30729)"
1.85.17.130 - - [18/May/2012:10:27:55 +0800] "GET /2008-07/\xb1\xea\xd7\xbc\xc8\xd5\xb1\xbe\xd3\xef\xd6\xd0\xbc\xb619-20.rmvb HTTP/1.1" 206 75515170 "http://download.jptranslate.com/2008-07/" "Mozilla/4.0 (compatible; MSIE 6.0; Windows NT 5.1; .NET CLR 2.0.50727; .NET CLR 3.0.04506.648; .NET CLR 3.5.21022; InfoPath.3; .NET CLR 3.0.4506.2152; .NET CLR 3.5.30729)"
1.85.17.130 - - [18/May/2012:10:27:58 +0800] "GET /2008-07/\xb1\xea\xd7\xbc\xc8\xd5\xb1\xbe\xd3\xef\xd6\xd0\xbc\xb623-24.rmvb HTTP/1.1" 206 33205834 "http://download.jptranslate.com/2008-07/" "Mozilla/4.0 (compatible; MSIE 6.0; Windows NT 5.1; .NET CLR 2.0.50727; .NET CLR 3.0.04506.648; .NET CLR 3.5.21022; InfoPath.3; .NET CLR 3.0.4506.2152; .NET CLR 3.5.30729)"
1.85.17.130 - - [18/May/2012:10:28:05 +0800] "GET /2008-07/\xb1\xea\xd7\xbc\xc8\xd5\xb1\xbe\xd3\xef\xd6\xd0\xbc\xb623-24.rmvb HTTP/1.1" 503 466 "http://download.jptranslate.com/2008-07/" "Mozilla/4.0 (compatible; MSIE 6.0; Windows NT 5.1; .NET CLR 2.0.50727; .NET CLR 3.0.04506.648; .NET CLR 3.5.21022; InfoPath.3; .NET CLR 3.0.4506.2152; .NET CLR 3.5.30729)"
1.85.17.130 - - [18/May/2012:10:28:04 +0800] "GET /2008-07/\xb1\xea\xd7\xbc\xc8\xd5\xb1\xbe\xd3\xef\xd6\xd0\xbc\xb623-24.rmvb HTTP/1.1" 206 34254410 "http://download.jptranslate.com/2008-07/" "Mozilla/4.0 (compatible; MSIE 6.0; Windows NT 5.1; .NET CLR 2.0.50727; .NET CLR 3.0.04506.648; .NET CLR 3.5.21022; InfoPath.3; .NET CLR 3.0.4506.2152; .NET CLR 3.5.30729)"
1.85.17.130 - - [18/May/2012:10:28:05 +0800] "GET /2008-07/\xb1\xea\xd7\xbc\xc8\xd5\xb1\xbe\xd3\xef\xd6\xd0\xbc\xb619-20.rmvb HTTP/1.1" 503 466 "http://download.jptranslate.com/2008-07/" "Mozilla/4.0 (compatible; MSIE 6.0; Windows NT 5.1; .NET CLR 2.0.50727; .NET CLR 3.0.04506.648; .NET CLR 3.5.21022; InfoPath.3; .NET CLR 3.0.4506.2152; .NET CLR 3.5.30729)"
1.85.17.130 - - [18/May/2012:10:28:07 +0800] "GET /2008-07/%E6%A0%87%E5%87%86%E6%97%A5%E6%9C%AC%E8%AF%AD%E4%B8%AD%E7%BA%A723-24.rmvb HTTP/1.1" 503 466 "http://download.jptranslate.com/2008-07/" "Mozilla/4.0 (compatible; MSIE 6.0; Windows NT 5.1; .NET CLR 2.0.50727; .NET CLR 3.0.04506.648; .NET CLR 3.5.21022; InfoPath.3; .NET CLR 3.0.4506.2152; .NET CLR 3.5.30729)"
1.85.17.130 - - [18/May/2012:10:28:09 +0800] "GET /2008-07/\xb1\xea\xd7\xbc\xc8\xd5\xb1\xbe\xd3\xef\xd6\xd0\xbc\xb623-24.rmvb HTTP/1.1" 503 466 "http://download.jptranslate.com/2008-07/" "Mozilla/4.0 (compatible; MSIE 6.0; Windows NT 5.1; .NET CLR 2.0.50727; .NET CLR 3.0.04506.648; .NET CLR 3.5.21022; InfoPath.3; .NET CLR 3.0.4506.2152; .NET CLR 3.5.30729)"
1.85.17.130 - - [18/May/2012:10:28:11 +0800] "GET /2008-07/\xb1\xea\xd7\xbc\xc8\xd5\xb1\xbe\xd3\xef\xd6\xd0\xbc\xb619-20.rmvb HTTP/1.1" 503 466 "http://download.jptranslate.com/2008-07/" "Mozilla/4.0 (compatible; MSIE 6.0; Windows NT 5.1; .NET CLR 2.0.50727; .NET CLR 3.0.04506.648; .NET CLR 3.5.21022; InfoPath.3; .NET CLR 3.0.4506.2152; .NET CLR 3.5.30729)"
1.85.17.130 - - [18/May/2012:10:28:17 +0800] "GET /2008-07/\xb1\xea\xd7\xbc\xc8\xd5\xb1\xbe\xd3\xef\xd6\xd0\xbc\xb623-24.rmvb HTTP/1.1" 503 466 "http://download.jptranslate.com/2008-07/" "Mozilla/4.0 (compatible; MSIE 6.0; Windows NT 5.1; .NET CLR 2.0.50727; .NET CLR 3.0.04506.648; .NET CLR 3.5.21022; InfoPath.3; .NET CLR 3.0.4506.2152; .NET CLR 3.5.30729)"
1.85.17.130 - - [18/May/2012:10:28:35 +0800] "GET /2008-07/\xb1\xea\xd7\xbc\xc8\xd5\xb1\xbe\xd3\xef\xd6\xd0\xbc\xb619-20.rmvb HTTP/1.1" 503 466 "http://download.jptranslate.com/2008-07/" "Mozilla/4.0 (compatible; MSIE 6.0; Windows NT 5.1; .NET CLR 2.0.50727; .NET CLR 3.0.04506.648; .NET CLR 3.5.21022; InfoPath.3; .NET CLR 3.0.4506.2152; .NET CLR 3.5.30729)"
1.85.17.130 - - [18/May/2012:10:27:54 +0800] "GET /2008-07/\xb1\xea\xd7\xbc\xc8\xd5\xb1\xbe\xd3\xef\xd6\xd0\xbc\xb619-20.rmvb HTTP/1.1" 206 71320866 "http://download.jptranslate.com/2008-07/" "Mozilla/4.0 (compatible; MSIE 6.0; Windows NT 5.1; .NET CLR 2.0.50727; .NET CLR 3.0.04506.648; .NET CLR 3.5.21022; InfoPath.3; .NET CLR 3.0.4506.2152; .NET CLR 3.5.30729)"
1.85.17.130 - - [18/May/2012:10:27:56 +0800] "GET /2008-07/\xb1\xea\xd7\xbc\xc8\xd5\xb1\xbe\xd3\xef\xd6\xd0\xbc\xb619-20.rmvb HTTP/1.1" 206 75515170 "http://download.jptranslate.com/2008-07/" "Mozilla/4.0 (compatible; MSIE 6.0; Windows NT 5.1; .NET CLR 2.0.50727; .NET CLR 3.0.04506.648; .NET CLR 3.5.21022; InfoPath.3; .NET CLR 3.0.4506.2152; .NET CLR 3.5.30729)"
1.85.17.130 - - [18/May/2012:10:28:01 +0800] "GET /2008-07/\xb1\xea\xd7\xbc\xc8\xd5\xb1\xbe\xd3\xef\xd6\xd0\xbc\xb619-20.rmvb HTTP/1.1" 206 75603466 "http://download.jptranslate.com/2008-07/" "Mozilla/4.0 (compatible; MSIE 6.0; Windows NT 5.1; .NET CLR 2.0.50727; .NET CLR 3.0.04506.648; .NET CLR 3.5.21022; InfoPath.3; .NET CLR 3.0.4506.2152; .NET CLR 3.5.30729)"
1.85.17.130 - - [18/May/2012:10:29:09 +0800] "GET /2008-07/\xb1\xea\xd7\xbc\xc8\xd5\xb1\xbe\xd3\xef\xd6\xd0\xbc\xb619-20.rmvb HTTP/1.1" 206 75279386 "http://download.jptranslate.com/2008-07/" "Mozilla/4.0 (compatible; MSIE 6.0; Windows NT 5.1; .NET CLR 2.0.50727; .NET CLR 3.0.04506.648; .NET CLR 3.5.21022; InfoPath.3; .NET CLR 3.0.4506.2152; .NET CLR 3.5.30729)"
1.85.17.130 - - [18/May/2012:10:29:26 +0800] "GET /2008-07/\xb1\xea\xd7\xbc\xc8\xd5\xb1\xbe\xd3\xef\xd6\xd0\xbc\xb623-24.rmvb HTTP/1.1" 206 31501898 "http://download.jptranslate.com/2008-07/" "Mozilla/4.0 (compatible; MSIE 6.0; Windows NT 5.1; .NET CLR 2.0.50727; .NET CLR 3.0.04506.648; .NET CLR 3.5.21022; InfoPath.3; .NET CLR 3.0.4506.2152; .NET CLR 3.5.30729)"
1.85.17.130 - - [18/May/2012:10:29:03 +0800] "GET /2008-07/\xb1\xea\xd7\xbc\xc8\xd5\xb1\xbe\xd3\xef\xd6\xd0\xbc\xb623-24.rmvb HTTP/1.1" 206 13776406 "http://download.jptranslate.com/2008-07/" "Mozilla/4.0 (compatible; MSIE 6.0; Windows NT 5.1; .NET CLR 2.0.50727; .NET CLR 3.0.04506.648; .NET CLR 3.5.21022; InfoPath.3; .NET CLR 3.0.4506.2152; .NET CLR 3.5.30729)"
38.107.179.230 - - [18/May/2012:10:29:47 +0800] "GET /2008-07/%cf%d6%b4%fa%c8%d5%d3%ef%d6%fa%b4%ca%d3%eb%d6%fa%b6%af%b4%ca.rar HTTP/1.1" 200 6190806 "-" "CCBot/1.0 (+http://www.commoncrawl.org/bot.html)"
1.85.17.130 - - [18/May/2012:10:30:33 +0800] "GET /2008-07/\xb1\xea\xd7\xbc\xc8\xd5\xb1\xbe\xd3\xef\xd6\xd0\xbc\xb623-24.rmvb HTTP/1.1" 206 32812618 "http://download.jptranslate.com/2008-07/" "Mozilla/4.0 (compatible; MSIE 6.0; Windows NT 5.1; .NET CLR 2.0.50727; .NET CLR 3.0.04506.648; .NET CLR 3.5.21022; InfoPath.3; .NET CLR 3.0.4506.2152; .NET CLR 3.5.30729)"
1.85.17.130 - - [18/May/2012:10:30:42 +0800] "GET /2008-07/\xb1\xea\xd7\xbc\xc8\xd5\xb1\xbe\xd3\xef\xd6\xd0\xbc\xb619-20.rmvb HTTP/1.1" 206 71845154 "http://download.jptranslate.com/2008-07/" "Mozilla/4.0 (compatible; MSIE 6.0; Windows NT 5.1; .NET CLR 2.0.50727; .NET CLR 3.0.04506.648; .NET CLR 3.5.21022; InfoPath.3; .NET CLR 3.0.4506.2152; .NET CLR 3.5.30729)"
1.85.17.130 - - [18/May/2012:10:30:40 +0800] "GET /2008-07/\xb1\xea\xd7\xbc\xc8\xd5\xb1\xbe\xd3\xef\xd6\xd0\xbc\xb619-20.rmvb HTTP/1.1" 206 70272290 "http://download.jptranslate.com/2008-07/" "Mozilla/4.0 (compatible; MSIE 6.0; Windows NT 5.1; .NET CLR 2.0.50727; .NET CLR 3.0.04506.648; .NET CLR 3.5.21022; InfoPath.3; .NET CLR 3.0.4506.2152; .NET CLR 3.5.30729)"
1.85.17.130 - - [18/May/2012:10:27:55 +0800] "GET /2008-07/\xb1\xea\xd7\xbc\xc8\xd5\xb1\xbe\xd3\xef\xd6\xd0\xbc\xb623-24.rmvb HTTP/1.1" 206 31895114 "http://download.jptranslate.com/2008-07/" "Mozilla/4.0 (compatible; MSIE 6.0; Windows NT 5.1; .NET CLR 2.0.50727; .NET CLR 3.0.04506.648; .NET CLR 3.5.21022; InfoPath.3; .NET CLR 3.0.4506.2152; .NET CLR 3.5.30729)"
1.85.17.130 - - [18/May/2012:10:30:42 +0800] "GET /2008-07/\xb1\xea\xd7\xbc\xc8\xd5\xb1\xbe\xd3\xef\xd6\xd0\xbc\xb623-24.rmvb HTTP/1.1" 206 30584394 "http://download.jptranslate.com/2008-07/" "Mozilla/4.0 (compatible; MSIE 6.0; Windows NT 5.1; .NET CLR 2.0.50727; .NET CLR 3.0.04506.648; .NET CLR 3.5.21022; InfoPath.3; .NET CLR 3.0.4506.2152; .NET CLR 3.5.30729)"
1.85.17.130 - - [18/May/2012:10:28:06 +0800] "GET /2008-07/\xb1\xea\xd7\xbc\xc8\xd5\xb1\xbe\xd3\xef\xd6\xd0\xbc\xb619-20.rmvb HTTP/1.1" 206 71189794 "http://download.jptranslate.com/2008-07/" "Mozilla/4.0 (compatible; MSIE 6.0; Windows NT 5.1; .NET CLR 2.0.50727; .NET CLR 3.0.04506.648; .NET CLR 3.5.21022; InfoPath.3; .NET CLR 3.0.4506.2152; .NET CLR 3.5.30729)"
38.107.179.231 - - [18/May/2012:10:32:08 +0800] "GET /2008-07/%d0%c2%b0%e6%b1%ea%c8%d5%b5%a5%b4%ca.rar HTTP/1.1" 200 16344132 "-" "CCBot/1.0 (+http://www.commoncrawl.org/bot.html)"
114.102.35.252 - - [18/May/2012:10:31:34 +0800] "GET /music/moved200909/20090914.mp3 HTTP/1.1" 200 6635533 "-" "Mozilla/4.0 (compatible; MSIE 5.00; Windows 98)"
220.181.51.220 - - [18/May/2012:10:33:21 +0800] "GET /music/moved200909/20090930.mp3? HTTP/1.0" 200 4239744 "-" "NSPlayer/10.0.0.4072 WMFSDK/10.0"
1.202.218.8 - - [18/May/2012:10:34:01 +0800] "GET /robots.txt HTTP/1.0" 404 351 "-" "\"Mozilla/5.0"
1.85.17.130 - - [18/May/2012:10:32:29 +0800] "GET /2008-07/\xb1\xea\xd7\xbc\xc8\xd5\xb1\xbe\xd3\xef\xd6\xd0\xbc\xb623-24.rmvb HTTP/1.1" 206 34909770 "http://download.jptranslate.com/2008-07/" "Mozilla/4.0 (compatible; MSIE 6.0; Windows NT 5.1; .NET CLR 2.0.50727; .NET CLR 3.0.04506.648; .NET CLR 3.5.21022; InfoPath.3; .NET CLR 3.0.4506.2152; .NET CLR 3.5.30729)"
1.85.17.130 - - [18/May/2012:10:30:48 +0800] "GET /2008-07/\xb1\xea\xd7\xbc\xc8\xd5\xb1\xbe\xd3\xef\xd6\xd0\xbc\xb623-24.rmvb HTTP/1.1" 206 34385482 "http://download.jptranslate.com/2008-07/" "Mozilla/4.0 (compatible; MSIE 6.0; Windows NT 5.1; .NET CLR 2.0.50727; .NET CLR 3.0.04506.648; .NET CLR 3.5.21022; InfoPath.3; .NET CLR 3.0.4506.2152; .NET CLR 3.5.30729)"
1.85.17.130 - - [18/May/2012:10:34:12 +0800] "GET /2008-07/\xb1\xea\xd7\xbc\xc8\xd5\xb1\xbe\xd3\xef\xd6\xd0\xbc\xb619-20.rmvb HTTP/1.1" 206 69616930 "http://download.jptranslate.com/2008-07/" "Mozilla/4.0 (compatible; MSIE 6.0; Windows NT 5.1; .NET CLR 2.0.50727; .NET CLR 3.0.04506.648; .NET CLR 3.5.21022; InfoPath.3; .NET CLR 3.0.4506.2152; .NET CLR 3.5.30729)"
1.85.17.130 - - [18/May/2012:10:32:26 +0800] "GET /2008-07/\xb1\xea\xd7\xbc\xc8\xd5\xb1\xbe\xd3\xef\xd6\xd0\xbc\xb619-20.rmvb HTTP/1.1" 206 71845154 "http://download.jptranslate.com/2008-07/" "Mozilla/4.0 (compatible; MSIE 6.0; Windows NT 5.1; .NET CLR 2.0.50727; .NET CLR 3.0.04506.648; .NET CLR 3.5.21022; InfoPath.3; .NET CLR 3.0.4506.2152; .NET CLR 3.5.30729)"
1.85.17.130 - - [18/May/2012:10:35:32 +0800] "GET /2008-07/\xb1\xea\xd7\xbc\xc8\xd5\xb1\xbe\xd3\xef\xd6\xd0\xbc\xb623-24.rmvb HTTP/1.1" 206 34753925 "http://download.jptranslate.com/2008-07/" "Mozilla/4.0 (compatible; MSIE 6.0; Windows NT 5.1; .NET CLR 2.0.50727; .NET CLR 3.0.04506.648; .NET CLR 3.5.21022; InfoPath.3; .NET CLR 3.0.4506.2152; .NET CLR 3.5.30729)"
1.85.17.130 - - [18/May/2012:10:32:40 +0800] "GET /2008-07/\xb1\xea\xd7\xbc\xc8\xd5\xb1\xbe\xd3\xef\xd6\xd0\xbc\xb619-20.rmvb HTTP/1.1" 206 74597666 "http://download.jptranslate.com/2008-07/" "Mozilla/4.0 (compatible; MSIE 6.0; Windows NT 5.1; .NET CLR 2.0.50727; .NET CLR 3.0.04506.648; .NET CLR 3.5.21022; InfoPath.3; .NET CLR 3.0.4506.2152; .NET CLR 3.5.30729)"
180.76.5.111 - - [18/May/2012:10:36:00 +0800] "GET / HTTP/1.1" 200 1418 "-" "Mozilla/5.0 (compatible; Baiduspider/2.0; +http://www.baidu.com/search/spider.html)"
1.85.17.130 - - [18/May/2012:10:35:31 +0800] "GET /2008-07/\xb1\xea\xd7\xbc\xc8\xd5\xb1\xbe\xd3\xef\xd6\xd0\xbc\xb619-20.rmvb HTTP/1.1" 206 69616930 "http://download.jptranslate.com/2008-07/" "Mozilla/4.0 (compatible; MSIE 6.0; Windows NT 5.1; .NET CLR 2.0.50727; .NET CLR 3.0.04506.648; .NET CLR 3.5.21022; InfoPath.3; .NET CLR 3.0.4506.2152; .NET CLR 3.5.30729)"
38.107.179.232 - - [18/May/2012:10:35:41 +0800] "GET /2008-07/%d0%c2%b0%e6%b1%ea%c8%d5.rar HTTP/1.1" 200 72790617 "-" "CCBot/1.0 (+http://www.commoncrawl.org/bot.html)"
61.135.190.216 - - [18/May/2012:10:36:55 +0800] "GET /music/moved200909/20090930.mp3? HTTP/1.0" 200 4239744 "-" "NSPlayer/10.0.0.4072 WMFSDK/10.0"
117.40.132.10 - - [18/May/2012:10:38:13 +0800] "GET /music/moved200909/20090918.mp3 HTTP/1.1" 200 6246400 "http://download.jptranslate.com/" "Mozilla/4.0 (compatible; MSIE 6.0; Windows NT 5.1; .NET CLR 2.0.50727)"
117.40.132.10 - - [18/May/2012:10:38:14 +0800] "GET /music/moved200909/20090918.mp3 HTTP/1.1" 206 151552 "http://download.jptranslate.com/" "Mozilla/4.0 (compatible; MSIE 6.0; Windows NT 5.1; .NET CLR 2.0.50727)"
117.40.132.10 - - [18/May/2012:10:38:14 +0800] "GET /music/moved200909/20090918.mp3 HTTP/1.1" 206 151552 "http://download.jptranslate.com/" "Mozilla/4.0 (compatible; MSIE 6.0; Windows NT 5.1; .NET CLR 2.0.50727)"
117.40.132.10 - - [18/May/2012:10:38:14 +0800] "GET /music/moved200909/20090918.mp3 HTTP/1.1" 206 151552 "http://download.jptranslate.com/" "Mozilla/4.0 (compatible; MSIE 6.0; Windows NT 5.1; .NET CLR 2.0.50727)"
117.40.132.10 - - [18/May/2012:10:38:14 +0800] "GET /music/moved200909/20090918.mp3 HTTP/1.1" 206 151552 "http://download.jptranslate.com/" "Mozilla/4.0 (compatible; MSIE 6.0; Windows NT 5.1; .NET CLR 2.0.50727)"
117.40.132.10 - - [18/May/2012:10:38:14 +0800] "GET /music/moved200909/20090918.mp3 HTTP/1.1" 206 151552 "http://download.jptranslate.com/" "Mozilla/4.0 (compatible; MSIE 6.0; Windows NT 5.1; .NET CLR 2.0.50727)"
1.85.17.130 - - [18/May/2012:10:35:36 +0800] "GET /2008-07/\xb1\xea\xd7\xbc\xc8\xd5\xb1\xbe\xd3\xef\xd6\xd0\xbc\xb623-24.rmvb HTTP/1.1" 206 34753925 "http://download.jptranslate.com/2008-07/" "Mozilla/4.0 (compatible; MSIE 6.0; Windows NT 5.1; .NET CLR 2.0.50727; .NET CLR 3.0.04506.648; .NET CLR 3.5.21022; InfoPath.3; .NET CLR 3.0.4506.2152; .NET CLR 3.5.30729)"
117.40.132.10 - - [18/May/2012:10:38:17 +0800] "GET /music/moved200909/20090918.mp3 HTTP/1.1" 206 86016 "http://download.jptranslate.com/" "Mozilla/4.0 (compatible; MSIE 6.0; Windows NT 5.1; .NET CLR 2.0.50727)"
117.40.132.10 - - [18/May/2012:10:38:17 +0800] "GET /music/moved200909/20090918.mp3 HTTP/1.1" 206 86016 "http://download.jptranslate.com/" "Mozilla/4.0 (compatible; MSIE 6.0; Windows NT 5.1; .NET CLR 2.0.50727)"
117.40.132.10 - - [18/May/2012:10:38:17 +0800] "GET /music/moved200909/20090918.mp3 HTTP/1.1" 206 86016 "http://download.jptranslate.com/" "Mozilla/4.0 (compatible; MSIE 6.0; Windows NT 5.1; .NET CLR 2.0.50727)"
117.40.132.10 - - [18/May/2012:10:38:17 +0800] "GET /music/moved200909/20090918.mp3 HTTP/1.1" 206 86016 "http://download.jptranslate.com/" "Mozilla/4.0 (compatible; MSIE 6.0; Windows NT 5.1; .NET CLR 2.0.50727)"
117.40.132.10 - - [18/May/2012:10:38:17 +0800] "GET /music/moved200909/20090918.mp3 HTTP/1.1" 206 86016 "http://download.jptranslate.com/" "Mozilla/4.0 (compatible; MSIE 6.0; Windows NT 5.1; .NET CLR 2.0.50727)"
