1.85.17.130 - - [18/May/2012:14:06:42 +0800] "GET /2008-07/23.rm HTTP/1.1" 503 466 "http://download.jptranslate.com/2008-07/" "Mozilla/4.0 (compatible; MSIE 6.0; Windows NT 5.1; .NET CLR 2.0.50727; .NET CLR 3.0.04506.648; .NET CLR 3.5.21022; InfoPath.3; .NET CLR 3.0.4506.2152; .NET CLR 3.5.30729)"
1.85.17.130 - - [18/May/2012:14:06:55 +0800] "GET /2008-07/23.rm HTTP/1.1" 503 466 "http://download.jptranslate.com/2008-07/" "Mozilla/4.0 (compatible; MSIE 6.0; Windows NT 5.1; .NET CLR 2.0.50727; .NET CLR 3.0.04506.648; .NET CLR 3.5.21022; InfoPath.3; .NET CLR 3.0.4506.2152; .NET CLR 3.5.30729)"
1.85.17.130 - - [18/May/2012:14:05:21 +0800] "GET /2008-07/23.rm HTTP/1.1" 206 63822938 "http://download.jptranslate.com/2008-07/" "Mozilla/4.0 (compatible; MSIE 6.0; Windows NT 5.1; .NET CLR 2.0.50727; .NET CLR 3.0.04506.648; .NET CLR 3.5.21022; InfoPath.3; .NET CLR 3.0.4506.2152; .NET CLR 3.5.30729)"
1.85.17.130 - - [18/May/2012:14:07:00 +0800] "GET /2008-07/\xd0\xc2\xc8\xd5\xd3\xef\xbb\xf9\xb4\xa1\xbd\xcc\xb3\xcc.rar HTTP/1.1" 206 2936613 "http://download.jptranslate.com/2008-07/" "Mozilla/4.0 (compatible; MSIE 6.0; Windows NT 5.1; .NET CLR 2.0.50727; .NET CLR 3.0.04506.648; .NET CLR 3.5.21022; InfoPath.3; .NET CLR 3.0.4506.2152; .NET CLR 3.5.30729)"
61.135.190.215 - - [18/May/2012:14:07:14 +0800] "GET /music/moved200909/20090930.mp3? HTTP/1.0" 200 4239744 "-" "NSPlayer/10.0.0.4072 WMFSDK/10.0"
1.85.17.130 - - [18/May/2012:14:07:15 +0800] "GET /2008-07/23.rm HTTP/1.1" 503 466 "http://download.jptranslate.com/2008-07/" "Mozilla/4.0 (compatible; MSIE 6.0; Windows NT 5.1; .NET CLR 2.0.50727; .NET CLR 3.0.04506.648; .NET CLR 3.5.21022; InfoPath.3; .NET CLR 3.0.4506.2152; .NET CLR 3.5.30729)"
1.85.17.130 - - [18/May/2012:14:07:15 +0800] "GET /2008-07/\xd0\xc2\xc8\xd5\xd3\xef\xbb\xf9\xb4\xa1\xbd\xcc\xb3\xcc.rar HTTP/1.1" 206 19255077 "http://download.jptranslate.com/2008-07/" "Mozilla/4.0 (compatible; MSIE 6.0; Windows NT 5.1; .NET CLR 2.0.50727; .NET CLR 3.0.04506.648; .NET CLR 3.5.21022; InfoPath.3; .NET CLR 3.0.4506.2152; .NET CLR 3.5.30729)"
1.85.17.130 - - [18/May/2012:14:05:07 +0800] "GET /2008-07/\xd0\xc2\xc8\xd5\xd3\xef\xbb\xf9\xb4\xa1\xbd\xcc\xb3\xcc.rar HTTP/1.1" 206 9186103 "http://download.jptranslate.com/2008-07/" "Mozilla/4.0 (compatible; MSIE 6.0; Windows NT 5.1; .NET CLR 2.0.50727; .NET CLR 3.0.04506.648; .NET CLR 3.5.21022; InfoPath.3; .NET CLR 3.0.4506.2152; .NET CLR 3.5.30729)"
1.85.17.130 - - [18/May/2012:14:07:27 +0800] "GET /2008-07/\xd0\xc2\xc8\xd5\xd3\xef\xbb\xf9\xb4\xa1\xbd\xcc\xb3\xcc.rar HTTP/1.1" 503 466 "http://download.jptranslate.com/2008-07/" "Mozilla/4.0 (compatible; MSIE 6.0; Windows NT 5.1; .NET CLR 2.0.50727; .NET CLR 3.0.04506.648; .NET CLR 3.5.21022; InfoPath.3; .NET CLR 3.0.4506.2152; .NET CLR 3.5.30729)"
1.85.17.130 - - [18/May/2012:14:05:55 +0800] "GET /2008-07/\xd0\xc2\xc8\xd5\xd3\xef\xbb\xf9\xb4\xa1\xbd\xcc\xb3\xcc.rar HTTP/1.1" 206 8467383 "http://download.jptranslate.com/2008-07/" "Mozilla/4.0 (compatible; MSIE 6.0; Windows NT 5.1; .NET CLR 2.0.50727; .NET CLR 3.0.04506.648; .NET CLR 3.5.21022; InfoPath.3; .NET CLR 3.0.4506.2152; .NET CLR 3.5.30729)"
1.85.17.130 - - [18/May/2012:14:07:29 +0800] "GET /2008-07/%E6%96%B0%E6%97%A5%E8%AF%AD%E5%9F%BA%E7%A1%80%E6%95%99%E7%A8%8B.rar HTTP/1.1" 404 374 "http://download.jptranslate.com/2008-07/" "Mozilla/4.0 (compatible; MSIE 6.0; Windows NT 5.1; .NET CLR 2.0.50727; .NET CLR 3.0.04506.648; .NET CLR 3.5.21022; InfoPath.3; .NET CLR 3.0.4506.2152; .NET CLR 3.5.30729)"
1.85.17.130 - - [18/May/2012:14:07:26 +0800] "GET /2008-07/\xd0\xc2\xc8\xd5\xd3\xef\xbb\xf9\xb4\xa1\xbd\xcc\xb3\xcc.rar HTTP/1.1" 206 19255077 "http://download.jptranslate.com/2008-07/" "Mozilla/4.0 (compatible; MSIE 6.0; Windows NT 5.1; .NET CLR 2.0.50727; .NET CLR 3.0.04506.648; .NET CLR 3.5.21022; InfoPath.3; .NET CLR 3.0.4506.2152; .NET CLR 3.5.30729)"
125.64.215.44 - - [18/May/2012:14:04:35 +0800] "GET /music/moved200909/20090918.mp3 HTTP/1.1" 200 6246400 "http://box.zhangmen.baidu.com/m?tn=baidumt&gate=cb&from=idd&l_cb=http%3A%2F%2Fmp3.baidu.com%2Fm%3Ff%3Dms%26rn%3D%26tn%3Dbdmp3idjs%26ct%3D134217728%26word%3D%25B6%25AF%25C2%25FE%26lm%3D-1&s_o=12" "Mozilla/4.0 (compatible; MSIE 7.0; Windows NT 5.1; Trident/4.0; .NET CLR 2.0.50727)"
1.85.17.130 - - [18/May/2012:14:07:16 +0800] "GET /2008-07/23.rm HTTP/1.1" 206 63822938 "http://download.jptranslate.com/2008-07/" "Mozilla/4.0 (compatible; MSIE 6.0; Windows NT 5.1; .NET CLR 2.0.50727; .NET CLR 3.0.04506.648; .NET CLR 3.5.21022; InfoPath.3; .NET CLR 3.0.4506.2152; .NET CLR 3.5.30729)"
58.212.213.42 - - [18/May/2012:14:07:43 +0800] "GET /music/moved200909/20090921.mp3 HTTP/1.1" 200 4828683 "-" "NSPlayer/11.0.5721.5275 WMFSDK/11.0"
58.212.213.42 - - [18/May/2012:14:07:45 +0800] "GET /music/moved200909/20090921.mp3 HTTP/1.1" 200 4828683 "-" "NSPlayer/11.0.5721.5275 WMFSDK/11.0"
58.212.213.42 - - [18/May/2012:14:07:46 +0800] "GET /music/moved200909/20090921.mp3 HTTP/1.1" 200 4828683 "-" "NSPlayer/11.0.5721.5275 WMFSDK/11.0"
58.212.213.42 - - [18/May/2012:14:07:48 +0800] "GET /music/moved200909/20090921.mp3 HTTP/1.1" 200 4828683 "-" "NSPlayer/11.0.5721.5275 WMFSDK/11.0"
58.212.213.42 - - [18/May/2012:14:07:49 +0800] "GET /music/moved200909/20090921.mp3 HTTP/1.1" 200 4828683 "-" "NSPlayer/11.0.5721.5275 WMFSDK/11.0"
58.212.213.42 - - [18/May/2012:14:07:51 +0800] "GET /music/moved200909/20090921.mp3 HTTP/1.1" 200 4828683 "-" "NSPlayer/11.0.5721.5275 WMFSDK/11.0"
58.212.213.42 - - [18/May/2012:14:07:52 +0800] "GET /music/moved200909/20090921.mp3 HTTP/1.1" 200 4828683 "-" "NSPlayer/11.0.5721.5275 WMFSDK/11.0"
58.212.213.42 - - [18/May/2012:14:07:54 +0800] "GET /music/moved200909/20090921.mp3 HTTP/1.1" 200 4828683 "-" "NSPlayer/11.0.5721.5275 WMFSDK/11.0"
58.212.213.42 - - [18/May/2012:14:07:55 +0800] "GET /music/moved200909/20090921.mp3 HTTP/1.1" 200 4828683 "-" "NSPlayer/11.0.5721.5275 WMFSDK/11.0"
58.212.213.42 - - [18/May/2012:14:07:57 +0800] "GET /music/moved200909/20090921.mp3 HTTP/1.1" 200 4828683 "-" "NSPlayer/11.0.5721.5275 WMFSDK/11.0"
58.212.213.42 - - [18/May/2012:14:07:58 +0800] "GET /music/moved200909/20090921.mp3 HTTP/1.1" 200 4828683 "-" "NSPlayer/11.0.5721.5275 WMFSDK/11.0"
1.85.17.130 - - [18/May/2012:14:04:40 +0800] "GET /2008-07/\xd0\xc2\xc8\xd5\xd3\xef\xbb\xf9\xb4\xa1\xbd\xcc\xb3\xcc.rar HTTP/1.1" 206 4636543 "http://download.jptranslate.com/2008-07/" "Mozilla/4.0 (compatible; MSIE 6.0; Windows NT 5.1; .NET CLR 2.0.50727; .NET CLR 3.0.04506.648; .NET CLR 3.5.21022; InfoPath.3; .NET CLR 3.0.4506.2152; .NET CLR 3.5.30729)"
58.212.213.42 - - [18/May/2012:14:08:00 +0800] "GET /music/moved200909/20090921.mp3 HTTP/1.1" 200 4828683 "-" "NSPlayer/11.0.5721.5275 WMFSDK/11.0"
58.212.213.42 - - [18/May/2012:14:08:01 +0800] "GET /music/moved200909/20090921.mp3 HTTP/1.1" 200 4828683 "-" "NSPlayer/11.0.5721.5275 WMFSDK/11.0"
58.212.213.42 - - [18/May/2012:14:08:03 +0800] "GET /music/moved200909/20090921.mp3 HTTP/1.1" 200 4828683 "-" "NSPlayer/11.0.5721.5275 WMFSDK/11.0"
58.212.213.42 - - [18/May/2012:14:08:04 +0800] "GET /music/moved200909/20090921.mp3 HTTP/1.1" 200 4828683 "-" "NSPlayer/11.0.5721.5275 WMFSDK/11.0"
58.212.213.42 - - [18/May/2012:14:08:07 +0800] "GET /music/moved200909/20090921.mp3 HTTP/1.1" 200 4828683 "-" "NSPlayer/11.0.5721.5275 WMFSDK/11.0"
58.212.213.42 - - [18/May/2012:14:08:08 +0800] "GET /music/moved200909/20090921.mp3 HTTP/1.1" 200 4828683 "-" "NSPlayer/11.0.5721.5275 WMFSDK/11.0"
58.212.213.42 - - [18/May/2012:14:08:10 +0800] "GET /music/moved200909/20090921.mp3 HTTP/1.1" 200 4828683 "-" "NSPlayer/11.0.5721.5275 WMFSDK/11.0"
58.212.213.42 - - [18/May/2012:14:08:11 +0800] "GET /music/moved200909/20090921.mp3 HTTP/1.1" 200 4828683 "-" "NSPlayer/11.0.5721.5275 WMFSDK/11.0"
1.85.17.130 - - [18/May/2012:14:07:33 +0800] "GET /2008-07/\xd0\xc2\xc8\xd5\xd3\xef\xbb\xf9\xb4\xa1\xbd\xcc\xb3\xcc.rar HTTP/1.1" 206 19255077 "http://download.jptranslate.com/2008-07/" "Mozilla/4.0 (compatible; MSIE 6.0; Windows NT 5.1; .NET CLR 2.0.50727; .NET CLR 3.0.04506.648; .NET CLR 3.5.21022; InfoPath.3; .NET CLR 3.0.4506.2152; .NET CLR 3.5.30729)"
58.212.213.42 - - [18/May/2012:14:08:13 +0800] "GET /music/moved200909/20090921.mp3 HTTP/1.1" 200 4828683 "-" "NSPlayer/11.0.5721.5275 WMFSDK/11.0"
58.212.213.42 - - [18/May/2012:14:08:14 +0800] "GET /music/moved200909/20090921.mp3 HTTP/1.1" 200 4828683 "-" "NSPlayer/11.0.5721.5275 WMFSDK/11.0"
58.212.213.42 - - [18/May/2012:14:08:16 +0800] "GET /music/moved200909/20090921.mp3 HTTP/1.1" 200 4828683 "-" "NSPlayer/11.0.5721.5275 WMFSDK/11.0"
58.212.213.42 - - [18/May/2012:14:08:17 +0800] "GET /music/moved200909/20090921.mp3 HTTP/1.1" 200 4828683 "-" "NSPlayer/11.0.5721.5275 WMFSDK/11.0"
58.212.213.42 - - [18/May/2012:14:08:19 +0800] "GET /music/moved200909/20090921.mp3 HTTP/1.1" 200 4828683 "-" "NSPlayer/11.0.5721.5275 WMFSDK/11.0"
58.212.213.42 - - [18/May/2012:14:08:20 +0800] "GET /music/moved200909/20090921.mp3 HTTP/1.1" 200 4828683 "-" "NSPlayer/11.0.5721.5275 WMFSDK/11.0"
58.212.213.42 - - [18/May/2012:14:08:22 +0800] "GET /music/moved200909/20090921.mp3 HTTP/1.1" 200 4828683 "-" "NSPlayer/11.0.5721.5275 WMFSDK/11.0"
58.212.213.42 - - [18/May/2012:14:08:23 +0800] "GET /music/moved200909/20090921.mp3 HTTP/1.1" 200 4828683 "-" "NSPlayer/11.0.5721.5275 WMFSDK/11.0"
58.212.213.42 - - [18/May/2012:14:08:25 +0800] "GET /music/moved200909/20090921.mp3 HTTP/1.1" 200 4828683 "-" "NSPlayer/11.0.5721.5275 WMFSDK/11.0"
58.212.213.42 - - [18/May/2012:14:08:26 +0800] "GET /music/moved200909/20090921.mp3 HTTP/1.1" 200 4828683 "-" "NSPlayer/11.0.5721.5275 WMFSDK/11.0"
1.85.17.130 - - [18/May/2012:14:08:28 +0800] "GET /2008-07/\xd0\xc2\xc8\xd5\xd3\xef\xbb\xf9\xb4\xa1\xbd\xcc\xb3\xcc.rar HTTP/1.1" 503 466 "http://download.jptranslate.com/2008-07/" "Mozilla/4.0 (compatible; MSIE 6.0; Windows NT 5.1; .NET CLR 2.0.50727; .NET CLR 3.0.04506.648; .NET CLR 3.5.21022; InfoPath.3; .NET CLR 3.0.4506.2152; .NET CLR 3.5.30729)"
58.212.213.42 - - [18/May/2012:14:08:28 +0800] "GET /music/moved200909/20090921.mp3 HTTP/1.1" 200 4828683 "-" "NSPlayer/11.0.5721.5275 WMFSDK/11.0"
58.212.213.42 - - [18/May/2012:14:08:29 +0800] "GET /music/moved200909/20090921.mp3 HTTP/1.1" 200 4828683 "-" "NSPlayer/11.0.5721.5275 WMFSDK/11.0"
1.85.17.130 - - [18/May/2012:14:08:32 +0800] "GET /2008-07/\xd0\xc2\xc8\xd5\xd3\xef\xbb\xf9\xb4\xa1\xbd\xcc\xb3\xcc.rar HTTP/1.1" 503 466 "http://download.jptranslate.com/2008-07/" "Mozilla/4.0 (compatible; MSIE 6.0; Windows NT 5.1; .NET CLR 2.0.50727; .NET CLR 3.0.04506.648; .NET CLR 3.5.21022; InfoPath.3; .NET CLR 3.0.4506.2152; .NET CLR 3.5.30729)"
58.212.213.42 - - [18/May/2012:14:08:31 +0800] "GET /music/moved200909/20090921.mp3 HTTP/1.1" 200 4828683 "-" "NSPlayer/11.0.5721.5275 WMFSDK/11.0"
1.85.17.130 - - [18/May/2012:14:05:13 +0800] "GET /2008-07/\xd0\xc2\xc8\xd5\xd3\xef\xbb\xf9\xb4\xa1\xbd\xcc\xb3\xcc.rar HTTP/1.1" 206 8467383 "http://download.jptranslate.com/2008-07/" "Mozilla/4.0 (compatible; MSIE 6.0; Windows NT 5.1; .NET CLR 2.0.50727; .NET CLR 3.0.04506.648; .NET CLR 3.5.21022; InfoPath.3; .NET CLR 3.0.4506.2152; .NET CLR 3.5.30729)"
58.212.213.42 - - [18/May/2012:14:08:32 +0800] "GET /music/moved200909/20090921.mp3 HTTP/1.1" 200 4828683 "-" "NSPlayer/11.0.5721.5275 WMFSDK/11.0"
1.85.17.130 - - [18/May/2012:14:08:34 +0800] "GET /2008-07/%E6%96%B0%E6%97%A5%E8%AF%AD%E5%9F%BA%E7%A1%80%E6%95%99%E7%A8%8B.rar HTTP/1.1" 404 374 "http://download.jptranslate.com/2008-07/" "Mozilla/4.0 (compatible; MSIE 6.0; Windows NT 5.1; .NET CLR 2.0.50727; .NET CLR 3.0.04506.648; .NET CLR 3.5.21022; InfoPath.3; .NET CLR 3.0.4506.2152; .NET CLR 3.5.30729)"
58.212.213.42 - - [18/May/2012:14:08:34 +0800] "GET /music/moved200909/20090921.mp3 HTTP/1.1" 200 4828683 "-" "NSPlayer/11.0.5721.5275 WMFSDK/11.0"
58.212.213.42 - - [18/May/2012:14:08:35 +0800] "GET /music/moved200909/20090921.mp3 HTTP/1.1" 200 4828683 "-" "NSPlayer/11.0.5721.5275 WMFSDK/11.0"
58.212.213.42 - - [18/May/2012:14:08:37 +0800] "GET /music/moved200909/20090921.mp3 HTTP/1.1" 200 4828683 "-" "NSPlayer/11.0.5721.5275 WMFSDK/11.0"
58.212.213.42 - - [18/May/2012:14:08:38 +0800] "GET /music/moved200909/20090921.mp3 HTTP/1.1" 200 4828683 "-" "NSPlayer/11.0.5721.5275 WMFSDK/11.0"
58.212.213.42 - - [18/May/2012:14:08:40 +0800] "GET /music/moved200909/20090921.mp3 HTTP/1.1" 200 4828683 "-" "NSPlayer/11.0.5721.5275 WMFSDK/11.0"
58.212.213.42 - - [18/May/2012:14:08:41 +0800] "GET /music/moved200909/20090921.mp3 HTTP/1.1" 200 4828683 "-" "NSPlayer/11.0.5721.5275 WMFSDK/11.0"
58.212.213.42 - - [18/May/2012:14:08:44 +0800] "GET /music/moved200909/20090921.mp3 HTTP/1.1" 200 4828683 "-" "NSPlayer/11.0.5721.5275 WMFSDK/11.0"
58.212.213.42 - - [18/May/2012:14:08:45 +0800] "GET /music/moved200909/20090921.mp3 HTTP/1.1" 200 4828683 "-" "NSPlayer/11.0.5721.5275 WMFSDK/11.0"
58.212.213.42 - - [18/May/2012:14:08:47 +0800] "GET /music/moved200909/20090921.mp3 HTTP/1.1" 200 4828683 "-" "NSPlayer/11.0.5721.5275 WMFSDK/11.0"
58.212.213.42 - - [18/May/2012:14:08:48 +0800] "GET /music/moved200909/20090921.mp3 HTTP/1.1" 200 4828683 "-" "NSPlayer/11.0.5721.5275 WMFSDK/11.0"
58.212.213.42 - - [18/May/2012:14:08:50 +0800] "GET /music/moved200909/20090921.mp3 HTTP/1.1" 200 4828683 "-" "NSPlayer/11.0.5721.5275 WMFSDK/11.0"
58.212.213.42 - - [18/May/2012:14:08:51 +0800] "GET /music/moved200909/20090921.mp3 HTTP/1.1" 200 4828683 "-" "NSPlayer/11.0.5721.5275 WMFSDK/11.0"
58.212.213.42 - - [18/May/2012:14:08:53 +0800] "GET /music/moved200909/20090921.mp3 HTTP/1.1" 200 4828683 "-" "NSPlayer/11.0.5721.5275 WMFSDK/11.0"
58.212.213.42 - - [18/May/2012:14:08:54 +0800] "GET /music/moved200909/20090921.mp3 HTTP/1.1" 200 4828683 "-" "NSPlayer/11.0.5721.5275 WMFSDK/11.0"
58.212.213.42 - - [18/May/2012:14:08:56 +0800] "GET /music/moved200909/20090921.mp3 HTTP/1.1" 200 4828683 "-" "NSPlayer/11.0.5721.5275 WMFSDK/11.0"
58.212.213.42 - - [18/May/2012:14:08:57 +0800] "GET /music/moved200909/20090921.mp3 HTTP/1.1" 200 4828683 "-" "NSPlayer/11.0.5721.5275 WMFSDK/11.0"
123.156.64.79 - - [18/May/2012:14:06:26 +0800] "GET /music/moved200909/20090921.mp3 HTTP/1.1" 200 4828683 "-" "Mozilla/4.0 (compatible; MSIE 5.00; Windows 98)"
58.212.213.42 - - [18/May/2012:14:08:59 +0800] "GET /music/moved200909/20090921.mp3 HTTP/1.1" 200 4828683 "-" "NSPlayer/11.0.5721.5275 WMFSDK/11.0"
58.212.213.42 - - [18/May/2012:14:09:00 +0800] "GET /music/moved200909/20090921.mp3 HTTP/1.1" 200 4828683 "-" "NSPlayer/11.0.5721.5275 WMFSDK/11.0"
58.212.213.42 - - [18/May/2012:14:09:02 +0800] "GET /music/moved200909/20090921.mp3 HTTP/1.1" 200 4828683 "-" "NSPlayer/11.0.5721.5275 WMFSDK/11.0"
58.212.213.42 - - [18/May/2012:14:09:06 +0800] "GET /music/moved200909/20090921.mp3 HTTP/1.1" 200 4828683 "-" "NSPlayer/11.0.5721.5275 WMFSDK/11.0"
58.212.213.42 - - [18/May/2012:14:09:08 +0800] "GET /music/moved200909/20090921.mp3 HTTP/1.1" 200 4828683 "-" "NSPlayer/11.0.5721.5275 WMFSDK/11.0"
58.212.213.42 - - [18/May/2012:14:09:09 +0800] "GET /music/moved200909/20090921.mp3 HTTP/1.1" 200 4828683 "-" "NSPlayer/11.0.5721.5275 WMFSDK/11.0"
180.51.54.219 - - [18/May/2012:14:08:41 +0800] "GET /music/moved200909/20090916.mp3 HTTP/1.1" 200 6705864 "-" "Mozilla/4.0 (compatible; MSIE 5.00; Windows 98)"
1.85.17.130 - - [18/May/2012:14:09:12 +0800] "GET /2008-07/%E6%96%B0%E6%97%A5%E8%AF%AD%E5%9F%BA%E7%A1%80%E6%95%99%E7%A8%8B.rar HTTP/1.1" 503 466 "http://download.jptranslate.com/2008-07/" "Mozilla/4.0 (compatible; MSIE 6.0; Windows NT 5.1; .NET CLR 2.0.50727; .NET CLR 3.0.04506.648; .NET CLR 3.5.21022; InfoPath.3; .NET CLR 3.0.4506.2152; .NET CLR 3.5.30729)"
58.212.213.42 - - [18/May/2012:14:09:11 +0800] "GET /music/moved200909/20090921.mp3 HTTP/1.1" 200 4828683 "-" "NSPlayer/11.0.5721.5275 WMFSDK/11.0"
58.212.213.42 - - [18/May/2012:14:09:12 +0800] "GET /music/moved200909/20090921.mp3 HTTP/1.1" 200 4828683 "-" "NSPlayer/11.0.5721.5275 WMFSDK/11.0"
1.85.17.130 - - [18/May/2012:14:08:22 +0800] "GET /2008-07/\xd0\xc2\xc8\xd5\xd3\xef\xbb\xf9\xb4\xa1\xbd\xcc\xb3\xcc.rar HTTP/1.1" 206 8467383 "http://download.jptranslate.com/2008-07/" "Mozilla/4.0 (compatible; MSIE 6.0; Windows NT 5.1; .NET CLR 2.0.50727; .NET CLR 3.0.04506.648; .NET CLR 3.5.21022; InfoPath.3; .NET CLR 3.0.4506.2152; .NET CLR 3.5.30729)"
58.212.213.42 - - [18/May/2012:14:09:14 +0800] "GET /music/moved200909/20090921.mp3 HTTP/1.1" 200 4828683 "-" "NSPlayer/11.0.5721.5275 WMFSDK/11.0"
58.212.213.42 - - [18/May/2012:14:09:15 +0800] "GET /music/moved200909/20090921.mp3 HTTP/1.1" 200 4828683 "-" "NSPlayer/11.0.5721.5275 WMFSDK/11.0"
1.85.17.130 - - [18/May/2012:14:07:43 +0800] "GET /2008-07/\xd0\xc2\xc8\xd5\xd3\xef\xbb\xf9\xb4\xa1\xbd\xcc\xb3\xcc.rar HTTP/1.1" 206 9844853 "http://download.jptranslate.com/2008-07/" "Mozilla/4.0 (compatible; MSIE 6.0; Windows NT 5.1; .NET CLR 2.0.50727; .NET CLR 3.0.04506.648; .NET CLR 3.5.21022; InfoPath.3; .NET CLR 3.0.4506.2152; .NET CLR 3.5.30729)"
58.212.213.42 - - [18/May/2012:14:09:17 +0800] "GET /music/moved200909/20090921.mp3 HTTP/1.1" 200 4828683 "-" "NSPlayer/11.0.5721.5275 WMFSDK/11.0"
58.212.213.42 - - [18/May/2012:14:09:18 +0800] "GET /music/moved200909/20090921.mp3 HTTP/1.1" 200 4828683 "-" "NSPlayer/11.0.5721.5275 WMFSDK/11.0"
58.212.213.42 - - [18/May/2012:14:09:21 +0800] "GET /music/moved200909/20090921.mp3 HTTP/1.1" 200 4828683 "-" "NSPlayer/11.0.5721.5275 WMFSDK/11.0"
58.212.213.42 - - [18/May/2012:14:09:22 +0800] "GET /music/moved200909/20090921.mp3 HTTP/1.1" 200 4828683 "-" "NSPlayer/11.0.5721.5275 WMFSDK/11.0"
1.85.17.130 - - [18/May/2012:14:09:24 +0800] "GET /2008-07/%E6%96%B0%E6%97%A5%E8%AF%AD%E5%9F%BA%E7%A1%80%E6%95%99%E7%A8%8B.rar HTTP/1.1" 404 374 "http://download.jptranslate.com/2008-07/" "Mozilla/4.0 (compatible; MSIE 6.0; Windows NT 5.1; .NET CLR 2.0.50727; .NET CLR 3.0.04506.648; .NET CLR 3.5.21022; InfoPath.3; .NET CLR 3.0.4506.2152; .NET CLR 3.5.30729)"
58.212.213.42 - - [18/May/2012:14:09:24 +0800] "GET /music/moved200909/20090921.mp3 HTTP/1.1" 200 4828683 "-" "NSPlayer/11.0.5721.5275 WMFSDK/11.0"
58.212.213.42 - - [18/May/2012:14:09:25 +0800] "GET /music/moved200909/20090921.mp3 HTTP/1.1" 200 4828683 "-" "NSPlayer/11.0.5721.5275 WMFSDK/11.0"
58.212.213.42 - - [18/May/2012:14:09:27 +0800] "GET /music/moved200909/20090921.mp3 HTTP/1.1" 200 4828683 "-" "NSPlayer/11.0.5721.5275 WMFSDK/11.0"
58.212.213.42 - - [18/May/2012:14:09:28 +0800] "GET /music/moved200909/20090921.mp3 HTTP/1.1" 200 4828683 "-" "NSPlayer/11.0.5721.5275 WMFSDK/11.0"
1.85.17.130 - - [18/May/2012:14:07:57 +0800] "GET /2008-07/\xd0\xc2\xc8\xd5\xd3\xef\xbb\xf9\xb4\xa1\xbd\xcc\xb3\xcc.rar HTTP/1.1" 206 4509477 "http://download.jptranslate.com/2008-07/" "Mozilla/4.0 (compatible; MSIE 6.0; Windows NT 5.1; .NET CLR 2.0.50727; .NET CLR 3.0.04506.648; .NET CLR 3.5.21022; InfoPath.3; .NET CLR 3.0.4506.2152; .NET CLR 3.5.30729)"
58.212.213.42 - - [18/May/2012:14:09:30 +0800] "GET /music/moved200909/20090921.mp3 HTTP/1.1" 200 4828683 "-" "NSPlayer/11.0.5721.5275 WMFSDK/11.0"
58.212.213.42 - - [18/May/2012:14:09:32 +0800] "GET /music/moved200909/20090921.mp3 HTTP/1.1" 200 4828683 "-" "NSPlayer/11.0.5721.5275 WMFSDK/11.0"
58.212.213.42 - - [18/May/2012:14:09:34 +0800] "GET /music/moved200909/20090921.mp3 HTTP/1.1" 200 4828683 "-" "NSPlayer/11.0.5721.5275 WMFSDK/11.0"
58.212.213.42 - - [18/May/2012:14:09:35 +0800] "GET /music/moved200909/20090921.mp3 HTTP/1.1" 200 4828683 "-" "NSPlayer/11.0.5721.5275 WMFSDK/11.0"
58.212.213.42 - - [18/May/2012:14:09:37 +0800] "GET /music/moved200909/20090921.mp3 HTTP/1.1" 200 4828683 "-" "NSPlayer/11.0.5721.5275 WMFSDK/11.0"
58.212.213.42 - - [18/May/2012:14:09:41 +0800] "GET /music/moved200909/20090921.mp3 HTTP/1.1" 206 4826090 "-" "NSPlayer/11.0.5721.5275 WMFSDK/11.0"
58.212.213.42 - - [18/May/2012:14:09:43 +0800] "GET /music/moved200909/20090921.mp3 HTTP/1.1" 200 4828683 "-" "NSPlayer/11.0.5721.5275 WMFSDK/11.0"
58.212.213.42 - - [18/May/2012:14:09:44 +0800] "GET /music/moved200909/20090921.mp3 HTTP/1.1" 200 4828683 "-" "NSPlayer/11.0.5721.5275 WMFSDK/11.0"
58.212.213.42 - - [18/May/2012:14:09:46 +0800] "GET /music/moved200909/20090921.mp3 HTTP/1.1" 200 4828683 "-" "NSPlayer/11.0.5721.5275 WMFSDK/11.0"
58.212.213.42 - - [18/May/2012:14:09:47 +0800] "GET /music/moved200909/20090921.mp3 HTTP/1.1" 200 4828683 "-" "NSPlayer/11.0.5721.5275 WMFSDK/11.0"
58.212.213.42 - - [18/May/2012:14:09:50 +0800] "GET /music/moved200909/20090921.mp3 HTTP/1.1" 200 4828683 "-" "NSPlayer/11.0.5721.5275 WMFSDK/11.0"
58.212.213.42 - - [18/May/2012:14:09:51 +0800] "GET /music/moved200909/20090921.mp3 HTTP/1.1" 200 4828683 "-" "NSPlayer/11.0.5721.5275 WMFSDK/11.0"
58.212.213.42 - - [18/May/2012:14:09:53 +0800] "GET /music/moved200909/20090921.mp3 HTTP/1.1" 200 4828683 "-" "NSPlayer/11.0.5721.5275 WMFSDK/11.0"
1.85.17.130 - - [18/May/2012:14:09:54 +0800] "GET /2008-07/\xd0\xc2\xc8\xd5\xd3\xef\xbb\xf9\xb4\xa1\xbd\xcc\xb3\xcc.rar HTTP/1.1" 503 466 "http://download.jptranslate.com/2008-07/" "Mozilla/4.0 (compatible; MSIE 6.0; Windows NT 5.1; .NET CLR 2.0.50727; .NET CLR 3.0.04506.648; .NET CLR 3.5.21022; InfoPath.3; .NET CLR 3.0.4506.2152; .NET CLR 3.5.30729)"
58.212.213.42 - - [18/May/2012:14:09:54 +0800] "GET /music/moved200909/20090921.mp3 HTTP/1.1" 200 4828683 "-" "NSPlayer/11.0.5721.5275 WMFSDK/11.0"
58.212.213.42 - - [18/May/2012:14:09:56 +0800] "GET /music/moved200909/20090921.mp3 HTTP/1.1" 200 4828683 "-" "NSPlayer/11.0.5721.5275 WMFSDK/11.0"
58.212.213.42 - - [18/May/2012:14:09:57 +0800] "GET /music/moved200909/20090921.mp3 HTTP/1.1" 200 4828683 "-" "NSPlayer/11.0.5721.5275 WMFSDK/11.0"
1.85.17.130 - - [18/May/2012:14:09:59 +0800] "GET /2008-07/\xd0\xc2\xc8\xd5\xd3\xef\xbb\xf9\xb4\xa1\xbd\xcc\xb3\xcc.rar HTTP/1.1" 503 466 "http://download.jptranslate.com/2008-07/" "Mozilla/4.0 (compatible; MSIE 6.0; Windows NT 5.1; .NET CLR 2.0.50727; .NET CLR 3.0.04506.648; .NET CLR 3.5.21022; InfoPath.3; .NET CLR 3.0.4506.2152; .NET CLR 3.5.30729)"
58.212.213.42 - - [18/May/2012:14:09:59 +0800] "GET /music/moved200909/20090921.mp3 HTTP/1.1" 200 4828683 "-" "NSPlayer/11.0.5721.5275 WMFSDK/11.0"
1.85.17.130 - - [18/May/2012:14:10:00 +0800] "GET /2008-07/\xd0\xc2\xc8\xd5\xd3\xef\xbb\xf9\xb4\xa1\xbd\xcc\xb3\xcc.rar HTTP/1.1" 503 466 "http://download.jptranslate.com/2008-07/" "Mozilla/4.0 (compatible; MSIE 6.0; Windows NT 5.1; .NET CLR 2.0.50727; .NET CLR 3.0.04506.648; .NET CLR 3.5.21022; InfoPath.3; .NET CLR 3.0.4506.2152; .NET CLR 3.5.30729)"
58.212.213.42 - - [18/May/2012:14:10:00 +0800] "GET /music/moved200909/20090921.mp3 HTTP/1.1" 200 4828683 "-" "NSPlayer/11.0.5721.5275 WMFSDK/11.0"
1.85.17.130 - - [18/May/2012:14:09:39 +0800] "GET /2008-07/\xd0\xc2\xc8\xd5\xd3\xef\xbb\xf9\xb4\xa1\xbd\xcc\xb3\xcc.rar HTTP/1.1" 206 2477861 "http://download.jptranslate.com/2008-07/" "Mozilla/4.0 (compatible; MSIE 6.0; Windows NT 5.1; .NET CLR 2.0.50727; .NET CLR 3.0.04506.648; .NET CLR 3.5.21022; InfoPath.3; .NET CLR 3.0.4506.2152; .NET CLR 3.5.30729)"
58.212.213.42 - - [18/May/2012:14:10:02 +0800] "GET /music/moved200909/20090921.mp3 HTTP/1.1" 200 4828683 "-" "NSPlayer/11.0.5721.5275 WMFSDK/11.0"
58.212.213.42 - - [18/May/2012:14:10:03 +0800] "GET /music/moved200909/20090921.mp3 HTTP/1.1" 200 4828683 "-" "NSPlayer/11.0.5721.5275 WMFSDK/11.0"
58.212.213.42 - - [18/May/2012:14:10:05 +0800] "GET /music/moved200909/20090921.mp3 HTTP/1.1" 200 4828683 "-" "NSPlayer/11.0.5721.5275 WMFSDK/11.0"
58.212.213.42 - - [18/May/2012:14:10:06 +0800] "GET /music/moved200909/20090921.mp3 HTTP/1.1" 200 4828683 "-" "NSPlayer/11.0.5721.5275 WMFSDK/11.0"
58.212.213.42 - - [18/May/2012:14:10:09 +0800] "GET /music/moved200909/20090921.mp3 HTTP/1.1" 200 4828683 "-" "NSPlayer/11.0.5721.5275 WMFSDK/11.0"
58.212.213.42 - - [18/May/2012:14:10:10 +0800] "GET /music/moved200909/20090921.mp3 HTTP/1.1" 200 4828683 "-" "NSPlayer/11.0.5721.5275 WMFSDK/11.0"
180.76.5.148 - - [18/May/2012:14:10:10 +0800] "GET /flashplayer.htm HTTP/1.1" 200 432 "-" "Mozilla/5.0 (compatible; Baiduspider/2.0; +http://www.baidu.com/search/spider.html)"
58.212.213.42 - - [18/May/2012:14:10:12 +0800] "GET /music/moved200909/20090921.mp3 HTTP/1.1" 200 4828683 "-" "NSPlayer/11.0.5721.5275 WMFSDK/11.0"
58.212.213.42 - - [18/May/2012:14:10:13 +0800] "GET /music/moved200909/20090921.mp3 HTTP/1.1" 200 4828683 "-" "NSPlayer/11.0.5721.5275 WMFSDK/11.0"
58.212.213.42 - - [18/May/2012:14:10:15 +0800] "GET /music/moved200909/20090921.mp3 HTTP/1.1" 200 4828683 "-" "NSPlayer/11.0.5721.5275 WMFSDK/11.0"
58.212.213.42 - - [18/May/2012:14:10:16 +0800] "GET /music/moved200909/20090921.mp3 HTTP/1.1" 200 4828683 "-" "NSPlayer/11.0.5721.5275 WMFSDK/11.0"
58.212.213.42 - - [18/May/2012:14:10:18 +0800] "GET /music/moved200909/20090921.mp3 HTTP/1.1" 200 4828683 "-" "NSPlayer/11.0.5721.5275 WMFSDK/11.0"
58.212.213.42 - - [18/May/2012:14:10:20 +0800] "GET /music/moved200909/20090921.mp3 HTTP/1.1" 206 4807943 "-" "NSPlayer/11.0.5721.5275 WMFSDK/11.0"
58.212.213.42 - - [18/May/2012:14:10:22 +0800] "GET /music/moved200909/20090921.mp3 HTTP/1.1" 200 4828683 "-" "NSPlayer/11.0.5721.5275 WMFSDK/11.0"
58.212.213.42 - - [18/May/2012:14:10:23 +0800] "GET /music/moved200909/20090921.mp3 HTTP/1.1" 200 4828683 "-" "NSPlayer/11.0.5721.5275 WMFSDK/11.0"
1.85.17.130 - - [18/May/2012:14:09:40 +0800] "GET /2008-07/\xd0\xc2\xc8\xd5\xd3\xef\xbb\xf9\xb4\xa1\xbd\xcc\xb3\xcc.rar HTTP/1.1" 206 8390377 "http://download.jptranslate.com/2008-07/" "Mozilla/4.0 (compatible; MSIE 6.0; Windows NT 5.1; .NET CLR 2.0.50727; .NET CLR 3.0.04506.648; .NET CLR 3.5.21022; InfoPath.3; .NET CLR 3.0.4506.2152; .NET CLR 3.5.30729)"
58.212.213.42 - - [18/May/2012:14:10:26 +0800] "GET /music/moved200909/20090921.mp3 HTTP/1.1" 200 4828683 "-" "NSPlayer/11.0.5721.5275 WMFSDK/11.0"
58.212.213.42 - - [18/May/2012:14:10:27 +0800] "GET /music/moved200909/20090921.mp3 HTTP/1.1" 200 4828683 "-" "NSPlayer/11.0.5721.5275 WMFSDK/11.0"
58.212.213.42 - - [18/May/2012:14:10:29 +0800] "GET /music/moved200909/20090921.mp3 HTTP/1.1" 200 4828683 "-" "NSPlayer/11.0.5721.5275 WMFSDK/11.0"
58.212.213.42 - - [18/May/2012:14:10:30 +0800] "GET /music/moved200909/20090921.mp3 HTTP/1.1" 200 4828683 "-" "NSPlayer/11.0.5721.5275 WMFSDK/11.0"
65.52.110.22 - - [18/May/2012:14:10:32 +0800] "GET /robots.txt HTTP/1.1" 404 351 "-" "Mozilla/5.0 (compatible; bingbot/2.0; +http://www.bing.com/bingbot.htm)"
1.85.17.130 - - [18/May/2012:14:09:51 +0800] "GET /2008-07/\xd0\xc2\xc8\xd5\xd3\xef\xbb\xf9\xb4\xa1\xbd\xcc\xb3\xcc.rar HTTP/1.1" 206 19213355 "http://download.jptranslate.com/2008-07/" "Mozilla/4.0 (compatible; MSIE 6.0; Windows NT 5.1; .NET CLR 2.0.50727; .NET CLR 3.0.04506.648; .NET CLR 3.5.21022; InfoPath.3; .NET CLR 3.0.4506.2152; .NET CLR 3.5.30729)"
58.212.213.42 - - [18/May/2012:14:10:32 +0800] "GET /music/moved200909/20090921.mp3 HTTP/1.1" 200 4828683 "-" "NSPlayer/11.0.5721.5275 WMFSDK/11.0"
58.212.213.42 - - [18/May/2012:14:10:33 +0800] "GET /music/moved200909/20090921.mp3 HTTP/1.1" 200 4828683 "-" "NSPlayer/11.0.5721.5275 WMFSDK/11.0"
1.85.17.130 - - [18/May/2012:14:10:12 +0800] "GET /2008-07/\xd0\xc2\xc8\xd5\xd3\xef\xbb\xf9\xb4\xa1\xbd\xcc\xb3\xcc.rar HTTP/1.1" 206 8390377 "http://download.jptranslate.com/2008-07/" "Mozilla/4.0 (compatible; MSIE 6.0; Windows NT 5.1; .NET CLR 2.0.50727; .NET CLR 3.0.04506.648; .NET CLR 3.5.21022; InfoPath.3; .NET CLR 3.0.4506.2152; .NET CLR 3.5.30729)"
58.212.213.42 - - [18/May/2012:14:10:36 +0800] "GET /music/moved200909/20090921.mp3 HTTP/1.1" 200 4828683 "-" "NSPlayer/11.0.5721.5275 WMFSDK/11.0"
58.212.213.42 - - [18/May/2012:14:10:37 +0800] "GET /music/moved200909/20090921.mp3 HTTP/1.1" 200 4828683 "-" "NSPlayer/11.0.5721.5275 WMFSDK/11.0"
58.212.213.42 - - [18/May/2012:14:10:39 +0800] "GET /music/moved200909/20090921.mp3 HTTP/1.1" 200 4828683 "-" "NSPlayer/11.0.5721.5275 WMFSDK/11.0"
58.212.213.42 - - [18/May/2012:14:10:40 +0800] "GET /music/moved200909/20090921.mp3 HTTP/1.1" 200 4828683 "-" "NSPlayer/11.0.5721.5275 WMFSDK/11.0"
58.212.213.42 - - [18/May/2012:14:10:42 +0800] "GET /music/moved200909/20090921.mp3 HTTP/1.1" 200 4828683 "-" "NSPlayer/11.0.5721.5275 WMFSDK/11.0"
58.212.213.42 - - [18/May/2012:14:10:43 +0800] "GET /music/moved200909/20090921.mp3 HTTP/1.1" 200 4828683 "-" "NSPlayer/11.0.5721.5275 WMFSDK/11.0"
58.212.213.42 - - [18/May/2012:14:10:45 +0800] "GET /music/moved200909/20090921.mp3 HTTP/1.1" 200 4828683 "-" "NSPlayer/11.0.5721.5275 WMFSDK/11.0"
58.212.213.42 - - [18/May/2012:14:10:46 +0800] "GET /music/moved200909/20090921.mp3 HTTP/1.1" 200 4828683 "-" "NSPlayer/11.0.5721.5275 WMFSDK/11.0"
58.212.213.42 - - [18/May/2012:14:10:48 +0800] "GET /music/moved200909/20090921.mp3 HTTP/1.1" 200 4828683 "-" "NSPlayer/11.0.5721.5275 WMFSDK/11.0"
58.212.213.42 - - [18/May/2012:14:10:49 +0800] "GET /music/moved200909/20090921.mp3 HTTP/1.1" 200 4828683 "-" "NSPlayer/11.0.5721.5275 WMFSDK/11.0"
58.212.213.42 - - [18/May/2012:14:10:51 +0800] "GET /music/moved200909/20090921.mp3 HTTP/1.1" 200 4828683 "-" "NSPlayer/11.0.5721.5275 WMFSDK/11.0"
58.212.213.42 - - [18/May/2012:14:10:52 +0800] "GET /music/moved200909/20090921.mp3 HTTP/1.1" 200 4828683 "-" "NSPlayer/11.0.5721.5275 WMFSDK/11.0"
1.85.17.130 - - [18/May/2012:14:10:53 +0800] "GET /2008-07/\xd0\xc2\xc8\xd5\xd3\xef\xbb\xf9\xb4\xa1\xbd\xcc\xb3\xcc.rar HTTP/1.1" 206 2608933 "http://download.jptranslate.com/2008-07/" "Mozilla/4.0 (compatible; MSIE 6.0; Windows NT 5.1; .NET CLR 2.0.50727; .NET CLR 3.0.04506.648; .NET CLR 3.5.21022; InfoPath.3; .NET CLR 3.0.4506.2152; .NET CLR 3.5.30729)"
58.212.213.42 - - [18/May/2012:14:10:54 +0800] "GET /music/moved200909/20090921.mp3 HTTP/1.1" 200 4828683 "-" "NSPlayer/11.0.5721.5275 WMFSDK/11.0"
58.212.213.42 - - [18/May/2012:14:10:55 +0800] "GET /music/moved200909/20090921.mp3 HTTP/1.1" 200 4828683 "-" "NSPlayer/11.0.5721.5275 WMFSDK/11.0"
58.212.213.42 - - [18/May/2012:14:10:57 +0800] "GET /music/moved200909/20090921.mp3 HTTP/1.1" 200 4828683 "-" "NSPlayer/11.0.5721.5275 WMFSDK/11.0"
58.212.213.42 - - [18/May/2012:14:10:58 +0800] "GET /music/moved200909/20090921.mp3 HTTP/1.1" 200 4828683 "-" "NSPlayer/11.0.5721.5275 WMFSDK/11.0"
58.212.213.42 - - [18/May/2012:14:11:00 +0800] "GET /music/moved200909/20090921.mp3 HTTP/1.1" 200 4828683 "-" "NSPlayer/11.0.5721.5275 WMFSDK/11.0"
58.212.213.42 - - [18/May/2012:14:11:01 +0800] "GET /music/moved200909/20090921.mp3 HTTP/1.1" 200 4828683 "-" "NSPlayer/11.0.5721.5275 WMFSDK/11.0"
58.212.213.42 - - [18/May/2012:14:11:03 +0800] "GET /music/moved200909/20090921.mp3 HTTP/1.1" 200 4828683 "-" "NSPlayer/11.0.5721.5275 WMFSDK/11.0"
58.212.213.42 - - [18/May/2012:14:11:04 +0800] "GET /music/moved200909/20090921.mp3 HTTP/1.1" 200 4828683 "-" "NSPlayer/11.0.5721.5275 WMFSDK/11.0"
58.212.213.42 - - [18/May/2012:14:11:07 +0800] "GET /music/moved200909/20090921.mp3 HTTP/1.1" 200 4828683 "-" "NSPlayer/11.0.5721.5275 WMFSDK/11.0"
58.212.213.42 - - [18/May/2012:14:11:08 +0800] "GET /music/moved200909/20090921.mp3 HTTP/1.1" 200 4828683 "-" "NSPlayer/11.0.5721.5275 WMFSDK/11.0"
65.52.110.22 - - [18/May/2012:14:11:09 +0800] "GET /music/ HTTP/1.1" 200 632 "-" "Mozilla/5.0 (compatible; bingbot/2.0; +http://www.bing.com/bingbot.htm)"
58.212.213.42 - - [18/May/2012:14:11:10 +0800] "GET /music/moved200909/20090921.mp3 HTTP/1.1" 200 4828683 "-" "NSPlayer/11.0.5721.5275 WMFSDK/11.0"
58.212.213.42 - - [18/May/2012:14:11:11 +0800] "GET /music/moved200909/20090921.mp3 HTTP/1.1" 200 4828683 "-" "NSPlayer/11.0.5721.5275 WMFSDK/11.0"
1.85.17.130 - - [18/May/2012:14:11:13 +0800] "GET /2008-07/\xd0\xc2\xc8\xd5\xd3\xef\xbb\xf9\xb4\xa1\xbd\xcc\xb3\xcc.rar HTTP/1.1" 503 466 "http://download.jptranslate.com/2008-07/" "Mozilla/4.0 (compatible; MSIE 6.0; Windows NT 5.1; .NET CLR 2.0.50727; .NET CLR 3.0.04506.648; .NET CLR 3.5.21022; InfoPath.3; .NET CLR 3.0.4506.2152; .NET CLR 3.5.30729)"
1.85.17.130 - - [18/May/2012:14:10:28 +0800] "GET /2008-07/\xd0\xc2\xc8\xd5\xd3\xef\xbb\xf9\xb4\xa1\xbd\xcc\xb3\xcc.rar HTTP/1.1" 206 8379071 "http://download.jptranslate.com/2008-07/" "Mozilla/4.0 (compatible; MSIE 6.0; Windows NT 5.1; .NET CLR 2.0.50727; .NET CLR 3.0.04506.648; .NET CLR 3.5.21022; InfoPath.3; .NET CLR 3.0.4506.2152; .NET CLR 3.5.30729)"
58.212.213.42 - - [18/May/2012:14:11:13 +0800] "GET /music/moved200909/20090921.mp3 HTTP/1.1" 200 4828683 "-" "NSPlayer/11.0.5721.5275 WMFSDK/11.0"
58.212.213.42 - - [18/May/2012:14:11:14 +0800] "GET /music/moved200909/20090921.mp3 HTTP/1.1" 200 4828683 "-" "NSPlayer/11.0.5721.5275 WMFSDK/11.0"
58.212.213.42 - - [18/May/2012:14:11:16 +0800] "GET /music/moved200909/20090921.mp3 HTTP/1.1" 200 4828683 "-" "NSPlayer/11.0.5721.5275 WMFSDK/11.0"
58.212.213.42 - - [18/May/2012:14:11:17 +0800] "GET /music/moved200909/20090921.mp3 HTTP/1.1" 200 4828683 "-" "NSPlayer/11.0.5721.5275 WMFSDK/11.0"
218.4.58.170 - - [18/May/2012:14:09:16 +0800] "GET /music/moved200909/20090921.mp3 HTTP/1.1" 200 4828683 "-" "Mozilla/4.0 (compatible; MSIE 5.00; Windows 98)"
58.212.213.42 - - [18/May/2012:14:11:19 +0800] "GET /music/moved200909/20090921.mp3 HTTP/1.1" 200 4828683 "-" "NSPlayer/11.0.5721.5275 WMFSDK/11.0"
58.212.213.42 - - [18/May/2012:14:11:20 +0800] "GET /music/moved200909/20090921.mp3 HTTP/1.1" 200 4828683 "-" "NSPlayer/11.0.5721.5275 WMFSDK/11.0"
58.212.213.42 - - [18/May/2012:14:11:22 +0800] "GET /music/moved200909/20090921.mp3 HTTP/1.1" 200 4828683 "-" "NSPlayer/11.0.5721.5275 WMFSDK/11.0"
38.107.179.230 - - [18/May/2012:14:10:46 +0800] "GET /2008-07/tiansheng_asfog%a3%a82006%a3%a9.rar HTTP/1.1" 200 1162921 "-" "CCBot/1.0 (+http://www.commoncrawl.org/bot.html)"
58.212.213.42 - - [18/May/2012:14:11:23 +0800] "GET /music/moved200909/20090921.mp3 HTTP/1.1" 200 4828683 "-" "NSPlayer/11.0.5721.5275 WMFSDK/11.0"
58.212.213.42 - - [18/May/2012:14:11:25 +0800] "GET /music/moved200909/20090921.mp3 HTTP/1.1" 200 4828683 "-" "NSPlayer/11.0.5721.5275 WMFSDK/11.0"
58.212.213.42 - - [18/May/2012:14:11:26 +0800] "GET /music/moved200909/20090921.mp3 HTTP/1.1" 200 4828683 "-" "NSPlayer/11.0.5721.5275 WMFSDK/11.0"
1.85.17.130 - - [18/May/2012:14:08:09 +0800] "GET /2008-07/\xd0\xc2\xc8\xd5\xd3\xef\xbb\xf9\xb4\xa1\xbd\xcc\xb3\xcc.rar HTTP/1.1" 206 17157925 "http://download.jptranslate.com/2008-07/" "Mozilla/4.0 (compatible; MSIE 6.0; Windows NT 5.1; .NET CLR 2.0.50727; .NET CLR 3.0.04506.648; .NET CLR 3.5.21022; InfoPath.3; .NET CLR 3.0.4506.2152; .NET CLR 3.5.30729)"
58.212.213.42 - - [18/May/2012:14:11:28 +0800] "GET /music/moved200909/20090921.mp3 HTTP/1.1" 200 4828683 "-" "NSPlayer/11.0.5721.5275 WMFSDK/11.0"
58.212.213.42 - - [18/May/2012:14:11:29 +0800] "GET /music/moved200909/20090921.mp3 HTTP/1.1" 200 4828683 "-" "NSPlayer/11.0.5721.5275 WMFSDK/11.0"
58.212.213.42 - - [18/May/2012:14:11:32 +0800] "GET /music/moved200909/20090921.mp3 HTTP/1.1" 200 4828683 "-" "NSPlayer/11.0.5721.5275 WMFSDK/11.0"
1.85.17.130 - - [18/May/2012:14:11:32 +0800] "GET /2008-07/\xd0\xc2\xc8\xd5\xd3\xef\xbb\xf9\xb4\xa1\xbd\xcc\xb3\xcc.rar HTTP/1.1" 206 4312869 "http://download.jptranslate.com/2008-07/" "Mozilla/4.0 (compatible; MSIE 6.0; Windows NT 5.1; .NET CLR 2.0.50727; .NET CLR 3.0.04506.648; .NET CLR 3.5.21022; InfoPath.3; .NET CLR 3.0.4506.2152; .NET CLR 3.5.30729)"
58.212.213.42 - - [18/May/2012:14:11:32 +0800] "GET /music/moved200909/20090921.mp3 HTTP/1.1" 200 4828683 "-" "NSPlayer/11.0.5721.5275 WMFSDK/11.0"
58.212.213.42 - - [18/May/2012:14:11:35 +0800] "GET /music/moved200909/20090921.mp3 HTTP/1.1" 200 4828683 "-" "NSPlayer/11.0.5721.5275 WMFSDK/11.0"
1.85.17.130 - - [18/May/2012:14:11:35 +0800] "GET /2008-07/%E6%96%B0%E6%97%A5%E8%AF%AD%E5%9F%BA%E7%A1%80%E6%95%99%E7%A8%8B.rar HTTP/1.1" 404 374 "http://download.jptranslate.com/2008-07/" "Mozilla/4.0 (compatible; MSIE 6.0; Windows NT 5.1; .NET CLR 2.0.50727; .NET CLR 3.0.04506.648; .NET CLR 3.5.21022; InfoPath.3; .NET CLR 3.0.4506.2152; .NET CLR 3.5.30729)"
58.212.213.42 - - [18/May/2012:14:11:36 +0800] "GET /music/moved200909/20090921.mp3 HTTP/1.1" 200 4828683 "-" "NSPlayer/11.0.5721.5275 WMFSDK/11.0"
1.85.17.130 - - [18/May/2012:14:11:12 +0800] "GET /2008-07/\xd0\xc2\xc8\xd5\xd3\xef\xbb\xf9\xb4\xa1\xbd\xcc\xb3\xcc.rar HTTP/1.1" 206 8376101 "http://download.jptranslate.com/2008-07/" "Mozilla/4.0 (compatible; MSIE 6.0; Windows NT 5.1; .NET CLR 2.0.50727; .NET CLR 3.0.04506.648; .NET CLR 3.5.21022; InfoPath.3; .NET CLR 3.0.4506.2152; .NET CLR 3.5.30729)"
58.212.213.42 - - [18/May/2012:14:11:38 +0800] "GET /music/moved200909/20090921.mp3 HTTP/1.1" 200 4828683 "-" "NSPlayer/11.0.5721.5275 WMFSDK/11.0"
58.212.213.42 - - [18/May/2012:14:11:39 +0800] "GET /music/moved200909/20090921.mp3 HTTP/1.1" 200 4828683 "-" "NSPlayer/11.0.5721.5275 WMFSDK/11.0"
58.212.213.42 - - [18/May/2012:14:11:41 +0800] "GET /music/moved200909/20090921.mp3 HTTP/1.1" 200 4828683 "-" "NSPlayer/11.0.5721.5275 WMFSDK/11.0"
58.212.213.42 - - [18/May/2012:14:11:42 +0800] "GET /music/moved200909/20090921.mp3 HTTP/1.1" 200 4828683 "-" "NSPlayer/11.0.5721.5275 WMFSDK/11.0"
58.212.213.42 - - [18/May/2012:14:11:44 +0800] "GET /music/moved200909/20090921.mp3 HTTP/1.1" 200 4828683 "-" "NSPlayer/11.0.5721.5275 WMFSDK/11.0"
124.149.105.27 - - [18/May/2012:14:05:21 +0800] "GET /music/moved200909/20090914.mp3 HTTP/1.1" 200 6635533 "-" "Mozilla/4.0 (compatible; MSIE 5.00; Windows 98)"
58.212.213.42 - - [18/May/2012:14:11:45 +0800] "GET /music/moved200909/20090921.mp3 HTTP/1.1" 200 4828683 "-" "NSPlayer/11.0.5721.5275 WMFSDK/11.0"
58.212.213.42 - - [18/May/2012:14:11:47 +0800] "GET /music/moved200909/20090921.mp3 HTTP/1.1" 200 4828683 "-" "NSPlayer/11.0.5721.5275 WMFSDK/11.0"
58.212.213.42 - - [18/May/2012:14:11:48 +0800] "GET /music/moved200909/20090921.mp3 HTTP/1.1" 200 4828683 "-" "NSPlayer/11.0.5721.5275 WMFSDK/11.0"
58.212.213.42 - - [18/May/2012:14:11:50 +0800] "GET /music/moved200909/20090921.mp3 HTTP/1.1" 200 4828683 "-" "NSPlayer/11.0.5721.5275 WMFSDK/11.0"
58.212.213.42 - - [18/May/2012:14:11:51 +0800] "GET /music/moved200909/20090921.mp3 HTTP/1.1" 200 4828683 "-" "NSPlayer/11.0.5721.5275 WMFSDK/11.0"
58.212.213.42 - - [18/May/2012:14:11:53 +0800] "GET /music/moved200909/20090921.mp3 HTTP/1.1" 200 4828683 "-" "NSPlayer/11.0.5721.5275 WMFSDK/11.0"
58.212.213.42 - - [18/May/2012:14:11:54 +0800] "GET /music/moved200909/20090921.mp3 HTTP/1.1" 200 4828683 "-" "NSPlayer/11.0.5721.5275 WMFSDK/11.0"
58.212.213.42 - - [18/May/2012:14:11:56 +0800] "GET /music/moved200909/20090921.mp3 HTTP/1.1" 200 4828683 "-" "NSPlayer/11.0.5721.5275 WMFSDK/11.0"
58.212.213.42 - - [18/May/2012:14:11:57 +0800] "GET /music/moved200909/20090921.mp3 HTTP/1.1" 200 4828683 "-" "NSPlayer/11.0.5721.5275 WMFSDK/11.0"
1.85.17.130 - - [18/May/2012:14:11:59 +0800] "GET /2008-07/\xd0\xc2\xc8\xd5\xd3\xef\xbb\xf9\xb4\xa1\xbd\xcc\xb3\xcc.rar HTTP/1.1" 503 466 "http://download.jptranslate.com/2008-07/" "Mozilla/4.0 (compatible; MSIE 6.0; Windows NT 5.1; .NET CLR 2.0.50727; .NET CLR 3.0.04506.648; .NET CLR 3.5.21022; InfoPath.3; .NET CLR 3.0.4506.2152; .NET CLR 3.5.30729)"
1.85.17.130 - - [18/May/2012:14:12:00 +0800] "GET /2008-07/\xd0\xc2\xc8\xd5\xd3\xef\xbb\xf9\xb4\xa1\xbd\xcc\xb3\xcc.rar HTTP/1.1" 503 466 "http://download.jptranslate.com/2008-07/" "Mozilla/4.0 (compatible; MSIE 6.0; Windows NT 5.1; .NET CLR 2.0.50727; .NET CLR 3.0.04506.648; .NET CLR 3.5.21022; InfoPath.3; .NET CLR 3.0.4506.2152; .NET CLR 3.5.30729)"
58.212.213.42 - - [18/May/2012:14:11:59 +0800] "GET /music/moved200909/20090921.mp3 HTTP/1.1" 200 4828683 "-" "NSPlayer/11.0.5721.5275 WMFSDK/11.0"
58.212.213.42 - - [18/May/2012:14:12:00 +0800] "GET /music/moved200909/20090921.mp3 HTTP/1.1" 200 4828683 "-" "NSPlayer/11.0.5721.5275 WMFSDK/11.0"
1.85.17.130 - - [18/May/2012:14:08:52 +0800] "GET /2008-07/\xd0\xc2\xc8\xd5\xd3\xef\xbb\xf9\xb4\xa1\xbd\xcc\xb3\xcc.rar HTTP/1.1" 206 19214441 "http://download.jptranslate.com/2008-07/" "Mozilla/4.0 (compatible; MSIE 6.0; Windows NT 5.1; .NET CLR 2.0.50727; .NET CLR 3.0.04506.648; .NET CLR 3.5.21022; InfoPath.3; .NET CLR 3.0.4506.2152; .NET CLR 3.5.30729)"
1.85.17.130 - - [18/May/2012:14:12:02 +0800] "GET /2008-07/%E6%96%B0%E6%97%A5%E8%AF%AD%E5%9F%BA%E7%A1%80%E6%95%99%E7%A8%8B.rar HTTP/1.1" 404 374 "http://download.jptranslate.com/2008-07/" "Mozilla/4.0 (compatible; MSIE 6.0; Windows NT 5.1; .NET CLR 2.0.50727; .NET CLR 3.0.04506.648; .NET CLR 3.5.21022; InfoPath.3; .NET CLR 3.0.4506.2152; .NET CLR 3.5.30729)"
58.212.213.42 - - [18/May/2012:14:12:02 +0800] "GET /music/moved200909/20090921.mp3 HTTP/1.1" 200 4828683 "-" "NSPlayer/11.0.5721.5275 WMFSDK/11.0"
58.212.213.42 - - [18/May/2012:14:12:03 +0800] "GET /music/moved200909/20090921.mp3 HTTP/1.1" 200 4828683 "-" "NSPlayer/11.0.5721.5275 WMFSDK/11.0"
1.85.17.130 - - [18/May/2012:14:12:05 +0800] "GET /2008-07/\xd0\xc2\xc8\xd5\xd3\xef\xbb\xf9\xb4\xa1\xbd\xcc\xb3\xcc.rar HTTP/1.1" 503 466 "http://download.jptranslate.com/2008-07/" "Mozilla/4.0 (compatible; MSIE 6.0; Windows NT 5.1; .NET CLR 2.0.50727; .NET CLR 3.0.04506.648; .NET CLR 3.5.21022; InfoPath.3; .NET CLR 3.0.4506.2152; .NET CLR 3.5.30729)"
1.85.17.130 - - [18/May/2012:14:12:05 +0800] "GET /2008-07/\xd0\xc2\xc8\xd5\xd3\xef\xbb\xf9\xb4\xa1\xbd\xcc\xb3\xcc.rar HTTP/1.1" 503 466 "http://download.jptranslate.com/2008-07/" "Mozilla/4.0 (compatible; MSIE 6.0; Windows NT 5.1; .NET CLR 2.0.50727; .NET CLR 3.0.04506.648; .NET CLR 3.5.21022; InfoPath.3; .NET CLR 3.0.4506.2152; .NET CLR 3.5.30729)"
58.212.213.42 - - [18/May/2012:14:12:06 +0800] "GET /music/moved200909/20090921.mp3 HTTP/1.1" 200 4828683 "-" "NSPlayer/11.0.5721.5275 WMFSDK/11.0"
58.212.213.42 - - [18/May/2012:14:12:07 +0800] "GET /music/moved200909/20090921.mp3 HTTP/1.1" 200 4828683 "-" "NSPlayer/11.0.5721.5275 WMFSDK/11.0"
58.212.213.42 - - [18/May/2012:14:12:09 +0800] "GET /music/moved200909/20090921.mp3 HTTP/1.1" 200 4828683 "-" "NSPlayer/11.0.5721.5275 WMFSDK/11.0"
58.212.213.42 - - [18/May/2012:14:12:10 +0800] "GET /music/moved200909/20090921.mp3 HTTP/1.1" 200 4828683 "-" "NSPlayer/11.0.5721.5275 WMFSDK/11.0"
1.85.17.130 - - [18/May/2012:14:12:11 +0800] "GET /2008-07/\xd0\xc2\xc8\xd5\xd3\xef\xbb\xf9\xb4\xa1\xbd\xcc\xb3\xcc.rar HTTP/1.1" 503 466 "http://download.jptranslate.com/2008-07/" "Mozilla/4.0 (compatible; MSIE 6.0; Windows NT 5.1; .NET CLR 2.0.50727; .NET CLR 3.0.04506.648; .NET CLR 3.5.21022; InfoPath.3; .NET CLR 3.0.4506.2152; .NET CLR 3.5.30729)"
58.212.213.42 - - [18/May/2012:14:12:12 +0800] "GET /music/moved200909/20090921.mp3 HTTP/1.1" 200 4828683 "-" "NSPlayer/11.0.5721.5275 WMFSDK/11.0"
58.212.213.42 - - [18/May/2012:14:12:13 +0800] "GET /music/moved200909/20090921.mp3 HTTP/1.1" 200 4828683 "-" "NSPlayer/11.0.5721.5275 WMFSDK/11.0"
58.212.213.42 - - [18/May/2012:14:12:15 +0800] "GET /music/moved200909/20090921.mp3 HTTP/1.1" 200 4828683 "-" "NSPlayer/11.0.5721.5275 WMFSDK/11.0"
58.212.213.42 - - [18/May/2012:14:12:17 +0800] "GET /music/moved200909/20090921.mp3 HTTP/1.1" 200 4828683 "-" "NSPlayer/11.0.5721.5275 WMFSDK/11.0"
58.212.213.42 - - [18/May/2012:14:12:19 +0800] "GET /music/moved200909/20090921.mp3 HTTP/1.1" 200 4828683 "-" "NSPlayer/11.0.5721.5275 WMFSDK/11.0"
58.212.213.42 - - [18/May/2012:14:12:20 +0800] "GET /music/moved200909/20090921.mp3 HTTP/1.1" 200 4828683 "-" "NSPlayer/11.0.5721.5275 WMFSDK/11.0"
1.85.17.130 - - [18/May/2012:14:12:23 +0800] "GET /2008-07/\xd0\xc2\xc8\xd5\xd3\xef\xbb\xf9\xb4\xa1\xbd\xcc\xb3\xcc.rar HTTP/1.1" 503 466 "http://download.jptranslate.com/2008-07/" "Mozilla/4.0 (compatible; MSIE 6.0; Windows NT 5.1; .NET CLR 2.0.50727; .NET CLR 3.0.04506.648; .NET CLR 3.5.21022; InfoPath.3; .NET CLR 3.0.4506.2152; .NET CLR 3.5.30729)"
58.212.213.42 - - [18/May/2012:14:12:22 +0800] "GET /music/moved200909/20090921.mp3 HTTP/1.1" 200 4828683 "-" "NSPlayer/11.0.5721.5275 WMFSDK/11.0"
1.85.17.130 - - [18/May/2012:14:11:43 +0800] "GET /2008-07/\xd0\xc2\xc8\xd5\xd3\xef\xbb\xf9\xb4\xa1\xbd\xcc\xb3\xcc.rar HTTP/1.1" 206 6659917 "http://download.jptranslate.com/2008-07/" "Mozilla/4.0 (compatible; MSIE 6.0; Windows NT 5.1; .NET CLR 2.0.50727; .NET CLR 3.0.04506.648; .NET CLR 3.5.21022; InfoPath.3; .NET CLR 3.0.4506.2152; .NET CLR 3.5.30729)"
58.212.213.42 - - [18/May/2012:14:12:23 +0800] "GET /music/moved200909/20090921.mp3 HTTP/1.1" 200 4828683 "-" "NSPlayer/11.0.5721.5275 WMFSDK/11.0"
1.85.17.130 - - [18/May/2012:14:11:38 +0800] "GET /2008-07/\xd0\xc2\xc8\xd5\xd3\xef\xbb\xf9\xb4\xa1\xbd\xcc\xb3\xcc.rar HTTP/1.1" 206 9840847 "http://download.jptranslate.com/2008-07/" "Mozilla/4.0 (compatible; MSIE 6.0; Windows NT 5.1; .NET CLR 2.0.50727; .NET CLR 3.0.04506.648; .NET CLR 3.5.21022; InfoPath.3; .NET CLR 3.0.4506.2152; .NET CLR 3.5.30729)"
1.85.17.130 - - [18/May/2012:14:12:25 +0800] "GET /2008-07/%E6%96%B0%E6%97%A5%E8%AF%AD%E5%9F%BA%E7%A1%80%E6%95%99%E7%A8%8B.rar HTTP/1.1" 404 374 "http://download.jptranslate.com/2008-07/" "Mozilla/4.0 (compatible; MSIE 6.0; Windows NT 5.1; .NET CLR 2.0.50727; .NET CLR 3.0.04506.648; .NET CLR 3.5.21022; InfoPath.3; .NET CLR 3.0.4506.2152; .NET CLR 3.5.30729)"
1.85.17.130 - - [18/May/2012:14:10:54 +0800] "GET /2008-07/\xd0\xc2\xc8\xd5\xd3\xef\xbb\xf9\xb4\xa1\xbd\xcc\xb3\xcc.rar HTTP/1.1" 206 17092389 "http://download.jptranslate.com/2008-07/" "Mozilla/4.0 (compatible; MSIE 6.0; Windows NT 5.1; .NET CLR 2.0.50727; .NET CLR 3.0.04506.648; .NET CLR 3.5.21022; InfoPath.3; .NET CLR 3.0.4506.2152; .NET CLR 3.5.30729)"
58.212.213.42 - - [18/May/2012:14:12:25 +0800] "GET /music/moved200909/20090921.mp3 HTTP/1.1" 200 4828683 "-" "NSPlayer/11.0.5721.5275 WMFSDK/11.0"
222.173.36.171 - - [18/May/2012:14:09:22 +0800] "GET /music/moved200909/20090918.mp3 HTTP/1.1" 200 6246400 "-" "Mozilla/4.0 (compatible; MSIE 5.00; Windows 98)"
58.212.213.42 - - [18/May/2012:14:12:26 +0800] "GET /music/moved200909/20090921.mp3 HTTP/1.1" 200 4828683 "-" "NSPlayer/11.0.5721.5275 WMFSDK/11.0"
58.212.213.42 - - [18/May/2012:14:12:28 +0800] "GET /music/moved200909/20090921.mp3 HTTP/1.1" 200 4828683 "-" "NSPlayer/11.0.5721.5275 WMFSDK/11.0"
58.212.213.42 - - [18/May/2012:14:12:29 +0800] "GET /music/moved200909/20090921.mp3 HTTP/1.1" 200 4828683 "-" "NSPlayer/11.0.5721.5275 WMFSDK/11.0"
58.212.213.42 - - [18/May/2012:14:12:31 +0800] "GET /music/moved200909/20090921.mp3 HTTP/1.1" 200 4828683 "-" "NSPlayer/11.0.5721.5275 WMFSDK/11.0"
58.212.213.42 - - [18/May/2012:14:12:32 +0800] "GET /music/moved200909/20090921.mp3 HTTP/1.1" 200 4828683 "-" "NSPlayer/11.0.5721.5275 WMFSDK/11.0"
58.212.213.42 - - [18/May/2012:14:12:34 +0800] "GET /music/moved200909/20090921.mp3 HTTP/1.1" 200 4828683 "-" "NSPlayer/11.0.5721.5275 WMFSDK/11.0"
58.212.213.42 - - [18/May/2012:14:12:35 +0800] "GET /music/moved200909/20090921.mp3 HTTP/1.1" 200 4828683 "-" "NSPlayer/11.0.5721.5275 WMFSDK/11.0"
58.212.213.42 - - [18/May/2012:14:12:37 +0800] "GET /music/moved200909/20090921.mp3 HTTP/1.1" 200 4828683 "-" "NSPlayer/11.0.5721.5275 WMFSDK/11.0"
58.212.213.42 - - [18/May/2012:14:12:38 +0800] "GET /music/moved200909/20090921.mp3 HTTP/1.1" 206 4826090 "-" "NSPlayer/11.0.5721.5275 WMFSDK/11.0"
58.212.213.42 - - [18/May/2012:14:12:41 +0800] "GET /music/moved200909/20090921.mp3 HTTP/1.1" 200 4828683 "-" "NSPlayer/11.0.5721.5275 WMFSDK/11.0"
58.212.213.42 - - [18/May/2012:14:12:42 +0800] "GET /music/moved200909/20090921.mp3 HTTP/1.1" 206 4812299 "-" "NSPlayer/11.0.5721.5275 WMFSDK/11.0"
58.212.213.42 - - [18/May/2012:14:12:44 +0800] "GET /music/moved200909/20090921.mp3 HTTP/1.1" 200 4828683 "-" "NSPlayer/11.0.5721.5275 WMFSDK/11.0"
58.212.213.42 - - [18/May/2012:14:12:45 +0800] "GET /music/moved200909/20090921.mp3 HTTP/1.1" 200 4828683 "-" "NSPlayer/11.0.5721.5275 WMFSDK/11.0"
58.212.213.42 - - [18/May/2012:14:12:47 +0800] "GET /music/moved200909/20090921.mp3 HTTP/1.1" 200 4828683 "-" "NSPlayer/11.0.5721.5275 WMFSDK/11.0"
58.212.213.42 - - [18/May/2012:14:12:48 +0800] "GET /music/moved200909/20090921.mp3 HTTP/1.1" 206 4805039 "-" "NSPlayer/11.0.5721.5275 WMFSDK/11.0"
1.85.17.130 - - [18/May/2012:14:12:49 +0800] "GET /2008-07/\xd0\xc2\xc8\xd5\xd3\xef\xbb\xf9\xb4\xa1\xbd\xcc\xb3\xcc.rar HTTP/1.1" 503 466 "http://download.jptranslate.com/2008-07/" "Mozilla/4.0 (compatible; MSIE 6.0; Windows NT 5.1; .NET CLR 2.0.50727; .NET CLR 3.0.04506.648; .NET CLR 3.5.21022; InfoPath.3; .NET CLR 3.0.4506.2152; .NET CLR 3.5.30729)"
1.85.17.130 - - [18/May/2012:14:12:03 +0800] "GET /2008-07/\xd0\xc2\xc8\xd5\xd3\xef\xbb\xf9\xb4\xa1\xbd\xcc\xb3\xcc.rar HTTP/1.1" 206 19713829 "http://download.jptranslate.com/2008-07/" "Mozilla/4.0 (compatible; MSIE 6.0; Windows NT 5.1; .NET CLR 2.0.50727; .NET CLR 3.0.04506.648; .NET CLR 3.5.21022; InfoPath.3; .NET CLR 3.0.4506.2152; .NET CLR 3.5.30729)"
58.212.213.42 - - [18/May/2012:14:12:50 +0800] "GET /music/moved200909/20090921.mp3 HTTP/1.1" 200 4828683 "-" "NSPlayer/11.0.5721.5275 WMFSDK/11.0"
1.85.17.130 - - [18/May/2012:14:12:51 +0800] "GET /2008-07/%E6%96%B0%E6%97%A5%E8%AF%AD%E5%9F%BA%E7%A1%80%E6%95%99%E7%A8%8B.rar HTTP/1.1" 404 374 "http://download.jptranslate.com/2008-07/" "Mozilla/4.0 (compatible; MSIE 6.0; Windows NT 5.1; .NET CLR 2.0.50727; .NET CLR 3.0.04506.648; .NET CLR 3.5.21022; InfoPath.3; .NET CLR 3.0.4506.2152; .NET CLR 3.5.30729)"
58.212.213.42 - - [18/May/2012:14:12:51 +0800] "GET /music/moved200909/20090921.mp3 HTTP/1.1" 206 4812299 "-" "NSPlayer/11.0.5721.5275 WMFSDK/11.0"
58.212.213.42 - - [18/May/2012:14:12:53 +0800] "GET /music/moved200909/20090921.mp3 HTTP/1.1" 200 4828683 "-" "NSPlayer/11.0.5721.5275 WMFSDK/11.0"
58.212.213.42 - - [18/May/2012:14:12:54 +0800] "GET /music/moved200909/20090921.mp3 HTTP/1.1" 206 4811570 "-" "NSPlayer/11.0.5721.5275 WMFSDK/11.0"
58.212.213.42 - - [18/May/2012:14:12:56 +0800] "GET /music/moved200909/20090921.mp3 HTTP/1.1" 200 4828683 "-" "NSPlayer/11.0.5721.5275 WMFSDK/11.0"
58.212.213.42 - - [18/May/2012:14:12:57 +0800] "GET /music/moved200909/20090921.mp3 HTTP/1.1" 200 4828683 "-" "NSPlayer/11.0.5721.5275 WMFSDK/11.0"
58.212.213.42 - - [18/May/2012:14:12:59 +0800] "GET /music/moved200909/20090921.mp3 HTTP/1.1" 200 4828683 "-" "NSPlayer/11.0.5721.5275 WMFSDK/11.0"
58.212.213.42 - - [18/May/2012:14:13:00 +0800] "GET /music/moved200909/20090921.mp3 HTTP/1.1" 200 4828683 "-" "NSPlayer/11.0.5721.5275 WMFSDK/11.0"
58.212.213.42 - - [18/May/2012:14:13:03 +0800] "GET /music/moved200909/20090921.mp3 HTTP/1.1" 200 4828683 "-" "NSPlayer/11.0.5721.5275 WMFSDK/11.0"
