58.212.213.42 - - [18/May/2012:14:19:03 +0800] "GET /music/moved200909/20090921.mp3 HTTP/1.1" 200 4828683 "-" "NSPlayer/11.0.5721.5275 WMFSDK/11.0"
58.212.213.42 - - [18/May/2012:14:19:04 +0800] "GET /music/moved200909/20090921.mp3 HTTP/1.1" 200 4828683 "-" "NSPlayer/11.0.5721.5275 WMFSDK/11.0"
58.212.213.42 - - [18/May/2012:14:19:06 +0800] "GET /music/moved200909/20090921.mp3 HTTP/1.1" 200 4828683 "-" "NSPlayer/11.0.5721.5275 WMFSDK/11.0"
58.212.213.42 - - [18/May/2012:14:19:07 +0800] "GET /music/moved200909/20090921.mp3 HTTP/1.1" 200 4828683 "-" "NSPlayer/11.0.5721.5275 WMFSDK/11.0"
58.212.213.42 - - [18/May/2012:14:19:09 +0800] "GET /music/moved200909/20090921.mp3 HTTP/1.1" 200 4828683 "-" "NSPlayer/11.0.5721.5275 WMFSDK/11.0"
58.212.213.42 - - [18/May/2012:14:19:10 +0800] "GET /music/moved200909/20090921.mp3 HTTP/1.1" 200 4828683 "-" "NSPlayer/11.0.5721.5275 WMFSDK/11.0"
58.212.213.42 - - [18/May/2012:14:19:12 +0800] "GET /music/moved200909/20090921.mp3 HTTP/1.1" 200 4828683 "-" "NSPlayer/11.0.5721.5275 WMFSDK/11.0"
58.212.213.42 - - [18/May/2012:14:19:13 +0800] "GET /music/moved200909/20090921.mp3 HTTP/1.1" 200 4828683 "-" "NSPlayer/11.0.5721.5275 WMFSDK/11.0"
121.31.58.38 - - [18/May/2012:14:12:55 +0800] "GET /music/moved200909/20090921.mp3 HTTP/1.1" 200 4828683 "-" "Mozilla/4.0 (compatible; MSIE 5.00; Windows 98)"
58.212.213.42 - - [18/May/2012:14:19:15 +0800] "GET /music/moved200909/20090921.mp3 HTTP/1.1" 200 4828683 "-" "NSPlayer/11.0.5721.5275 WMFSDK/11.0"
58.212.213.42 - - [18/May/2012:14:19:16 +0800] "GET /music/moved200909/20090921.mp3 HTTP/1.1" 200 4828683 "-" "NSPlayer/11.0.5721.5275 WMFSDK/11.0"
112.254.110.112 - - [18/May/2012:14:17:18 +0800] "GET /music/moved200909/20090921.mp3 HTTP/1.1" 200 4828683 "-" "Mozilla/4.0 (compatible; MSIE 5.00; Windows 98)"
58.212.213.42 - - [18/May/2012:14:19:18 +0800] "GET /music/moved200909/20090921.mp3 HTTP/1.1" 200 4828683 "-" "NSPlayer/11.0.5721.5275 WMFSDK/11.0"
58.212.213.42 - - [18/May/2012:14:19:19 +0800] "GET /music/moved200909/20090921.mp3 HTTP/1.1" 200 4828683 "-" "NSPlayer/11.0.5721.5275 WMFSDK/11.0"
58.212.213.42 - - [18/May/2012:14:19:21 +0800] "GET /music/moved200909/20090921.mp3 HTTP/1.1" 200 4828683 "-" "NSPlayer/11.0.5721.5275 WMFSDK/11.0"
220.181.51.155 - - [18/May/2012:14:19:22 +0800] "GET /music/moved200909/20090911.mp3 HTTP/1.0" 200 6916096 "-" "NSPlayer/10.0.0.4072 WMFSDK/10.0"
58.212.213.42 - - [18/May/2012:14:19:23 +0800] "GET /music/moved200909/20090921.mp3 HTTP/1.1" 200 4828683 "-" "NSPlayer/11.0.5721.5275 WMFSDK/11.0"
58.212.213.42 - - [18/May/2012:14:19:25 +0800] "GET /music/moved200909/20090921.mp3 HTTP/1.1" 200 4828683 "-" "NSPlayer/11.0.5721.5275 WMFSDK/11.0"
58.212.213.42 - - [18/May/2012:14:19:26 +0800] "GET /music/moved200909/20090921.mp3 HTTP/1.1" 200 4828683 "-" "NSPlayer/11.0.5721.5275 WMFSDK/11.0"
58.212.213.42 - - [18/May/2012:14:19:29 +0800] "GET /music/moved200909/20090921.mp3 HTTP/1.1" 200 4828683 "-" "NSPlayer/11.0.5721.5275 WMFSDK/11.0"
58.212.213.42 - - [18/May/2012:14:19:30 +0800] "GET /music/moved200909/20090921.mp3 HTTP/1.1" 200 4828683 "-" "NSPlayer/11.0.5721.5275 WMFSDK/11.0"
58.212.213.42 - - [18/May/2012:14:19:32 +0800] "GET /music/moved200909/20090921.mp3 HTTP/1.1" 200 4828683 "-" "NSPlayer/11.0.5721.5275 WMFSDK/11.0"
58.212.213.42 - - [18/May/2012:14:19:34 +0800] "GET /music/moved200909/20090921.mp3 HTTP/1.1" 200 4828683 "-" "NSPlayer/11.0.5721.5275 WMFSDK/11.0"
58.212.213.42 - - [18/May/2012:14:19:37 +0800] "GET /music/moved200909/20090921.mp3 HTTP/1.1" 200 4828683 "-" "NSPlayer/11.0.5721.5275 WMFSDK/11.0"
58.212.213.42 - - [18/May/2012:14:19:38 +0800] "GET /music/moved200909/20090921.mp3 HTTP/1.1" 200 4828683 "-" "NSPlayer/11.0.5721.5275 WMFSDK/11.0"
58.212.213.42 - - [18/May/2012:14:19:40 +0800] "GET /music/moved200909/20090921.mp3 HTTP/1.1" 200 4828683 "-" "NSPlayer/11.0.5721.5275 WMFSDK/11.0"
58.212.213.42 - - [18/May/2012:14:19:41 +0800] "GET /music/moved200909/20090921.mp3 HTTP/1.1" 200 4828683 "-" "NSPlayer/11.0.5721.5275 WMFSDK/11.0"
58.212.213.42 - - [18/May/2012:14:19:43 +0800] "GET /music/moved200909/20090921.mp3 HTTP/1.1" 200 4828683 "-" "NSPlayer/11.0.5721.5275 WMFSDK/11.0"
58.212.213.42 - - [18/May/2012:14:19:44 +0800] "GET /music/moved200909/20090921.mp3 HTTP/1.1" 200 4828683 "-" "NSPlayer/11.0.5721.5275 WMFSDK/11.0"
58.212.213.42 - - [18/May/2012:14:19:46 +0800] "GET /music/moved200909/20090921.mp3 HTTP/1.1" 200 4828683 "-" "NSPlayer/11.0.5721.5275 WMFSDK/11.0"
58.212.213.42 - - [18/May/2012:14:19:47 +0800] "GET /music/moved200909/20090921.mp3 HTTP/1.1" 200 4828683 "-" "NSPlayer/11.0.5721.5275 WMFSDK/11.0"
1.85.17.130 - - [18/May/2012:14:16:29 +0800] "GET /2008-07/\xd0\xc2\xc8\xd5\xd3\xef\xbb\xf9\xb4\xa1\xbd\xcc\xb3\xcc.rar HTTP/1.1" 206 20074211 "http://download.jptranslate.com/2008-07/" "Mozilla/4.0 (compatible; MSIE 6.0; Windows NT 5.1; .NET CLR 2.0.50727; .NET CLR 3.0.04506.648; .NET CLR 3.5.21022; InfoPath.3; .NET CLR 3.0.4506.2152; .NET CLR 3.5.30729)"
58.212.213.42 - - [18/May/2012:14:19:50 +0800] "GET /music/moved200909/20090921.mp3 HTTP/1.1" 200 4828683 "-" "NSPlayer/11.0.5721.5275 WMFSDK/11.0"
58.212.213.42 - - [18/May/2012:14:19:51 +0800] "GET /music/moved200909/20090921.mp3 HTTP/1.1" 200 4828683 "-" "NSPlayer/11.0.5721.5275 WMFSDK/11.0"
58.212.213.42 - - [18/May/2012:14:19:53 +0800] "GET /music/moved200909/20090921.mp3 HTTP/1.1" 200 4828683 "-" "NSPlayer/11.0.5721.5275 WMFSDK/11.0"
58.212.213.42 - - [18/May/2012:14:19:54 +0800] "GET /music/moved200909/20090921.mp3 HTTP/1.1" 200 4828683 "-" "NSPlayer/11.0.5721.5275 WMFSDK/11.0"
58.212.213.42 - - [18/May/2012:14:19:57 +0800] "GET /music/moved200909/20090921.mp3 HTTP/1.1" 200 4828683 "-" "NSPlayer/11.0.5721.5275 WMFSDK/11.0"
58.212.213.42 - - [18/May/2012:14:19:58 +0800] "GET /music/moved200909/20090921.mp3 HTTP/1.1" 200 4828683 "-" "NSPlayer/11.0.5721.5275 WMFSDK/11.0"
58.212.213.42 - - [18/May/2012:14:20:00 +0800] "GET /music/moved200909/20090921.mp3 HTTP/1.1" 200 4828683 "-" "NSPlayer/11.0.5721.5275 WMFSDK/11.0"
58.212.213.42 - - [18/May/2012:14:20:01 +0800] "GET /music/moved200909/20090921.mp3 HTTP/1.1" 200 4828683 "-" "NSPlayer/11.0.5721.5275 WMFSDK/11.0"
58.212.213.42 - - [18/May/2012:14:20:03 +0800] "GET /music/moved200909/20090921.mp3 HTTP/1.1" 200 4828683 "-" "NSPlayer/11.0.5721.5275 WMFSDK/11.0"
58.212.213.42 - - [18/May/2012:14:20:05 +0800] "GET /music/moved200909/20090921.mp3 HTTP/1.1" 200 4828683 "-" "NSPlayer/11.0.5721.5275 WMFSDK/11.0"
58.212.213.42 - - [18/May/2012:14:20:07 +0800] "GET /music/moved200909/20090921.mp3 HTTP/1.1" 200 4828683 "-" "NSPlayer/11.0.5721.5275 WMFSDK/11.0"
58.212.213.42 - - [18/May/2012:14:20:08 +0800] "GET /music/moved200909/20090921.mp3 HTTP/1.1" 200 4828683 "-" "NSPlayer/11.0.5721.5275 WMFSDK/11.0"
58.42.246.7 - - [18/May/2012:14:19:15 +0800] "GET /music/moved200909/20090921.mp3 HTTP/1.1" 200 4828683 "-" "Mozilla/4.0 (compatible; MSIE 5.00; Windows 98)"
58.212.213.42 - - [18/May/2012:14:20:11 +0800] "GET /music/moved200909/20090921.mp3 HTTP/1.1" 200 4828683 "-" "NSPlayer/11.0.5721.5275 WMFSDK/11.0"
58.212.213.42 - - [18/May/2012:14:20:12 +0800] "GET /music/moved200909/20090921.mp3 HTTP/1.1" 200 4828683 "-" "NSPlayer/11.0.5721.5275 WMFSDK/11.0"
58.212.213.42 - - [18/May/2012:14:20:14 +0800] "GET /music/moved200909/20090921.mp3 HTTP/1.1" 200 4828683 "-" "NSPlayer/11.0.5721.5275 WMFSDK/11.0"
116.11.15.161 - - [18/May/2012:14:20:15 +0800] "GET /music/moved200910/20091016.mp3 HTTP/1.1" 404 371 "-" "Mozilla/4.0 (compatible; MSIE 5.00; Windows 98)"
116.11.15.161 - - [18/May/2012:14:20:16 +0800] "GET /music/moved200910/20091016.mp3 HTTP/1.1" 404 371 "-" "Mozilla/4.0 (compatible; MSIE 5.00; Windows 98)"
116.11.15.161 - - [18/May/2012:14:20:16 +0800] "GET /music/moved200910/20091016.mp3 HTTP/1.1" 404 371 "-" "Mozilla/4.0 (compatible; MSIE 5.00; Windows 98)"
58.212.213.42 - - [18/May/2012:14:20:15 +0800] "GET /music/moved200909/20090921.mp3 HTTP/1.1" 200 4828683 "-" "NSPlayer/11.0.5721.5275 WMFSDK/11.0"
116.11.15.161 - - [18/May/2012:14:20:16 +0800] "GET /music/moved200910/20091016.mp3 HTTP/1.1" 404 371 "-" "Mozilla/4.0 (compatible; MSIE 5.00; Windows 98)"
58.212.213.42 - - [18/May/2012:14:20:17 +0800] "GET /music/moved200909/20090921.mp3 HTTP/1.1" 200 4828683 "-" "NSPlayer/11.0.5721.5275 WMFSDK/11.0"
58.212.213.42 - - [18/May/2012:14:20:18 +0800] "GET /music/moved200909/20090921.mp3 HTTP/1.1" 200 4828683 "-" "NSPlayer/11.0.5721.5275 WMFSDK/11.0"
1.85.17.130 - - [18/May/2012:14:20:56 +0800] "GET /2008-07/\xd0\xc2\xc8\xd5\xd3\xef\xbb\xf9\xb4\xa1\xbd\xcc\xb3\xcc.rar HTTP/1.1" 206 19587443 "http://download.jptranslate.com/2008-07/" "Mozilla/4.0 (compatible; MSIE 6.0; Windows NT 5.1; .NET CLR 2.0.50727; .NET CLR 3.0.04506.648; .NET CLR 3.5.21022; InfoPath.3; .NET CLR 3.0.4506.2152; .NET CLR 3.5.30729)"
38.107.179.232 - - [18/May/2012:14:21:14 +0800] "GET /2008-08/%a1%ba%c8%d5%d3%ef%bf%bc%bc%b6%b6%c1%bd%e2%cd%bb%c6%c6%a1%bb.rar HTTP/1.1" 200 248797 "-" "CCBot/1.0 (+http://www.commoncrawl.org/bot.html)"
1.85.17.130 - - [18/May/2012:14:21:17 +0800] "GET /2008-07/\xd0\xc2\xc8\xd5\xd3\xef\xbb\xf9\xb4\xa1\xbd\xcc\xb3\xcc.rar HTTP/1.1" 206 9725663 "http://download.jptranslate.com/2008-07/" "Mozilla/4.0 (compatible; MSIE 6.0; Windows NT 5.1; .NET CLR 2.0.50727; .NET CLR 3.0.04506.648; .NET CLR 3.5.21022; InfoPath.3; .NET CLR 3.0.4506.2152; .NET CLR 3.5.30729)"
66.249.72.42 - - [18/May/2012:14:21:19 +0800] "GET /jpmp3/ HTTP/1.1" 200 5795 "-" "Mozilla/5.0 (compatible; Googlebot/2.1; +http://www.google.com/bot.html)"
1.85.17.130 - - [18/May/2012:14:21:03 +0800] "GET /2008-07/\xd0\xc2\xc8\xd5\xd3\xef\xbb\xf9\xb4\xa1\xbd\xcc\xb3\xcc.rar HTTP/1.1" 206 9739889 "http://download.jptranslate.com/2008-07/" "Mozilla/4.0 (compatible; MSIE 6.0; Windows NT 5.1; .NET CLR 2.0.50727; .NET CLR 3.0.04506.648; .NET CLR 3.5.21022; InfoPath.3; .NET CLR 3.0.4506.2152; .NET CLR 3.5.30729)"
114.247.111.1 - - [18/May/2012:14:21:32 +0800] "GET /music/moved200909/20090909.mp3 HTTP/1.1" 503 466 "http://box.zhangmen.baidu.com/m?word=mp3,,,[sunrise+%B1%F5%C6%E9%B2%BD]&cat=0&ct=134217728&tn=baidusg,sunrise+%7Elove+is+all%7E++&si=sunrise+%7Elove+is+all%7E;;%B1%F5%C6%E9%B2%BD;;0;;0&lm=-1&sgid=1&size=5557452&attr=0,0&titlekey=3560807569,1316312062" "Mozilla/4.0 (compatible; MSIE 6.0; Windows NT 5.1; SV1; .NET CLR 2.0.50727; 360SE)"
114.247.111.1 - - [18/May/2012:14:21:32 +0800] "GET /favicon.ico HTTP/1.1" 503 466 "-" "Mozilla/4.0 (compatible; MSIE 6.0; Windows NT 5.1; SV1; .NET CLR 2.0.50727; 360SE; 360SE)"
114.247.111.1 - - [18/May/2012:14:21:32 +0800] "GET /music/moved200909/20090909.mp3 HTTP/1.1" 200 4650675 "http://box.zhangmen.baidu.com/m?word=mp3,,,[sunrise+%B1%F5%C6%E9%B2%BD]&cat=0&ct=134217728&tn=baidusg,sunrise+%7Elove+is+all%7E++&si=sunrise+%7Elove+is+all%7E;;%B1%F5%C6%E9%B2%BD;;0;;0&lm=-1&sgid=1&size=5557452&attr=0,0&titlekey=3560807569,1316312062" "Mozilla/4.0 (compatible; MSIE 6.0; Windows NT 5.1; SV1; .NET CLR 2.0.50727; 360SE)"
114.247.111.1 - - [18/May/2012:14:21:32 +0800] "GET /music/moved200909/20090909.mp3 HTTP/1.1" 200 4650675 "http://box.zhangmen.baidu.com/m?word=mp3,,,[sunrise+%B1%F5%C6%E9%B2%BD]&cat=0&ct=134217728&tn=baidusg,sunrise+%7Elove+is+all%7E++&si=sunrise+%7Elove+is+all%7E;;%B1%F5%C6%E9%B2%BD;;0;;0&lm=-1&sgid=1&size=5557452&attr=0,0&titlekey=3560807569,1316312062" "Mozilla/4.0 (compatible; MSIE 6.0; Windows NT 5.1; SV1; .NET CLR 2.0.50727; 360SE)"
114.247.111.1 - - [18/May/2012:14:21:32 +0800] "GET /music/moved200909/20090909.mp3 HTTP/1.1" 200 4650675 "http://box.zhangmen.baidu.com/m?word=mp3,,,[sunrise+%B1%F5%C6%E9%B2%BD]&cat=0&ct=134217728&tn=baidusg,sunrise+%7Elove+is+all%7E++&si=sunrise+%7Elove+is+all%7E;;%B1%F5%C6%E9%B2%BD;;0;;0&lm=-1&sgid=1&size=5557452&attr=0,0&titlekey=3560807569,1316312062" "Mozilla/4.0 (compatible; MSIE 6.0; Windows NT 5.1; SV1; .NET CLR 2.0.50727; 360SE)"
114.247.111.1 - - [18/May/2012:14:21:42 +0800] "GET /music/moved200909/20090909.mp3 HTTP/1.1" 503 466 "http://box.zhangmen.baidu.com/m?word=mp3,,,[sunrise+%B1%F5%C6%E9%B2%BD]&cat=0&ct=134217728&tn=baidusg,sunrise+%7Elove+is+all%7E++&si=sunrise+%7Elove+is+all%7E;;%B1%F5%C6%E9%B2%BD;;0;;0&lm=-1&sgid=1&size=5557452&attr=0,0&titlekey=3560807569,1316312062" "Mozilla/4.0 (compatible; MSIE 6.0; Windows NT 5.1; SV1; .NET CLR 2.0.50727; 360SE)"
114.247.111.1 - - [18/May/2012:14:21:52 +0800] "GET /music/moved200909/20090909.mp3 HTTP/1.1" 503 466 "http://box.zhangmen.baidu.com/m?word=mp3,,,[sunrise+%B1%F5%C6%E9%B2%BD]&cat=0&ct=134217728&tn=baidusg,sunrise+%7Elove+is+all%7E++&si=sunrise+%7Elove+is+all%7E;;%B1%F5%C6%E9%B2%BD;;0;;0&lm=-1&sgid=1&size=5557452&attr=0,0&titlekey=3560807569,1316312062" "Mozilla/4.0 (compatible; MSIE 6.0; Windows NT 5.1; SV1; .NET CLR 2.0.50727; 360SE)"
114.247.111.1 - - [18/May/2012:14:21:52 +0800] "GET /music/moved200909/20090909.mp3 HTTP/1.1" 503 466 "http://box.zhangmen.baidu.com/m?word=mp3,,,[sunrise+%B1%F5%C6%E9%B2%BD]&cat=0&ct=134217728&tn=baidusg,sunrise+%7Elove+is+all%7E++&si=sunrise+%7Elove+is+all%7E;;%B1%F5%C6%E9%B2%BD;;0;;0&lm=-1&sgid=1&size=5557452&attr=0,0&titlekey=3560807569,1316312062" "Mozilla/4.0 (compatible; MSIE 6.0; Windows NT 5.1; SV1; .NET CLR 2.0.50727; 360SE)"
58.212.213.42 - - [18/May/2012:14:18:40 +0800] "GET /music/moved200909/20090921.mp3 HTTP/1.1" 200 4828683 "-" "NSPlayer/11.0.5721.5275 WMFSDK/11.0"
114.247.111.1 - - [18/May/2012:14:22:03 +0800] "GET /music/moved200909/20090909.mp3 HTTP/1.1" 503 466 "http://box.zhangmen.baidu.com/m?word=mp3,,,[sunrise+%B1%F5%C6%E9%B2%BD]&cat=0&ct=134217728&tn=baidusg,sunrise+%7Elove+is+all%7E++&si=sunrise+%7Elove+is+all%7E;;%B1%F5%C6%E9%B2%BD;;0;;0&lm=-1&sgid=1&size=5557452&attr=0,0&titlekey=3560807569,1316312062" "Mozilla/4.0 (compatible; MSIE 6.0; Windows NT 5.1; SV1; .NET CLR 2.0.50727; 360SE)"
114.247.111.1 - - [18/May/2012:14:22:03 +0800] "GET /music/moved200909/20090909.mp3 HTTP/1.1" 503 466 "http://box.zhangmen.baidu.com/m?word=mp3,,,[sunrise+%B1%F5%C6%E9%B2%BD]&cat=0&ct=134217728&tn=baidusg,sunrise+%7Elove+is+all%7E++&si=sunrise+%7Elove+is+all%7E;;%B1%F5%C6%E9%B2%BD;;0;;0&lm=-1&sgid=1&size=5557452&attr=0,0&titlekey=3560807569,1316312062" "Mozilla/4.0 (compatible; MSIE 6.0; Windows NT 5.1; SV1; .NET CLR 2.0.50727; 360SE)"
114.247.111.1 - - [18/May/2012:14:21:32 +0800] "GET /music/moved200909/20090909.mp3 HTTP/1.1" 200 4650675 "http://box.zhangmen.baidu.com/m?word=mp3,,,[sunrise+%B1%F5%C6%E9%B2%BD]&cat=0&ct=134217728&tn=baidusg,sunrise+%7Elove+is+all%7E++&si=sunrise+%7Elove+is+all%7E;;%B1%F5%C6%E9%B2%BD;;0;;0&lm=-1&sgid=1&size=5557452&attr=0,0&titlekey=3560807569,1316312062" "Mozilla/4.0 (compatible; MSIE 6.0; Windows NT 5.1; SV1; .NET CLR 2.0.50727; 360SE)"
123.125.71.25 - - [18/May/2012:14:22:04 +0800] "GET / HTTP/1.1" 200 1418 "-" "Mozilla/5.0 (compatible; Baiduspider/2.0; +http://www.baidu.com/search/spider.html)"
114.247.111.1 - - [18/May/2012:14:22:13 +0800] "GET /music/moved200909/20090909.mp3 HTTP/1.1" 503 466 "http://box.zhangmen.baidu.com/m?word=mp3,,,[sunrise+%B1%F5%C6%E9%B2%BD]&cat=0&ct=134217728&tn=baidusg,sunrise+%7Elove+is+all%7E++&si=sunrise+%7Elove+is+all%7E;;%B1%F5%C6%E9%B2%BD;;0;;0&lm=-1&sgid=1&size=5557452&attr=0,0&titlekey=3560807569,1316312062" "Mozilla/4.0 (compatible; MSIE 6.0; Windows NT 5.1; SV1; .NET CLR 2.0.50727; 360SE)"
58.59.137.211 - - [18/May/2012:14:21:23 +0800] "GET /music/moved200909/20090918.mp3 HTTP/1.1" 200 6246400 "-" "NSPlayer/10.0.0.4078 WMFSDK/10.0"
220.181.108.95 - - [18/May/2012:14:22:16 +0800] "GET / HTTP/1.1" 200 1418 "-" "Mozilla/5.0 (compatible; Baiduspider/2.0; +http://www.baidu.com/search/spider.html)"
114.247.111.1 - - [18/May/2012:14:21:32 +0800] "GET /music/moved200909/20090909.mp3 HTTP/1.1" 200 4650675 "http://box.zhangmen.baidu.com/m?word=mp3,,,[sunrise+%B1%F5%C6%E9%B2%BD]&cat=0&ct=134217728&tn=baidusg,sunrise+%7Elove+is+all%7E++&si=sunrise+%7Elove+is+all%7E;;%B1%F5%C6%E9%B2%BD;;0;;0&lm=-1&sgid=1&size=5557452&attr=0,0&titlekey=3560807569,1316312062" "Mozilla/4.0 (compatible; MSIE 6.0; Windows NT 5.1; SV1; .NET CLR 2.0.50727; 360SE)"
114.247.111.1 - - [18/May/2012:14:21:42 +0800] "GET /music/moved200909/20090909.mp3 HTTP/1.1" 206 3126963 "http://box.zhangmen.baidu.com/m?word=mp3,,,[sunrise+%B1%F5%C6%E9%B2%BD]&cat=0&ct=134217728&tn=baidusg,sunrise+%7Elove+is+all%7E++&si=sunrise+%7Elove+is+all%7E;;%B1%F5%C6%E9%B2%BD;;0;;0&lm=-1&sgid=1&size=5557452&attr=0,0&titlekey=3560807569,1316312062" "Mozilla/4.0 (compatible; MSIE 6.0; Windows NT 5.1; SV1; .NET CLR 2.0.50727; 360SE)"
114.247.111.1 - - [18/May/2012:14:22:23 +0800] "GET /music/moved200909/20090909.mp3 HTTP/1.1" 503 466 "http://box.zhangmen.baidu.com/m?word=mp3,,,[sunrise+%B1%F5%C6%E9%B2%BD]&cat=0&ct=134217728&tn=baidusg,sunrise+%7Elove+is+all%7E++&si=sunrise+%7Elove+is+all%7E;;%B1%F5%C6%E9%B2%BD;;0;;0&lm=-1&sgid=1&size=5557452&attr=0,0&titlekey=3560807569,1316312062" "Mozilla/4.0 (compatible; MSIE 6.0; Windows NT 5.1; SV1; .NET CLR 2.0.50727; 360SE)"
114.247.111.1 - - [18/May/2012:14:22:23 +0800] "GET /music/moved200909/20090909.mp3 HTTP/1.1" 206 865971 "http://box.zhangmen.baidu.com/m?word=mp3,,,[sunrise+%B1%F5%C6%E9%B2%BD]&cat=0&ct=134217728&tn=baidusg,sunrise+%7Elove+is+all%7E++&si=sunrise+%7Elove+is+all%7E;;%B1%F5%C6%E9%B2%BD;;0;;0&lm=-1&sgid=1&size=5557452&attr=0,0&titlekey=3560807569,1316312062" "Mozilla/4.0 (compatible; MSIE 6.0; Windows NT 5.1; SV1; .NET CLR 2.0.50727; 360SE)"
114.247.111.1 - - [18/May/2012:14:21:42 +0800] "GET /music/moved200909/20090909.mp3 HTTP/1.1" 206 2078387 "http://box.zhangmen.baidu.com/m?word=mp3,,,[sunrise+%B1%F5%C6%E9%B2%BD]&cat=0&ct=134217728&tn=baidusg,sunrise+%7Elove+is+all%7E++&si=sunrise+%7Elove+is+all%7E;;%B1%F5%C6%E9%B2%BD;;0;;0&lm=-1&sgid=1&size=5557452&attr=0,0&titlekey=3560807569,1316312062" "Mozilla/4.0 (compatible; MSIE 6.0; Windows NT 5.1; SV1; .NET CLR 2.0.50727; 360SE)"
114.247.111.1 - - [18/May/2012:14:22:23 +0800] "GET /music/moved200909/20090909.mp3 HTTP/1.1" 206 702131 "http://box.zhangmen.baidu.com/m?word=mp3,,,[sunrise+%B1%F5%C6%E9%B2%BD]&cat=0&ct=134217728&tn=baidusg,sunrise+%7Elove+is+all%7E++&si=sunrise+%7Elove+is+all%7E;;%B1%F5%C6%E9%B2%BD;;0;;0&lm=-1&sgid=1&size=5557452&attr=0,0&titlekey=3560807569,1316312062" "Mozilla/4.0 (compatible; MSIE 6.0; Windows NT 5.1; SV1; .NET CLR 2.0.50727; 360SE)"
114.247.111.1 - - [18/May/2012:14:22:13 +0800] "GET /music/moved200909/20090909.mp3 HTTP/1.1" 206 521907 "http://box.zhangmen.baidu.com/m?word=mp3,,,[sunrise+%B1%F5%C6%E9%B2%BD]&cat=0&ct=134217728&tn=baidusg,sunrise+%7Elove+is+all%7E++&si=sunrise+%7Elove+is+all%7E;;%B1%F5%C6%E9%B2%BD;;0;;0&lm=-1&sgid=1&size=5557452&attr=0,0&titlekey=3560807569,1316312062" "Mozilla/4.0 (compatible; MSIE 6.0; Windows NT 5.1; SV1; .NET CLR 2.0.50727; 360SE)"
1.85.17.130 - - [18/May/2012:14:21:28 +0800] "GET /2008-07/\xd0\xc2\xc8\xd5\xd3\xef\xbb\xf9\xb4\xa1\xbd\xcc\xb3\xcc.rar HTTP/1.1" 206 17551141 "http://download.jptranslate.com/2008-07/" "Mozilla/4.0 (compatible; MSIE 6.0; Windows NT 5.1; .NET CLR 2.0.50727; .NET CLR 3.0.04506.648; .NET CLR 3.5.21022; InfoPath.3; .NET CLR 3.0.4506.2152; .NET CLR 3.5.30729)"
1.85.17.130 - - [18/May/2012:14:23:21 +0800] "GET /2008-07/\xd0\xc2\xc8\xd5\xd3\xef\xbb\xf9\xb4\xa1\xbd\xcc\xb3\xcc.rar HTTP/1.1" 206 19374842 "http://download.jptranslate.com/2008-07/" "Mozilla/4.0 (compatible; MSIE 6.0; Windows NT 5.1; .NET CLR 2.0.50727; .NET CLR 3.0.04506.648; .NET CLR 3.5.21022; InfoPath.3; .NET CLR 3.0.4506.2152; .NET CLR 3.5.30729)"
1.85.17.130 - - [18/May/2012:14:23:32 +0800] "GET /2008-07/%d0%c2%c8%d5%b1%be%d3%ef%d3%ef%b7%a8%c9%cf%cf%c2%b2%e1.rar HTTP/1.1" 503 466 "http://download.jptranslate.com/" "Mozilla/4.0 (compatible; MSIE 6.0; Windows NT 5.1; .NET CLR 2.0.50727; .NET CLR 3.0.04506.648; .NET CLR 3.5.21022; InfoPath.3; .NET CLR 3.0.4506.2152; .NET CLR 3.5.30729)"
1.85.17.130 - - [18/May/2012:14:22:00 +0800] "GET /2008-07/\xd0\xc2\xc8\xd5\xd3\xef\xbb\xf9\xb4\xa1\xbd\xcc\xb3\xcc.rar HTTP/1.1" 206 17535455 "http://download.jptranslate.com/2008-07/" "Mozilla/4.0 (compatible; MSIE 6.0; Windows NT 5.1; .NET CLR 2.0.50727; .NET CLR 3.0.04506.648; .NET CLR 3.5.21022; InfoPath.3; .NET CLR 3.0.4506.2152; .NET CLR 3.5.30729)"
38.107.179.233 - - [18/May/2012:14:21:54 +0800] "GET /2008-08/%a1%be%cd%bb%c6%c6%a3%a1%c8%d5%bc%ec4%bc%b6%cc%fd%c1%a6%a1%bf1-58.rar HTTP/1.1" 200 64462206 "-" "CCBot/1.0 (+http://www.commoncrawl.org/bot.html)"
1.85.17.130 - - [18/May/2012:14:23:45 +0800] "GET /2008-07/\xd0\xc2\xc8\xd5\xd3\xef\xbb\xf9\xb4\xa1\xbd\xcc\xb3\xcc.rar HTTP/1.1" 503 466 "http://download.jptranslate.com/2008-07/" "Mozilla/4.0 (compatible; MSIE 6.0; Windows NT 5.1; .NET CLR 2.0.50727; .NET CLR 3.0.04506.648; .NET CLR 3.5.21022; InfoPath.3; .NET CLR 3.0.4506.2152; .NET CLR 3.5.30729)"
1.85.17.130 - - [18/May/2012:14:23:46 +0800] "GET /2008-07/%d0%c2%c8%d5%b1%be%d3%ef%d3%ef%b7%a8%c9%cf%cf%c2%b2%e1.rar HTTP/1.1" 503 466 "http://download.jptranslate.com/" "Mozilla/4.0 (compatible; MSIE 6.0; Windows NT 5.1; .NET CLR 2.0.50727; .NET CLR 3.0.04506.648; .NET CLR 3.5.21022; InfoPath.3; .NET CLR 3.0.4506.2152; .NET CLR 3.5.30729)"
1.85.17.130 - - [18/May/2012:14:23:47 +0800] "GET /2008-07/%E6%96%B0%E6%97%A5%E8%AF%AD%E5%9F%BA%E7%A1%80%E6%95%99%E7%A8%8B.rar HTTP/1.1" 503 466 "http://download.jptranslate.com/2008-07/" "Mozilla/4.0 (compatible; MSIE 6.0; Windows NT 5.1; .NET CLR 2.0.50727; .NET CLR 3.0.04506.648; .NET CLR 3.5.21022; InfoPath.3; .NET CLR 3.0.4506.2152; .NET CLR 3.5.30729)"
1.85.17.130 - - [18/May/2012:14:23:48 +0800] "GET /2008-07/\xd0\xc2\xc8\xd5\xd3\xef\xbb\xf9\xb4\xa1\xbd\xcc\xb3\xcc.rar HTTP/1.1" 503 466 "http://download.jptranslate.com/2008-07/" "Mozilla/4.0 (compatible; MSIE 6.0; Windows NT 5.1; .NET CLR 2.0.50727; .NET CLR 3.0.04506.648; .NET CLR 3.5.21022; InfoPath.3; .NET CLR 3.0.4506.2152; .NET CLR 3.5.30729)"
1.85.17.130 - - [18/May/2012:14:23:54 +0800] "GET /2008-07/%E6%96%B0%E6%97%A5%E6%9C%AC%E8%AF%AD%E8%AF%AD%E6%B3%95%E4%B8%8A%E4%B8%8B%E5%86%8C.rar HTTP/1.1" 503 466 "http://download.jptranslate.com/" "Mozilla/4.0 (compatible; MSIE 6.0; Windows NT 5.1; .NET CLR 2.0.50727; .NET CLR 3.0.04506.648; .NET CLR 3.5.21022; InfoPath.3; .NET CLR 3.0.4506.2152; .NET CLR 3.5.30729)"
1.85.17.130 - - [18/May/2012:14:23:59 +0800] "GET /2008-07/%E6%96%B0%E6%97%A5%E8%AF%AD%E5%9F%BA%E7%A1%80%E6%95%99%E7%A8%8B.rar HTTP/1.1" 503 466 "http://download.jptranslate.com/2008-07/" "Mozilla/4.0 (compatible; MSIE 6.0; Windows NT 5.1; .NET CLR 2.0.50727; .NET CLR 3.0.04506.648; .NET CLR 3.5.21022; InfoPath.3; .NET CLR 3.0.4506.2152; .NET CLR 3.5.30729)"
1.85.17.130 - - [18/May/2012:14:24:01 +0800] "GET /2008-07/%d0%c2%c8%d5%b1%be%d3%ef%d3%ef%b7%a8%c9%cf%cf%c2%b2%e1.rar HTTP/1.1" 503 466 "http://download.jptranslate.com/" "Mozilla/4.0 (compatible; MSIE 6.0; Windows NT 5.1; .NET CLR 2.0.50727; .NET CLR 3.0.04506.648; .NET CLR 3.5.21022; InfoPath.3; .NET CLR 3.0.4506.2152; .NET CLR 3.5.30729)"
1.85.17.130 - - [18/May/2012:14:23:45 +0800] "GET /2008-07/%d0%c2%c8%d5%b1%be%d3%ef%d3%ef%b7%a8%c9%cf%cf%c2%b2%e1.rar HTTP/1.1" 206 20302801 "http://download.jptranslate.com/" "Mozilla/4.0 (compatible; MSIE 6.0; Windows NT 5.1; .NET CLR 2.0.50727; .NET CLR 3.0.04506.648; .NET CLR 3.5.21022; InfoPath.3; .NET CLR 3.0.4506.2152; .NET CLR 3.5.30729)"
1.85.17.130 - - [18/May/2012:14:24:03 +0800] "GET /2008-07/%E6%96%B0%E6%97%A5%E6%9C%AC%E8%AF%AD%E8%AF%AD%E6%B3%95%E4%B8%8A%E4%B8%8B%E5%86%8C.rar HTTP/1.1" 503 466 "http://download.jptranslate.com/" "Mozilla/4.0 (compatible; MSIE 6.0; Windows NT 5.1; .NET CLR 2.0.50727; .NET CLR 3.0.04506.648; .NET CLR 3.5.21022; InfoPath.3; .NET CLR 3.0.4506.2152; .NET CLR 3.5.30729)"
1.85.17.130 - - [18/May/2012:14:23:22 +0800] "GET /2008-07/%d0%c2%c8%d5%b1%be%d3%ef%d3%ef%b7%a8%c9%cf%cf%c2%b2%e1.rar HTTP/1.1" 206 20433873 "http://download.jptranslate.com/" "Mozilla/4.0 (compatible; MSIE 6.0; Windows NT 5.1; .NET CLR 2.0.50727; .NET CLR 3.0.04506.648; .NET CLR 3.5.21022; InfoPath.3; .NET CLR 3.0.4506.2152; .NET CLR 3.5.30729)"
1.85.17.130 - - [18/May/2012:14:24:18 +0800] "GET /2008-07/%d0%c2%c8%d5%b1%be%d3%ef%d3%ef%b7%a8%c9%cf%cf%c2%b2%e1.rar HTTP/1.1" 503 466 "http://download.jptranslate.com/" "Mozilla/4.0 (compatible; MSIE 6.0; Windows NT 5.1; .NET CLR 2.0.50727; .NET CLR 3.0.04506.648; .NET CLR 3.5.21022; InfoPath.3; .NET CLR 3.0.4506.2152; .NET CLR 3.5.30729)"
1.85.17.130 - - [18/May/2012:14:23:25 +0800] "GET /2008-07/\xd0\xc2\xc8\xd5\xd3\xef\xbb\xf9\xb4\xa1\xbd\xcc\xb3\xcc.rar HTTP/1.1" 206 19374842 "http://download.jptranslate.com/2008-07/" "Mozilla/4.0 (compatible; MSIE 6.0; Windows NT 5.1; .NET CLR 2.0.50727; .NET CLR 3.0.04506.648; .NET CLR 3.5.21022; InfoPath.3; .NET CLR 3.0.4506.2152; .NET CLR 3.5.30729)"
1.85.17.130 - - [18/May/2012:14:24:29 +0800] "GET /2008-07/%d0%c2%c8%d5%b1%be%d3%ef%d3%ef%b7%a8%c9%cf%cf%c2%b2%e1.rar HTTP/1.1" 503 466 "http://download.jptranslate.com/" "Mozilla/4.0 (compatible; MSIE 6.0; Windows NT 5.1; .NET CLR 2.0.50727; .NET CLR 3.0.04506.648; .NET CLR 3.5.21022; InfoPath.3; .NET CLR 3.0.4506.2152; .NET CLR 3.5.30729)"
1.85.17.130 - - [18/May/2012:14:24:31 +0800] "GET /2008-07/%E6%96%B0%E6%97%A5%E6%9C%AC%E8%AF%AD%E8%AF%AD%E6%B3%95%E4%B8%8A%E4%B8%8B%E5%86%8C.rar HTTP/1.1" 503 466 "http://download.jptranslate.com/" "Mozilla/4.0 (compatible; MSIE 6.0; Windows NT 5.1; .NET CLR 2.0.50727; .NET CLR 3.0.04506.648; .NET CLR 3.5.21022; InfoPath.3; .NET CLR 3.0.4506.2152; .NET CLR 3.5.30729)"
1.85.17.130 - - [18/May/2012:14:24:35 +0800] "GET /2008-07/%d0%c2%c8%d5%b1%be%d3%ef%d3%ef%b7%a8%c9%cf%cf%c2%b2%e1.rar HTTP/1.1" 503 466 "http://download.jptranslate.com/" "Mozilla/4.0 (compatible; MSIE 6.0; Windows NT 5.1; .NET CLR 2.0.50727; .NET CLR 3.0.04506.648; .NET CLR 3.5.21022; InfoPath.3; .NET CLR 3.0.4506.2152; .NET CLR 3.5.30729)"
1.85.17.130 - - [18/May/2012:14:24:08 +0800] "GET /2008-07/%d0%c2%c8%d5%b1%be%d3%ef%d3%ef%b7%a8%c9%cf%cf%c2%b2%e1.rar HTTP/1.1" 206 379857 "http://download.jptranslate.com/" "Mozilla/4.0 (compatible; MSIE 6.0; Windows NT 5.1; .NET CLR 2.0.50727; .NET CLR 3.0.04506.648; .NET CLR 3.5.21022; InfoPath.3; .NET CLR 3.0.4506.2152; .NET CLR 3.5.30729)"
1.85.17.130 - - [18/May/2012:14:24:42 +0800] "GET /2008-07/%E6%96%B0%E6%97%A5%E6%9C%AC%E8%AF%AD%E8%AF%AD%E6%B3%95%E4%B8%8A%E4%B8%8B%E5%86%8C.rar HTTP/1.1" 404 380 "http://download.jptranslate.com/" "Mozilla/4.0 (compatible; MSIE 6.0; Windows NT 5.1; .NET CLR 2.0.50727; .NET CLR 3.0.04506.648; .NET CLR 3.5.21022; InfoPath.3; .NET CLR 3.0.4506.2152; .NET CLR 3.5.30729)"
1.85.17.130 - - [18/May/2012:14:24:47 +0800] "GET /2008-07/%d0%c2%c8%d5%b1%be%d3%ef%d3%ef%b7%a8%c9%cf%cf%c2%b2%e1.rar HTTP/1.1" 503 466 "http://download.jptranslate.com/" "Mozilla/4.0 (compatible; MSIE 6.0; Windows NT 5.1; .NET CLR 2.0.50727; .NET CLR 3.0.04506.648; .NET CLR 3.5.21022; InfoPath.3; .NET CLR 3.0.4506.2152; .NET CLR 3.5.30729)"
1.85.17.130 - - [18/May/2012:14:24:25 +0800] "GET /2008-07/%d0%c2%c8%d5%b1%be%d3%ef%d3%ef%b7%a8%c9%cf%cf%c2%b2%e1.rar HTTP/1.1" 206 12438481 "http://download.jptranslate.com/" "Mozilla/4.0 (compatible; MSIE 6.0; Windows NT 5.1; .NET CLR 2.0.50727; .NET CLR 3.0.04506.648; .NET CLR 3.5.21022; InfoPath.3; .NET CLR 3.0.4506.2152; .NET CLR 3.5.30729)"
114.251.216.82 - - [18/May/2012:14:22:18 +0800] "GET /music/moved200909/20090918.mp3 HTTP/1.1" 200 6246400 "-" "NSPlayer/12.00.7601.17514 WMFSDK/12.00.7601.17514"
1.85.17.130 - - [18/May/2012:14:24:49 +0800] "GET /2008-07/%E6%96%B0%E6%97%A5%E6%9C%AC%E8%AF%AD%E8%AF%AD%E6%B3%95%E4%B8%8A%E4%B8%8B%E5%86%8C.rar HTTP/1.1" 404 380 "http://download.jptranslate.com/" "Mozilla/4.0 (compatible; MSIE 6.0; Windows NT 5.1; .NET CLR 2.0.50727; .NET CLR 3.0.04506.648; .NET CLR 3.5.21022; InfoPath.3; .NET CLR 3.0.4506.2152; .NET CLR 3.5.30729)"
1.85.17.130 - - [18/May/2012:14:24:50 +0800] "GET /2008-07/\xd0\xc2\xc8\xd5\xd3\xef\xbb\xf9\xb4\xa1\xbd\xcc\xb3\xcc.rar HTTP/1.1" 206 7899241 "http://download.jptranslate.com/2008-07/" "Mozilla/4.0 (compatible; MSIE 6.0; Windows NT 5.1; .NET CLR 2.0.50727; .NET CLR 3.0.04506.648; .NET CLR 3.5.21022; InfoPath.3; .NET CLR 3.0.4506.2152; .NET CLR 3.5.30729)"
1.85.17.130 - - [18/May/2012:14:24:54 +0800] "GET /2008-07/%d0%c2%c8%d5%b1%be%d3%ef%d3%ef%b7%a8%c9%cf%cf%c2%b2%e1.rar HTTP/1.1" 503 466 "http://download.jptranslate.com/" "Mozilla/4.0 (compatible; MSIE 6.0; Windows NT 5.1; .NET CLR 2.0.50727; .NET CLR 3.0.04506.648; .NET CLR 3.5.21022; InfoPath.3; .NET CLR 3.0.4506.2152; .NET CLR 3.5.30729)"
1.85.17.130 - - [18/May/2012:14:24:59 +0800] "GET /2008-07/%E6%96%B0%E6%97%A5%E6%9C%AC%E8%AF%AD%E8%AF%AD%E6%B3%95%E4%B8%8A%E4%B8%8B%E5%86%8C.rar HTTP/1.1" 503 466 "http://download.jptranslate.com/" "Mozilla/4.0 (compatible; MSIE 6.0; Windows NT 5.1; .NET CLR 2.0.50727; .NET CLR 3.0.04506.648; .NET CLR 3.5.21022; InfoPath.3; .NET CLR 3.0.4506.2152; .NET CLR 3.5.30729)"
1.85.17.130 - - [18/May/2012:14:23:27 +0800] "GET /2008-07/%d0%c2%c8%d5%b1%be%d3%ef%d3%ef%b7%a8%c9%cf%cf%c2%b2%e1.rar HTTP/1.1" 206 16632785 "http://download.jptranslate.com/" "Mozilla/4.0 (compatible; MSIE 6.0; Windows NT 5.1; .NET CLR 2.0.50727; .NET CLR 3.0.04506.648; .NET CLR 3.5.21022; InfoPath.3; .NET CLR 3.0.4506.2152; .NET CLR 3.5.30729)"
114.247.111.1 - - [18/May/2012:14:21:42 +0800] "GET /music/moved200909/20090909.mp3 HTTP/1.1" 206 4159155 "http://box.zhangmen.baidu.com/m?word=mp3,,,[sunrise+%B1%F5%C6%E9%B2%BD]&cat=0&ct=134217728&tn=baidusg,sunrise+%7Elove+is+all%7E++&si=sunrise+%7Elove+is+all%7E;;%B1%F5%C6%E9%B2%BD;;0;;0&lm=-1&sgid=1&size=5557452&attr=0,0&titlekey=3560807569,1316312062" "Mozilla/4.0 (compatible; MSIE 6.0; Windows NT 5.1; SV1; .NET CLR 2.0.50727; 360SE)"
1.85.17.130 - - [18/May/2012:14:25:07 +0800] "GET /2008-07/\xd0\xc2\xc8\xd5\xd3\xef\xbb\xf9\xb4\xa1\xbd\xcc\xb3\xcc.rar HTTP/1.1" 503 466 "http://download.jptranslate.com/2008-07/" "Mozilla/4.0 (compatible; MSIE 6.0; Windows NT 5.1; .NET CLR 2.0.50727; .NET CLR 3.0.04506.648; .NET CLR 3.5.21022; InfoPath.3; .NET CLR 3.0.4506.2152; .NET CLR 3.5.30729)"
1.85.17.130 - - [18/May/2012:14:25:08 +0800] "GET /2008-07/%d0%c2%c8%d5%b1%be%d3%ef%d3%ef%b7%a8%c9%cf%cf%c2%b2%e1.rar HTTP/1.1" 503 466 "http://download.jptranslate.com/" "Mozilla/4.0 (compatible; MSIE 6.0; Windows NT 5.1; .NET CLR 2.0.50727; .NET CLR 3.0.04506.648; .NET CLR 3.5.21022; InfoPath.3; .NET CLR 3.0.4506.2152; .NET CLR 3.5.30729)"
1.85.17.130 - - [18/May/2012:14:25:23 +0800] "GET /2008-07/\xd0\xc2\xc8\xd5\xd3\xef\xbb\xf9\xb4\xa1\xbd\xcc\xb3\xcc.rar HTTP/1.1" 503 466 "http://download.jptranslate.com/2008-07/" "Mozilla/4.0 (compatible; MSIE 6.0; Windows NT 5.1; .NET CLR 2.0.50727; .NET CLR 3.0.04506.648; .NET CLR 3.5.21022; InfoPath.3; .NET CLR 3.0.4506.2152; .NET CLR 3.5.30729)"
1.85.17.130 - - [18/May/2012:14:25:24 +0800] "GET /2008-07/\xd0\xc2\xc8\xd5\xd3\xef\xbb\xf9\xb4\xa1\xbd\xcc\xb3\xcc.rar HTTP/1.1" 503 466 "http://download.jptranslate.com/2008-07/" "Mozilla/4.0 (compatible; MSIE 6.0; Windows NT 5.1; .NET CLR 2.0.50727; .NET CLR 3.0.04506.648; .NET CLR 3.5.21022; InfoPath.3; .NET CLR 3.0.4506.2152; .NET CLR 3.5.30729)"
1.85.17.130 - - [18/May/2012:14:25:25 +0800] "GET /2008-07/%d0%c2%c8%d5%b1%be%d3%ef%d3%ef%b7%a8%c9%cf%cf%c2%b2%e1.rar HTTP/1.1" 503 466 "http://download.jptranslate.com/" "Mozilla/4.0 (compatible; MSIE 6.0; Windows NT 5.1; .NET CLR 2.0.50727; .NET CLR 3.0.04506.648; .NET CLR 3.5.21022; InfoPath.3; .NET CLR 3.0.4506.2152; .NET CLR 3.5.30729)"
1.85.17.130 - - [18/May/2012:14:25:26 +0800] "GET /2008-07/%E6%96%B0%E6%97%A5%E8%AF%AD%E5%9F%BA%E7%A1%80%E6%95%99%E7%A8%8B.rar HTTP/1.1" 503 466 "http://download.jptranslate.com/2008-07/" "Mozilla/4.0 (compatible; MSIE 6.0; Windows NT 5.1; .NET CLR 2.0.50727; .NET CLR 3.0.04506.648; .NET CLR 3.5.21022; InfoPath.3; .NET CLR 3.0.4506.2152; .NET CLR 3.5.30729)"
1.85.17.130 - - [18/May/2012:14:22:07 +0800] "GET /2008-07/\xd0\xc2\xc8\xd5\xd3\xef\xbb\xf9\xb4\xa1\xbd\xcc\xb3\xcc.rar HTTP/1.1" 206 17535455 "http://download.jptranslate.com/2008-07/" "Mozilla/4.0 (compatible; MSIE 6.0; Windows NT 5.1; .NET CLR 2.0.50727; .NET CLR 3.0.04506.648; .NET CLR 3.5.21022; InfoPath.3; .NET CLR 3.0.4506.2152; .NET CLR 3.5.30729)"
1.85.17.130 - - [18/May/2012:14:24:45 +0800] "GET /2008-07/%d0%c2%c8%d5%b1%be%d3%ef%d3%ef%b7%a8%c9%cf%cf%c2%b2%e1.rar HTTP/1.1" 206 19647441 "http://download.jptranslate.com/" "Mozilla/4.0 (compatible; MSIE 6.0; Windows NT 5.1; .NET CLR 2.0.50727; .NET CLR 3.0.04506.648; .NET CLR 3.5.21022; InfoPath.3; .NET CLR 3.0.4506.2152; .NET CLR 3.5.30729)"
1.85.17.130 - - [18/May/2012:14:25:34 +0800] "GET /2008-07/\xd0\xc2\xc8\xd5\xd3\xef\xbb\xf9\xb4\xa1\xbd\xcc\xb3\xcc.rar HTTP/1.1" 206 9469421 "http://download.jptranslate.com/2008-07/" "Mozilla/4.0 (compatible; MSIE 6.0; Windows NT 5.1; .NET CLR 2.0.50727; .NET CLR 3.0.04506.648; .NET CLR 3.5.21022; InfoPath.3; .NET CLR 3.0.4506.2152; .NET CLR 3.5.30729)"
1.85.17.130 - - [18/May/2012:14:24:03 +0800] "GET /2008-07/\xd0\xc2\xc8\xd5\xd3\xef\xbb\xf9\xb4\xa1\xbd\xcc\xb3\xcc.rar HTTP/1.1" 206 7945587 "http://download.jptranslate.com/2008-07/" "Mozilla/4.0 (compatible; MSIE 6.0; Windows NT 5.1; .NET CLR 2.0.50727; .NET CLR 3.0.04506.648; .NET CLR 3.5.21022; InfoPath.3; .NET CLR 3.0.4506.2152; .NET CLR 3.5.30729)"
1.85.17.130 - - [18/May/2012:14:24:51 +0800] "GET /2008-07/\xd0\xc2\xc8\xd5\xd3\xef\xbb\xf9\xb4\xa1\xbd\xcc\xb3\xcc.rar HTTP/1.1" 206 7899241 "http://download.jptranslate.com/2008-07/" "Mozilla/4.0 (compatible; MSIE 6.0; Windows NT 5.1; .NET CLR 2.0.50727; .NET CLR 3.0.04506.648; .NET CLR 3.5.21022; InfoPath.3; .NET CLR 3.0.4506.2152; .NET CLR 3.5.30729)"
1.85.17.130 - - [18/May/2012:14:25:46 +0800] "GET /2008-07/%d0%c2%c8%d5%b1%be%d3%ef%d3%ef%b7%a8%c9%cf%cf%c2%b2%e1.rar HTTP/1.1" 503 466 "http://download.jptranslate.com/" "Mozilla/4.0 (compatible; MSIE 6.0; Windows NT 5.1; .NET CLR 2.0.50727; .NET CLR 3.0.04506.648; .NET CLR 3.5.21022; InfoPath.3; .NET CLR 3.0.4506.2152; .NET CLR 3.5.30729)"
1.85.17.130 - - [18/May/2012:14:25:51 +0800] "GET /2008-07/\xd0\xc2\xc8\xd5\xd3\xef\xbb\xf9\xb4\xa1\xbd\xcc\xb3\xcc.rar HTTP/1.1" 206 9469421 "http://download.jptranslate.com/2008-07/" "Mozilla/4.0 (compatible; MSIE 6.0; Windows NT 5.1; .NET CLR 2.0.50727; .NET CLR 3.0.04506.648; .NET CLR 3.5.21022; InfoPath.3; .NET CLR 3.0.4506.2152; .NET CLR 3.5.30729)"
1.85.17.130 - - [18/May/2012:14:25:57 +0800] "GET /2008-07/%E6%96%B0%E6%97%A5%E6%9C%AC%E8%AF%AD%E8%AF%AD%E6%B3%95%E4%B8%8A%E4%B8%8B%E5%86%8C.rar HTTP/1.1" 503 466 "http://download.jptranslate.com/" "Mozilla/4.0 (compatible; MSIE 6.0; Windows NT 5.1; .NET CLR 2.0.50727; .NET CLR 3.0.04506.648; .NET CLR 3.5.21022; InfoPath.3; .NET CLR 3.0.4506.2152; .NET CLR 3.5.30729)"
1.85.17.130 - - [18/May/2012:14:25:57 +0800] "GET /2008-07/%d0%c2%c8%d5%b1%be%d3%ef%d3%ef%b7%a8%c9%cf%cf%c2%b2%e1.rar HTTP/1.1" 206 3656657 "http://download.jptranslate.com/" "Mozilla/4.0 (compatible; MSIE 6.0; Windows NT 5.1; .NET CLR 2.0.50727; .NET CLR 3.0.04506.648; .NET CLR 3.5.21022; InfoPath.3; .NET CLR 3.0.4506.2152; .NET CLR 3.5.30729)"
1.85.17.130 - - [18/May/2012:14:25:41 +0800] "GET /2008-07/%d0%c2%c8%d5%b1%be%d3%ef%d3%ef%b7%a8%c9%cf%cf%c2%b2%e1.rar HTTP/1.1" 206 13749201 "http://download.jptranslate.com/" "Mozilla/4.0 (compatible; MSIE 6.0; Windows NT 5.1; .NET CLR 2.0.50727; .NET CLR 3.0.04506.648; .NET CLR 3.5.21022; InfoPath.3; .NET CLR 3.0.4506.2152; .NET CLR 3.5.30729)"
1.85.17.130 - - [18/May/2012:14:26:08 +0800] "GET /2008-07/%d0%c2%c8%d5%b1%be%d3%ef%d3%ef%b7%a8%c9%cf%cf%c2%b2%e1.rar HTTP/1.1" 206 13746656 "http://download.jptranslate.com/" "Mozilla/4.0 (compatible; MSIE 6.0; Windows NT 5.1; .NET CLR 2.0.50727; .NET CLR 3.0.04506.648; .NET CLR 3.5.21022; InfoPath.3; .NET CLR 3.0.4506.2152; .NET CLR 3.5.30729)"
1.85.17.130 - - [18/May/2012:14:26:16 +0800] "GET /2008-07/%E6%96%B0%E6%97%A5%E6%9C%AC%E8%AF%AD%E8%AF%AD%E6%B3%95%E4%B8%8A%E4%B8%8B%E5%86%8C.rar HTTP/1.1" 404 380 "http://download.jptranslate.com/" "Mozilla/4.0 (compatible; MSIE 6.0; Windows NT 5.1; .NET CLR 2.0.50727; .NET CLR 3.0.04506.648; .NET CLR 3.5.21022; InfoPath.3; .NET CLR 3.0.4506.2152; .NET CLR 3.5.30729)"
1.85.17.130 - - [18/May/2012:14:25:43 +0800] "GET /2008-07/\xd0\xc2\xc8\xd5\xd3\xef\xbb\xf9\xb4\xa1\xbd\xcc\xb3\xcc.rar HTTP/1.1" 206 9469421 "http://download.jptranslate.com/2008-07/" "Mozilla/4.0 (compatible; MSIE 6.0; Windows NT 5.1; .NET CLR 2.0.50727; .NET CLR 3.0.04506.648; .NET CLR 3.5.21022; InfoPath.3; .NET CLR 3.0.4506.2152; .NET CLR 3.5.30729)"
1.85.17.130 - - [18/May/2012:14:26:33 +0800] "GET /2008-07/%d0%c2%c8%d5%b1%be%d3%ef%d3%ef%b7%a8%c9%cf%cf%c2%b2%e1.rar HTTP/1.1" 503 466 "http://download.jptranslate.com/" "Mozilla/4.0 (compatible; MSIE 6.0; Windows NT 5.1; .NET CLR 2.0.50727; .NET CLR 3.0.04506.648; .NET CLR 3.5.21022; InfoPath.3; .NET CLR 3.0.4506.2152; .NET CLR 3.5.30729)"
1.85.17.130 - - [18/May/2012:14:25:00 +0800] "GET /2008-07/%d0%c2%c8%d5%b1%be%d3%ef%d3%ef%b7%a8%c9%cf%cf%c2%b2%e1.rar HTTP/1.1" 206 6147025 "http://download.jptranslate.com/" "Mozilla/4.0 (compatible; MSIE 6.0; Windows NT 5.1; .NET CLR 2.0.50727; .NET CLR 3.0.04506.648; .NET CLR 3.5.21022; InfoPath.3; .NET CLR 3.0.4506.2152; .NET CLR 3.5.30729)"
1.85.17.130 - - [18/May/2012:14:26:37 +0800] "GET /2008-07/\xd0\xc2\xc8\xd5\xd3\xef\xbb\xf9\xb4\xa1\xbd\xcc\xb3\xcc.rar HTTP/1.1" 503 466 "http://download.jptranslate.com/2008-07/" "Mozilla/4.0 (compatible; MSIE 6.0; Windows NT 5.1; .NET CLR 2.0.50727; .NET CLR 3.0.04506.648; .NET CLR 3.5.21022; InfoPath.3; .NET CLR 3.0.4506.2152; .NET CLR 3.5.30729)"
1.85.17.130 - - [18/May/2012:14:26:35 +0800] "GET /2008-07/%d0%c2%c8%d5%b1%be%d3%ef%d3%ef%b7%a8%c9%cf%cf%c2%b2%e1.rar HTTP/1.1" 206 642001 "http://download.jptranslate.com/" "Mozilla/4.0 (compatible; MSIE 6.0; Windows NT 5.1; .NET CLR 2.0.50727; .NET CLR 3.0.04506.648; .NET CLR 3.5.21022; InfoPath.3; .NET CLR 3.0.4506.2152; .NET CLR 3.5.30729)"
1.85.17.130 - - [18/May/2012:14:26:46 +0800] "GET /2008-07/%d0%c2%c8%d5%b1%be%d3%ef%d3%ef%b7%a8%c9%cf%cf%c2%b2%e1.rar HTTP/1.1" 503 466 "http://download.jptranslate.com/" "Mozilla/4.0 (compatible; MSIE 6.0; Windows NT 5.1; .NET CLR 2.0.50727; .NET CLR 3.0.04506.648; .NET CLR 3.5.21022; InfoPath.3; .NET CLR 3.0.4506.2152; .NET CLR 3.5.30729)"
1.85.17.130 - - [18/May/2012:14:26:16 +0800] "GET /2008-07/%d0%c2%c8%d5%b1%be%d3%ef%d3%ef%b7%a8%c9%cf%cf%c2%b2%e1.rar HTTP/1.1" 206 13746656 "http://download.jptranslate.com/" "Mozilla/4.0 (compatible; MSIE 6.0; Windows NT 5.1; .NET CLR 2.0.50727; .NET CLR 3.0.04506.648; .NET CLR 3.5.21022; InfoPath.3; .NET CLR 3.0.4506.2152; .NET CLR 3.5.30729)"
1.85.17.130 - - [18/May/2012:14:26:59 +0800] "GET /2008-07/%d0%c2%c8%d5%b1%be%d3%ef%d3%ef%b7%a8%c9%cf%cf%c2%b2%e1.rar HTTP/1.1" 503 466 "http://download.jptranslate.com/" "Mozilla/4.0 (compatible; MSIE 6.0; Windows NT 5.1; .NET CLR 2.0.50727; .NET CLR 3.0.04506.648; .NET CLR 3.5.21022; InfoPath.3; .NET CLR 3.0.4506.2152; .NET CLR 3.5.30729)"
1.85.17.130 - - [18/May/2012:14:26:03 +0800] "GET /2008-07/%d0%c2%c8%d5%b1%be%d3%ef%d3%ef%b7%a8%c9%cf%cf%c2%b2%e1.rar HTTP/1.1" 206 377310 "http://download.jptranslate.com/" "Mozilla/4.0 (compatible; MSIE 6.0; Windows NT 5.1; .NET CLR 2.0.50727; .NET CLR 3.0.04506.648; .NET CLR 3.5.21022; InfoPath.3; .NET CLR 3.0.4506.2152; .NET CLR 3.5.30729)"
1.85.17.130 - - [18/May/2012:14:27:02 +0800] "GET /2008-07/%E6%96%B0%E6%97%A5%E6%9C%AC%E8%AF%AD%E8%AF%AD%E6%B3%95%E4%B8%8A%E4%B8%8B%E5%86%8C.rar HTTP/1.1" 404 380 "http://download.jptranslate.com/" "Mozilla/4.0 (compatible; MSIE 6.0; Windows NT 5.1; .NET CLR 2.0.50727; .NET CLR 3.0.04506.648; .NET CLR 3.5.21022; InfoPath.3; .NET CLR 3.0.4506.2152; .NET CLR 3.5.30729)"
1.85.17.130 - - [18/May/2012:14:27:04 +0800] "GET /2008-07/%d0%c2%c8%d5%b1%be%d3%ef%d3%ef%b7%a8%c9%cf%cf%c2%b2%e1.rar HTTP/1.1" 503 466 "http://download.jptranslate.com/" "Mozilla/4.0 (compatible; MSIE 6.0; Windows NT 5.1; .NET CLR 2.0.50727; .NET CLR 3.0.04506.648; .NET CLR 3.5.21022; InfoPath.3; .NET CLR 3.0.4506.2152; .NET CLR 3.5.30729)"
1.85.17.130 - - [18/May/2012:14:26:45 +0800] "GET /2008-07/%d0%c2%c8%d5%b1%be%d3%ef%d3%ef%b7%a8%c9%cf%cf%c2%b2%e1.rar HTTP/1.1" 206 3525585 "http://download.jptranslate.com/" "Mozilla/4.0 (compatible; MSIE 6.0; Windows NT 5.1; .NET CLR 2.0.50727; .NET CLR 3.0.04506.648; .NET CLR 3.5.21022; InfoPath.3; .NET CLR 3.0.4506.2152; .NET CLR 3.5.30729)"
1.85.17.130 - - [18/May/2012:14:26:29 +0800] "GET /2008-07/\xd0\xc2\xc8\xd5\xd3\xef\xbb\xf9\xb4\xa1\xbd\xcc\xb3\xcc.rar HTTP/1.1" 206 20172581 "http://download.jptranslate.com/2008-07/" "Mozilla/4.0 (compatible; MSIE 6.0; Windows NT 5.1; .NET CLR 2.0.50727; .NET CLR 3.0.04506.648; .NET CLR 3.5.21022; InfoPath.3; .NET CLR 3.0.4506.2152; .NET CLR 3.5.30729)"
1.85.17.130 - - [18/May/2012:14:25:40 +0800] "GET /2008-07/%d0%c2%c8%d5%b1%be%d3%ef%d3%ef%b7%a8%c9%cf%cf%c2%b2%e1.rar HTTP/1.1" 206 1166289 "http://download.jptranslate.com/" "Mozilla/4.0 (compatible; MSIE 6.0; Windows NT 5.1; .NET CLR 2.0.50727; .NET CLR 3.0.04506.648; .NET CLR 3.5.21022; InfoPath.3; .NET CLR 3.0.4506.2152; .NET CLR 3.5.30729)"
1.85.17.130 - - [18/May/2012:14:27:12 +0800] "GET /2008-07/%d0%c2%c8%d5%b1%be%d3%ef%d3%ef%b7%a8%c9%cf%cf%c2%b2%e1.rar HTTP/1.1" 206 16499167 "http://download.jptranslate.com/" "Mozilla/4.0 (compatible; MSIE 6.0; Windows NT 5.1; .NET CLR 2.0.50727; .NET CLR 3.0.04506.648; .NET CLR 3.5.21022; InfoPath.3; .NET CLR 3.0.4506.2152; .NET CLR 3.5.30729)"
1.85.17.130 - - [18/May/2012:14:27:28 +0800] "GET /2008-07/%d0%c2%c8%d5%b1%be%d3%ef%d3%ef%b7%a8%c9%cf%cf%c2%b2%e1.rar HTTP/1.1" 503 466 "http://download.jptranslate.com/" "Mozilla/4.0 (compatible; MSIE 6.0; Windows NT 5.1; .NET CLR 2.0.50727; .NET CLR 3.0.04506.648; .NET CLR 3.5.21022; InfoPath.3; .NET CLR 3.0.4506.2152; .NET CLR 3.5.30729)"
1.85.17.130 - - [18/May/2012:14:26:58 +0800] "GET /2008-07/%d0%c2%c8%d5%b1%be%d3%ef%d3%ef%b7%a8%c9%cf%cf%c2%b2%e1.rar HTTP/1.1" 206 16501713 "http://download.jptranslate.com/" "Mozilla/4.0 (compatible; MSIE 6.0; Windows NT 5.1; .NET CLR 2.0.50727; .NET CLR 3.0.04506.648; .NET CLR 3.5.21022; InfoPath.3; .NET CLR 3.0.4506.2152; .NET CLR 3.5.30729)"
1.85.17.130 - - [18/May/2012:14:27:14 +0800] "GET /2008-07/\xd0\xc2\xc8\xd5\xd3\xef\xbb\xf9\xb4\xa1\xbd\xcc\xb3\xcc.rar HTTP/1.1" 206 20158354 "http://download.jptranslate.com/2008-07/" "Mozilla/4.0 (compatible; MSIE 6.0; Windows NT 5.1; .NET CLR 2.0.50727; .NET CLR 3.0.04506.648; .NET CLR 3.5.21022; InfoPath.3; .NET CLR 3.0.4506.2152; .NET CLR 3.5.30729)"
1.85.17.130 - - [18/May/2012:14:27:46 +0800] "GET /2008-07/%d0%c2%c8%d5%b1%be%d3%ef%d3%ef%b7%a8%c9%cf%cf%c2%b2%e1.rar HTTP/1.1" 503 466 "http://download.jptranslate.com/" "Mozilla/4.0 (compatible; MSIE 6.0; Windows NT 5.1; .NET CLR 2.0.50727; .NET CLR 3.0.04506.648; .NET CLR 3.5.21022; InfoPath.3; .NET CLR 3.0.4506.2152; .NET CLR 3.5.30729)"
1.85.17.130 - - [18/May/2012:14:27:50 +0800] "GET /2008-07/%d0%c2%c8%d5%b1%be%d3%ef%d3%ef%b7%a8%c9%cf%cf%c2%b2%e1.rar HTTP/1.1" 503 466 "http://download.jptranslate.com/" "Mozilla/4.0 (compatible; MSIE 6.0; Windows NT 5.1; .NET CLR 2.0.50727; .NET CLR 3.0.04506.648; .NET CLR 3.5.21022; InfoPath.3; .NET CLR 3.0.4506.2152; .NET CLR 3.5.30729)"
1.85.17.130 - - [18/May/2012:14:27:50 +0800] "GET /2008-07/%d0%c2%c8%d5%b1%be%d3%ef%d3%ef%b7%a8%c9%cf%cf%c2%b2%e1.rar HTTP/1.1" 503 466 "http://download.jptranslate.com/" "Mozilla/4.0 (compatible; MSIE 6.0; Windows NT 5.1; .NET CLR 2.0.50727; .NET CLR 3.0.04506.648; .NET CLR 3.5.21022; InfoPath.3; .NET CLR 3.0.4506.2152; .NET CLR 3.5.30729)"
1.85.17.130 - - [18/May/2012:14:28:00 +0800] "GET /2008-07/%d0%c2%c8%d5%b1%be%d3%ef%d3%ef%b7%a8%c9%cf%cf%c2%b2%e1.rar HTTP/1.1" 503 466 "http://download.jptranslate.com/" "Mozilla/4.0 (compatible; MSIE 6.0; Windows NT 5.1; .NET CLR 2.0.50727; .NET CLR 3.0.04506.648; .NET CLR 3.5.21022; InfoPath.3; .NET CLR 3.0.4506.2152; .NET CLR 3.5.30729)"
124.165.213.35 - - [18/May/2012:14:28:00 +0800] "GET /music/moved200909/20090914.mp3 HTTP/1.1" 200 6635533 "http://download.jptranslate.com/" "Mozilla/4.0 (compatible; MSIE 9.0; Windows NT 6.1; SLCC2; .NET CLR 2.0.50727; .NET CLR 3.5.30729; .NET CLR 3.0.30729; .NET4.0C; MATP; Media Center PC 6.0; MATP; doyo 2.0.3)"
124.165.213.35 - - [18/May/2012:14:28:05 +0800] "GET /music/moved200909/20090914.mp3 HTTP/1.1" 503 466 "http://download.jptranslate.com/" "Mozilla/4.0 (compatible; MSIE 9.0; Windows NT 6.1; SLCC2; .NET CLR 2.0.50727; .NET CLR 3.5.30729; .NET CLR 3.0.30729; .NET4.0C; MATP; Media Center PC 6.0; MATP; doyo 2.0.3)"
124.165.213.35 - - [18/May/2012:14:28:05 +0800] "GET /music/moved200909/20090914.mp3 HTTP/1.1" 503 466 "http://download.jptranslate.com/" "Mozilla/4.0 (compatible; MSIE 9.0; Windows NT 6.1; SLCC2; .NET CLR 2.0.50727; .NET CLR 3.5.30729; .NET CLR 3.0.30729; .NET4.0C; MATP; Media Center PC 6.0; MATP; doyo 2.0.3)"
124.165.213.35 - - [18/May/2012:14:28:05 +0800] "GET /music/moved200909/20090914.mp3 HTTP/1.1" 503 466 "http://download.jptranslate.com/" "Mozilla/4.0 (compatible; MSIE 9.0; Windows NT 6.1; SLCC2; .NET CLR 2.0.50727; .NET CLR 3.5.30729; .NET CLR 3.0.30729; .NET4.0C; MATP; Media Center PC 6.0; MATP; doyo 2.0.3)"
124.165.213.35 - - [18/May/2012:14:28:05 +0800] "GET /music/moved200909/20090914.mp3 HTTP/1.1" 503 466 "http://download.jptranslate.com/" "Mozilla/4.0 (compatible; MSIE 9.0; Windows NT 6.1; SLCC2; .NET CLR 2.0.50727; .NET CLR 3.5.30729; .NET CLR 3.0.30729; .NET4.0C; MATP; Media Center PC 6.0; MATP; doyo 2.0.3)"
124.165.213.35 - - [18/May/2012:14:28:05 +0800] "GET /music/moved200909/20090914.mp3 HTTP/1.1" 503 466 "http://download.jptranslate.com/" "Mozilla/4.0 (compatible; MSIE 9.0; Windows NT 6.1; SLCC2; .NET CLR 2.0.50727; .NET CLR 3.5.30729; .NET CLR 3.0.30729; .NET4.0C; MATP; Media Center PC 6.0; MATP; doyo 2.0.3)"
124.165.213.35 - - [18/May/2012:14:28:04 +0800] "GET /music/moved200909/20090914.mp3 HTTP/1.1" 206 147469 "http://download.jptranslate.com/" "Mozilla/4.0 (compatible; MSIE 9.0; Windows NT 6.1; SLCC2; .NET CLR 2.0.50727; .NET CLR 3.5.30729; .NET CLR 3.0.30729; .NET4.0C; MATP; Media Center PC 6.0; MATP; doyo 2.0.3)"
124.165.213.35 - - [18/May/2012:14:28:01 +0800] "GET /music/moved200909/20090914.mp3 HTTP/1.1" 206 147469 "http://download.jptranslate.com/" "Mozilla/4.0 (compatible; MSIE 9.0; Windows NT 6.1; SLCC2; .NET CLR 2.0.50727; .NET CLR 3.5.30729; .NET CLR 3.0.30729; .NET4.0C; MATP; Media Center PC 6.0; MATP; doyo 2.0.3)"
124.165.213.35 - - [18/May/2012:14:28:01 +0800] "GET /music/moved200909/20090914.mp3 HTTP/1.1" 206 147469 "http://download.jptranslate.com/" "Mozilla/4.0 (compatible; MSIE 9.0; Windows NT 6.1; SLCC2; .NET CLR 2.0.50727; .NET CLR 3.5.30729; .NET CLR 3.0.30729; .NET4.0C; MATP; Media Center PC 6.0; MATP; doyo 2.0.3)"
124.165.213.35 - - [18/May/2012:14:28:01 +0800] "GET /music/moved200909/20090914.mp3 HTTP/1.1" 206 147469 "http://download.jptranslate.com/" "Mozilla/4.0 (compatible; MSIE 9.0; Windows NT 6.1; SLCC2; .NET CLR 2.0.50727; .NET CLR 3.5.30729; .NET CLR 3.0.30729; .NET4.0C; MATP; Media Center PC 6.0; MATP; doyo 2.0.3)"
124.165.213.35 - - [18/May/2012:14:28:01 +0800] "GET /music/moved200909/20090914.mp3 HTTP/1.1" 206 147469 "http://download.jptranslate.com/" "Mozilla/4.0 (compatible; MSIE 9.0; Windows NT 6.1; SLCC2; .NET CLR 2.0.50727; .NET CLR 3.5.30729; .NET CLR 3.0.30729; .NET4.0C; MATP; Media Center PC 6.0; MATP; doyo 2.0.3)"
1.85.17.130 - - [18/May/2012:14:28:06 +0800] "GET /2008-07/%E6%96%B0%E6%97%A5%E6%9C%AC%E8%AF%AD%E8%AF%AD%E6%B3%95%E4%B8%8A%E4%B8%8B%E5%86%8C.rar HTTP/1.1" 503 466 "http://download.jptranslate.com/" "Mozilla/4.0 (compatible; MSIE 6.0; Windows NT 5.1; .NET CLR 2.0.50727; .NET CLR 3.0.04506.648; .NET CLR 3.5.21022; InfoPath.3; .NET CLR 3.0.4506.2152; .NET CLR 3.5.30729)"
1.85.17.130 - - [18/May/2012:14:27:13 +0800] "GET /2008-07/%d0%c2%c8%d5%b1%be%d3%ef%d3%ef%b7%a8%c9%cf%cf%c2%b2%e1.rar HTTP/1.1" 206 23317457 "http://download.jptranslate.com/" "Mozilla/4.0 (compatible; MSIE 6.0; Windows NT 5.1; .NET CLR 2.0.50727; .NET CLR 3.0.04506.648; .NET CLR 3.5.21022; InfoPath.3; .NET CLR 3.0.4506.2152; .NET CLR 3.5.30729)"
124.165.213.35 - - [18/May/2012:14:28:09 +0800] "GET /music/moved200909/20090914.mp3 HTTP/1.1" 206 81933 "http://download.jptranslate.com/" "Mozilla/4.0 (compatible; MSIE 9.0; Windows NT 6.1; SLCC2; .NET CLR 2.0.50727; .NET CLR 3.5.30729; .NET CLR 3.0.30729; .NET4.0C; MATP; Media Center PC 6.0; MATP; doyo 2.0.3)"
124.165.213.35 - - [18/May/2012:14:28:09 +0800] "GET /music/moved200909/20090914.mp3 HTTP/1.1" 206 81933 "http://download.jptranslate.com/" "Mozilla/4.0 (compatible; MSIE 9.0; Windows NT 6.1; SLCC2; .NET CLR 2.0.50727; .NET CLR 3.5.30729; .NET CLR 3.0.30729; .NET4.0C; MATP; Media Center PC 6.0; MATP; doyo 2.0.3)"
124.165.213.35 - - [18/May/2012:14:28:09 +0800] "GET /music/moved200909/20090914.mp3 HTTP/1.1" 206 81933 "http://download.jptranslate.com/" "Mozilla/4.0 (compatible; MSIE 9.0; Windows NT 6.1; SLCC2; .NET CLR 2.0.50727; .NET CLR 3.5.30729; .NET CLR 3.0.30729; .NET4.0C; MATP; Media Center PC 6.0; MATP; doyo 2.0.3)"
124.165.213.35 - - [18/May/2012:14:28:09 +0800] "GET /music/moved200909/20090914.mp3 HTTP/1.1" 206 81933 "http://download.jptranslate.com/" "Mozilla/4.0 (compatible; MSIE 9.0; Windows NT 6.1; SLCC2; .NET CLR 2.0.50727; .NET CLR 3.5.30729; .NET CLR 3.0.30729; .NET4.0C; MATP; Media Center PC 6.0; MATP; doyo 2.0.3)"
124.165.213.35 - - [18/May/2012:14:28:09 +0800] "GET /music/moved200909/20090914.mp3 HTTP/1.1" 206 81933 "http://download.jptranslate.com/" "Mozilla/4.0 (compatible; MSIE 9.0; Windows NT 6.1; SLCC2; .NET CLR 2.0.50727; .NET CLR 3.5.30729; .NET CLR 3.0.30729; .NET4.0C; MATP; Media Center PC 6.0; MATP; doyo 2.0.3)"
1.85.17.130 - - [18/May/2012:14:27:24 +0800] "GET /2008-07/%d0%c2%c8%d5%b1%be%d3%ef%d3%ef%b7%a8%c9%cf%cf%c2%b2%e1.rar HTTP/1.1" 206 16499167 "http://download.jptranslate.com/" "Mozilla/4.0 (compatible; MSIE 6.0; Windows NT 5.1; .NET CLR 2.0.50727; .NET CLR 3.0.04506.648; .NET CLR 3.5.21022; InfoPath.3; .NET CLR 3.0.4506.2152; .NET CLR 3.5.30729)"
124.165.213.35 - - [18/May/2012:14:28:12 +0800] "GET /music/moved200909/20090914.mp3 HTTP/1.1" 503 466 "http://download.jptranslate.com/" "Mozilla/4.0 (compatible; MSIE 9.0; Windows NT 6.1; SLCC2; .NET CLR 2.0.50727; .NET CLR 3.5.30729; .NET CLR 3.0.30729; .NET4.0C; MATP; Media Center PC 6.0; MATP; doyo 2.0.3)"
