113.57.217.61 - - [18/May/2012:11:35:37 +0800] "GET /music/moved200909/20090921.mp3 HTTP/1.1" 200 4828683 "-" "Mozilla/4.0 (compatible; MSIE 5.00; Windows 98)"
221.206.36.29 - - [18/May/2012:11:35:02 +0800] "GET /music/moved200909/20090921.mp3 HTTP/1.1" 200 4828683 "-" "Mozilla/4.0 (compatible; MSIE 5.00; Windows 98)"
58.61.179.31 - - [18/May/2012:11:35:09 +0800] "GET /music/moved200909/20090914.mp3 HTTP/1.1" 200 6635533 "-" "Mozilla/4.0 (compatible; MSIE 5.00; Windows 98)"
1.85.17.130 - - [18/May/2012:11:33:22 +0800] "GET /2008-07/\xb1\xea\xd7\xbc\xc8\xd5\xb1\xbe\xd3\xef\xd6\xd0\xbc\xb649-50.rmvb HTTP/1.1" 206 3327153 "http://download.jptranslate.com/2008-07/" "Mozilla/4.0 (compatible; MSIE 6.0; Windows NT 5.1; .NET CLR 2.0.50727; .NET CLR 3.0.04506.648; .NET CLR 3.5.21022; InfoPath.3; .NET CLR 3.0.4506.2152; .NET CLR 3.5.30729)"
1.85.17.130 - - [18/May/2012:11:36:48 +0800] "GET /2008-07/\xb1\xea\xd7\xbc\xc8\xd5\xb1\xbe\xd3\xef\xd6\xd0\xbc\xb647-48.rmvb HTTP/1.1" 206 67839462 "http://download.jptranslate.com/2008-07/" "Mozilla/4.0 (compatible; MSIE 6.0; Windows NT 5.1; .NET CLR 2.0.50727; .NET CLR 3.0.04506.648; .NET CLR 3.5.21022; InfoPath.3; .NET CLR 3.0.4506.2152; .NET CLR 3.5.30729)"
61.135.190.86 - - [18/May/2012:11:37:00 +0800] "GET /music/moved200909/20090930.mp3? HTTP/1.0" 200 4239744 "-" "NSPlayer/10.0.0.4072 WMFSDK/10.0"
182.150.175.133 - - [18/May/2012:11:36:15 +0800] "GET /music/moved200909/20090914.mp3 HTTP/1.1" 200 6635533 "-" "Mozilla/4.0 (compatible; MSIE 5.00; Windows 98)"
38.107.179.230 - - [18/May/2012:11:37:03 +0800] "GET /2008-07/%d0%c2%ca%c0%bc%cd%c8%d5%d3%ef.rar HTTP/1.1" 200 32439741 "-" "CCBot/1.0 (+http://www.commoncrawl.org/bot.html)"
117.32.174.109 - - [18/May/2012:11:37:51 +0800] "GET /091014.mp3 HTTP/1.1" 404 351 "-" "Mozilla/4.0 (compatible; MSIE 5.00; Windows 98)"
117.32.174.109 - - [18/May/2012:11:37:51 +0800] "GET /091014.mp3 HTTP/1.1" 404 351 "-" "Mozilla/4.0 (compatible; MSIE 5.00; Windows 98)"
117.32.174.109 - - [18/May/2012:11:37:51 +0800] "GET /091014.mp3 HTTP/1.1" 404 351 "-" "Mozilla/4.0 (compatible; MSIE 5.00; Windows 98)"
117.32.174.109 - - [18/May/2012:11:37:52 +0800] "GET /091014.mp3 HTTP/1.1" 404 351 "-" "Mozilla/4.0 (compatible; MSIE 5.00; Windows 98)"
218.23.214.91 - - [18/May/2012:11:36:59 +0800] "GET /music/moved200909/20090918.mp3 HTTP/1.1" 200 6246400 "-" "Mozilla/4.0 (compatible; MSIE 5.00; Windows 98)"
112.254.110.112 - - [18/May/2012:11:37:38 +0800] "GET /music/moved200909/20090921.mp3 HTTP/1.1" 200 4828683 "-" "Mozilla/4.0 (compatible; MSIE 5.00; Windows 98)"
1.85.17.130 - - [18/May/2012:11:38:21 +0800] "GET /2008-07/\xb1\xea\xd7\xbc\xc8\xd5\xb1\xbe\xd3\xef\xd6\xd0\xbc\xb647-48.rmvb HTTP/1.1" 206 12527078 "http://download.jptranslate.com/2008-07/" "Mozilla/4.0 (compatible; MSIE 6.0; Windows NT 5.1; .NET CLR 2.0.50727; .NET CLR 3.0.04506.648; .NET CLR 3.5.21022; InfoPath.3; .NET CLR 3.0.4506.2152; .NET CLR 3.5.30729)"
1.85.17.130 - - [18/May/2012:11:38:33 +0800] "GET /2008-07/\xb1\xea\xd7\xbc\xc8\xd5\xb1\xbe\xd3\xef\xd6\xd0\xbc\xb647-48.rmvb HTTP/1.1" 206 14755302 "http://download.jptranslate.com/2008-07/" "Mozilla/4.0 (compatible; MSIE 6.0; Windows NT 5.1; .NET CLR 2.0.50727; .NET CLR 3.0.04506.648; .NET CLR 3.5.21022; InfoPath.3; .NET CLR 3.0.4506.2152; .NET CLR 3.5.30729)"
1.85.17.130 - - [18/May/2012:11:38:36 +0800] "GET /2008-07/\xb1\xea\xd7\xbc\xc8\xd5\xb1\xbe\xd3\xef\xd6\xd0\xbc\xb649-50.rmvb HTTP/1.1" 206 40420529 "http://download.jptranslate.com/2008-07/" "Mozilla/4.0 (compatible; MSIE 6.0; Windows NT 5.1; .NET CLR 2.0.50727; .NET CLR 3.0.04506.648; .NET CLR 3.5.21022; InfoPath.3; .NET CLR 3.0.4506.2152; .NET CLR 3.5.30729)"
1.85.17.130 - - [18/May/2012:11:38:39 +0800] "GET /2008-07/\xb1\xea\xd7\xbc\xc8\xd5\xb1\xbe\xd3\xef\xd6\xd0\xbc\xb647-48.rmvb HTTP/1.1" 503 466 "http://download.jptranslate.com/2008-07/" "Mozilla/4.0 (compatible; MSIE 6.0; Windows NT 5.1; .NET CLR 2.0.50727; .NET CLR 3.0.04506.648; .NET CLR 3.5.21022; InfoPath.3; .NET CLR 3.0.4506.2152; .NET CLR 3.5.30729)"
1.85.17.130 - - [18/May/2012:11:38:39 +0800] "GET /2008-07/\xb1\xea\xd7\xbc\xc8\xd5\xb1\xbe\xd3\xef\xd6\xd0\xbc\xb647-48.rmvb HTTP/1.1" 503 466 "http://download.jptranslate.com/2008-07/" "Mozilla/4.0 (compatible; MSIE 6.0; Windows NT 5.1; .NET CLR 2.0.50727; .NET CLR 3.0.04506.648; .NET CLR 3.5.21022; InfoPath.3; .NET CLR 3.0.4506.2152; .NET CLR 3.5.30729)"
1.85.17.130 - - [18/May/2012:11:38:41 +0800] "GET /2008-07/%E6%A0%87%E5%87%86%E6%97%A5%E6%9C%AC%E8%AF%AD%E4%B8%AD%E7%BA%A747-48.rmvb HTTP/1.1" 503 466 "http://download.jptranslate.com/2008-07/" "Mozilla/4.0 (compatible; MSIE 6.0; Windows NT 5.1; .NET CLR 2.0.50727; .NET CLR 3.0.04506.648; .NET CLR 3.5.21022; InfoPath.3; .NET CLR 3.0.4506.2152; .NET CLR 3.5.30729)"
1.85.17.130 - - [18/May/2012:11:38:23 +0800] "GET /2008-07/\xb1\xea\xd7\xbc\xc8\xd5\xb1\xbe\xd3\xef\xd6\xd0\xbc\xb649-50.rmvb HTTP/1.1" 206 24822961 "http://download.jptranslate.com/2008-07/" "Mozilla/4.0 (compatible; MSIE 6.0; Windows NT 5.1; .NET CLR 2.0.50727; .NET CLR 3.0.04506.648; .NET CLR 3.5.21022; InfoPath.3; .NET CLR 3.0.4506.2152; .NET CLR 3.5.30729)"
1.85.17.130 - - [18/May/2012:11:38:39 +0800] "GET /2008-07/\xb1\xea\xd7\xbc\xc8\xd5\xb1\xbe\xd3\xef\xd6\xd0\xbc\xb649-50.rmvb HTTP/1.1" 206 12633265 "http://download.jptranslate.com/2008-07/" "Mozilla/4.0 (compatible; MSIE 6.0; Windows NT 5.1; .NET CLR 2.0.50727; .NET CLR 3.0.04506.648; .NET CLR 3.5.21022; InfoPath.3; .NET CLR 3.0.4506.2152; .NET CLR 3.5.30729)"
1.85.17.130 - - [18/May/2012:11:39:07 +0800] "GET /2008-07/\xb1\xea\xd7\xbc\xc8\xd5\xb1\xbe\xd3\xef\xd6\xd0\xbc\xb649-50.rmvb HTTP/1.1" 206 24691889 "http://download.jptranslate.com/2008-07/" "Mozilla/4.0 (compatible; MSIE 6.0; Windows NT 5.1; .NET CLR 2.0.50727; .NET CLR 3.0.04506.648; .NET CLR 3.5.21022; InfoPath.3; .NET CLR 3.0.4506.2152; .NET CLR 3.5.30729)"
38.107.179.231 - - [18/May/2012:11:38:46 +0800] "GET /2008-07/%d0%c2%ca%c0%bd%e7%c8%d5%d3%ef%d0%c2%ca%e9%ca%d4%bf%b4%a3%ba%b6%fe%bc%b6%ce%c4%d7%d6.pdf HTTP/1.1" 200 3566612 "-" "CCBot/1.0 (+http://www.commoncrawl.org/bot.html)"
1.85.17.130 - - [18/May/2012:11:38:37 +0800] "GET /2008-07/\xb1\xea\xd7\xbc\xc8\xd5\xb1\xbe\xd3\xef\xd6\xd0\xbc\xb647-48.rmvb HTTP/1.1" 206 14857334 "http://download.jptranslate.com/2008-07/" "Mozilla/4.0 (compatible; MSIE 6.0; Windows NT 5.1; .NET CLR 2.0.50727; .NET CLR 3.0.04506.648; .NET CLR 3.5.21022; InfoPath.3; .NET CLR 3.0.4506.2152; .NET CLR 3.5.30729)"
1.85.17.130 - - [18/May/2012:11:39:03 +0800] "GET /2008-07/\xb1\xea\xd7\xbc\xc8\xd5\xb1\xbe\xd3\xef\xd6\xd0\xbc\xb649-50.rmvb HTTP/1.1" 206 32425137 "http://download.jptranslate.com/2008-07/" "Mozilla/4.0 (compatible; MSIE 6.0; Windows NT 5.1; .NET CLR 2.0.50727; .NET CLR 3.0.04506.648; .NET CLR 3.5.21022; InfoPath.3; .NET CLR 3.0.4506.2152; .NET CLR 3.5.30729)"
1.85.17.130 - - [18/May/2012:11:38:34 +0800] "GET /2008-07/\xb1\xea\xd7\xbc\xc8\xd5\xb1\xbe\xd3\xef\xd6\xd0\xbc\xb647-48.rmvb HTTP/1.1" 206 14755302 "http://download.jptranslate.com/2008-07/" "Mozilla/4.0 (compatible; MSIE 6.0; Windows NT 5.1; .NET CLR 2.0.50727; .NET CLR 3.0.04506.648; .NET CLR 3.5.21022; InfoPath.3; .NET CLR 3.0.4506.2152; .NET CLR 3.5.30729)"
1.85.17.130 - - [18/May/2012:11:39:49 +0800] "GET /2008-07/\xb1\xea\xd7\xbc\xc8\xd5\xb1\xbe\xd3\xef\xd6\xd0\xbc\xb647-48.rmvb HTTP/1.1" 206 70854118 "http://download.jptranslate.com/2008-07/" "Mozilla/4.0 (compatible; MSIE 6.0; Windows NT 5.1; .NET CLR 2.0.50727; .NET CLR 3.0.04506.648; .NET CLR 3.5.21022; InfoPath.3; .NET CLR 3.0.4506.2152; .NET CLR 3.5.30729)"
1.85.17.130 - - [18/May/2012:11:39:51 +0800] "GET /2008-07/\xb1\xea\xd7\xbc\xc8\xd5\xb1\xbe\xd3\xef\xd6\xd0\xbc\xb649-50.rmvb HTTP/1.1" 206 32413832 "http://download.jptranslate.com/2008-07/" "Mozilla/4.0 (compatible; MSIE 6.0; Windows NT 5.1; .NET CLR 2.0.50727; .NET CLR 3.0.04506.648; .NET CLR 3.5.21022; InfoPath.3; .NET CLR 3.0.4506.2152; .NET CLR 3.5.30729)"
112.254.110.112 - - [18/May/2012:11:40:20 +0800] "GET /music/moved200909/20090921.mp3 HTTP/1.1" 200 4828683 "-" "Mozilla/4.0 (compatible; MSIE 5.00; Windows 98)"
183.213.188.75 - - [18/May/2012:11:40:15 +0800] "GET /music/moved200909/20090925.mp3 HTTP/1.1" 200 4126639 "http://m394.mail.qq.com/zh_CN/htmledition/swf/audioplayer.swf?rand=0.06437672710079545" "Mozilla/4.0 (compatible; MSIE 7.0; Windows NT 6.0; GTB6.6; SLCC1; .NET CLR 2.0.50727; .NET CLR 3.0.04506; 360SE)"
1.85.17.130 - - [18/May/2012:11:42:21 +0800] "GET /2008-07/\xb1\xea\xd7\xbc\xc8\xd5\xb1\xbe\xd3\xef\xd6\xd0\xbc\xb647-48.rmvb HTTP/1.1" 206 71247334 "http://download.jptranslate.com/2008-07/" "Mozilla/4.0 (compatible; MSIE 6.0; Windows NT 5.1; .NET CLR 2.0.50727; .NET CLR 3.0.04506.648; .NET CLR 3.5.21022; InfoPath.3; .NET CLR 3.0.4506.2152; .NET CLR 3.5.30729)"
218.23.214.91 - - [18/May/2012:11:40:06 +0800] "GET /music/moved200909/20090918.mp3 HTTP/1.1" 200 6246400 "-" "Mozilla/4.0 (compatible; MSIE 5.00; Windows 98)"
1.85.17.130 - - [18/May/2012:11:42:24 +0800] "GET /2008-07/\xb1\xea\xd7\xbc\xc8\xd5\xb1\xbe\xd3\xef\xd6\xd0\xbc\xb649-50.rmvb HTTP/1.1" 206 26789041 "http://download.jptranslate.com/2008-07/" "Mozilla/4.0 (compatible; MSIE 6.0; Windows NT 5.1; .NET CLR 2.0.50727; .NET CLR 3.0.04506.648; .NET CLR 3.5.21022; InfoPath.3; .NET CLR 3.0.4506.2152; .NET CLR 3.5.30729)"
1.85.17.130 - - [18/May/2012:11:38:36 +0800] "GET /2008-07/\xb1\xea\xd7\xbc\xc8\xd5\xb1\xbe\xd3\xef\xd6\xd0\xbc\xb649-50.rmvb HTTP/1.1" 206 6210737 "http://download.jptranslate.com/2008-07/" "Mozilla/4.0 (compatible; MSIE 6.0; Windows NT 5.1; .NET CLR 2.0.50727; .NET CLR 3.0.04506.648; .NET CLR 3.5.21022; InfoPath.3; .NET CLR 3.0.4506.2152; .NET CLR 3.5.30729)"
38.107.179.232 - - [18/May/2012:11:41:59 +0800] "GET /2008-07/%d2%bb%bc%b6%c4%a3%c4%e2%cc%e28%cc%d7.rar HTTP/1.1" 200 128727790 "-" "CCBot/1.0 (+http://www.commoncrawl.org/bot.html)"
113.57.217.61 - - [18/May/2012:11:42:43 +0800] "GET /music/moved200909/20090921.mp3 HTTP/1.1" 200 4828683 "-" "Mozilla/4.0 (compatible; MSIE 5.00; Windows 98)"
58.61.179.31 - - [18/May/2012:11:40:46 +0800] "GET /music/moved200909/20090914.mp3 HTTP/1.1" 200 6635533 "-" "Mozilla/4.0 (compatible; MSIE 5.00; Windows 98)"
1.85.17.130 - - [18/May/2012:11:39:53 +0800] "GET /2008-07/\xb1\xea\xd7\xbc\xc8\xd5\xb1\xbe\xd3\xef\xd6\xd0\xbc\xb649-50.rmvb HTTP/1.1" 206 66766001 "http://download.jptranslate.com/2008-07/" "Mozilla/4.0 (compatible; MSIE 6.0; Windows NT 5.1; .NET CLR 2.0.50727; .NET CLR 3.0.04506.648; .NET CLR 3.5.21022; InfoPath.3; .NET CLR 3.0.4506.2152; .NET CLR 3.5.30729)"
123.125.67.180 - - [18/May/2012:11:43:14 +0800] "GET /speaker_wv.swf HTTP/1.0" 200 2904 "-" "Mozilla/4.0 (compatible; MSIE 6.0; Windows NT 5.1; SV1)"
60.16.109.196 - - [18/May/2012:11:41:48 +0800] "GET /music/moved200909/20090914.mp3 HTTP/1.1" 206 303117 "http://user.qzone.qq.com/344403050/infocenter" "Mozilla/5.0 (Windows NT 5.1) AppleWebKit/535.11 (KHTML, like Gecko) Chrome/17.0.963.83 Safari/535.11 QIHU 360EE"
202.100.210.166 - - [18/May/2012:11:44:30 +0800] "GET /music/moved200909/20090918.mp3 HTTP/1.1" 206 1 "http://box.zhangmen.baidu.com/flash/fmp.swf?v=20110519a&r=0.5249410015530884&r=0.776160683715716&r=0.015874975360929966&r=0.029090246185660362&r=0.9743870920501649&r=0.7094248137436807&r=0.7361868706066161&r=0.9252784138079733&r=0.021502353949472308&r=0.550849556690082&r=0.3858870437834412&r=0.09139548754319549&r=0.046564452815800905&r=0.6117809000425041&r=0.5834797939751297" "Mozilla/5.0 (Windows NT 5.1) AppleWebKit/535.1 (KHTML, like Gecko) Chrome/14.0.802.30 Safari/535.1 SE 2.X MetaSr 1.0"
202.100.210.166 - - [18/May/2012:11:43:08 +0800] "GET /music/moved200909/20090918.mp3 HTTP/1.1" 200 6246400 "http://box.zhangmen.baidu.com/flash/fmp.swf?v=20110519a&r=0.5249410015530884&r=0.776160683715716&r=0.015874975360929966&r=0.029090246185660362&r=0.9743870920501649&r=0.7094248137436807&r=0.7361868706066161&r=0.9252784138079733&r=0.021502353949472308&r=0.550849556690082&r=0.3858870437834412&r=0.09139548754319549&r=0.046564452815800905&r=0.6117809000425041" "Mozilla/5.0 (Windows NT 5.1) AppleWebKit/535.1 (KHTML, like Gecko) Chrome/14.0.802.30 Safari/535.1 SE 2.X MetaSr 1.0"
1.85.17.130 - - [18/May/2012:11:45:15 +0800] "GET /2008-07/\xb1\xea\xd7\xbc\xc8\xd5\xb1\xbe\xd3\xef\xd6\xd0\xbc\xb649-50.rmvb HTTP/1.1" 503 466 "http://download.jptranslate.com/2008-07/" "Mozilla/4.0 (compatible; MSIE 6.0; Windows NT 5.1; .NET CLR 2.0.50727; .NET CLR 3.0.04506.648; .NET CLR 3.5.21022; InfoPath.3; .NET CLR 3.0.4506.2152; .NET CLR 3.5.30729)"
202.100.210.166 - - [18/May/2012:11:44:31 +0800] "GET /music/moved200909/20090918.mp3 HTTP/1.1" 206 5047608 "http://box.zhangmen.baidu.com/flash/fmp.swf?v=20110519a&r=0.5249410015530884&r=0.776160683715716&r=0.015874975360929966&r=0.029090246185660362&r=0.9743870920501649&r=0.7094248137436807&r=0.7361868706066161&r=0.9252784138079733&r=0.021502353949472308&r=0.550849556690082&r=0.3858870437834412&r=0.09139548754319549&r=0.046564452815800905&r=0.6117809000425041&r=0.5834797939751297" "Mozilla/5.0 (Windows NT 5.1) AppleWebKit/535.1 (KHTML, like Gecko) Chrome/14.0.802.30 Safari/535.1 SE 2.X MetaSr 1.0"
1.85.17.130 - - [18/May/2012:11:45:17 +0800] "GET /2008-07/\xb1\xea\xd7\xbc\xc8\xd5\xb1\xbe\xd3\xef\xd6\xd0\xbc\xb647-48.rmvb HTTP/1.1" 503 466 "http://download.jptranslate.com/2008-07/" "Mozilla/4.0 (compatible; MSIE 6.0; Windows NT 5.1; .NET CLR 2.0.50727; .NET CLR 3.0.04506.648; .NET CLR 3.5.21022; InfoPath.3; .NET CLR 3.0.4506.2152; .NET CLR 3.5.30729)"
1.85.17.130 - - [18/May/2012:11:45:14 +0800] "GET /2008-07/\xb1\xea\xd7\xbc\xc8\xd5\xb1\xbe\xd3\xef\xd6\xd0\xbc\xb649-50.rmvb HTTP/1.1" 206 65717425 "http://download.jptranslate.com/2008-07/" "Mozilla/4.0 (compatible; MSIE 6.0; Windows NT 5.1; .NET CLR 2.0.50727; .NET CLR 3.0.04506.648; .NET CLR 3.5.21022; InfoPath.3; .NET CLR 3.0.4506.2152; .NET CLR 3.5.30729)"
112.254.110.112 - - [18/May/2012:11:43:49 +0800] "GET /music/moved200909/20090921.mp3 HTTP/1.1" 200 4828683 "-" "Mozilla/4.0 (compatible; MSIE 5.00; Windows 98)"
1.85.17.130 - - [18/May/2012:11:45:37 +0800] "GET /2008-07/\xb1\xea\xd7\xbc\xc8\xd5\xb1\xbe\xd3\xef\xd6\xd0\xbc\xb647-48.rmvb HTTP/1.1" 206 71247334 "http://download.jptranslate.com/2008-07/" "Mozilla/4.0 (compatible; MSIE 6.0; Windows NT 5.1; .NET CLR 2.0.50727; .NET CLR 3.0.04506.648; .NET CLR 3.5.21022; InfoPath.3; .NET CLR 3.0.4506.2152; .NET CLR 3.5.30729)"
1.85.17.130 - - [18/May/2012:11:45:43 +0800] "GET /2008-07/\xb1\xea\xd7\xbc\xc8\xd5\xb1\xbe\xd3\xef\xd6\xd0\xbc\xb649-50.rmvb HTTP/1.1" 503 466 "http://download.jptranslate.com/2008-07/" "Mozilla/4.0 (compatible; MSIE 6.0; Windows NT 5.1; .NET CLR 2.0.50727; .NET CLR 3.0.04506.648; .NET CLR 3.5.21022; InfoPath.3; .NET CLR 3.0.4506.2152; .NET CLR 3.5.30729)"
1.85.17.130 - - [18/May/2012:11:45:43 +0800] "GET /2008-07/\xb1\xea\xd7\xbc\xc8\xd5\xb1\xbe\xd3\xef\xd6\xd0\xbc\xb647-48.rmvb HTTP/1.1" 503 466 "http://download.jptranslate.com/2008-07/" "Mozilla/4.0 (compatible; MSIE 6.0; Windows NT 5.1; .NET CLR 2.0.50727; .NET CLR 3.0.04506.648; .NET CLR 3.5.21022; InfoPath.3; .NET CLR 3.0.4506.2152; .NET CLR 3.5.30729)"
1.85.17.130 - - [18/May/2012:11:45:44 +0800] "GET /2008-07/\xb1\xea\xd7\xbc\xc8\xd5\xb1\xbe\xd3\xef\xd6\xd0\xbc\xb649-50.rmvb HTTP/1.1" 503 466 "http://download.jptranslate.com/2008-07/" "Mozilla/4.0 (compatible; MSIE 6.0; Windows NT 5.1; .NET CLR 2.0.50727; .NET CLR 3.0.04506.648; .NET CLR 3.5.21022; InfoPath.3; .NET CLR 3.0.4506.2152; .NET CLR 3.5.30729)"
1.85.17.130 - - [18/May/2012:11:45:44 +0800] "GET /2008-07/\xb1\xea\xd7\xbc\xc8\xd5\xb1\xbe\xd3\xef\xd6\xd0\xbc\xb647-48.rmvb HTTP/1.1" 503 466 "http://download.jptranslate.com/2008-07/" "Mozilla/4.0 (compatible; MSIE 6.0; Windows NT 5.1; .NET CLR 2.0.50727; .NET CLR 3.0.04506.648; .NET CLR 3.5.21022; InfoPath.3; .NET CLR 3.0.4506.2152; .NET CLR 3.5.30729)"
1.85.17.130 - - [18/May/2012:11:45:44 +0800] "GET /2008-07/\xb1\xea\xd7\xbc\xc8\xd5\xb1\xbe\xd3\xef\xd6\xd0\xbc\xb647-48.rmvb HTTP/1.1" 503 466 "http://download.jptranslate.com/2008-07/" "Mozilla/4.0 (compatible; MSIE 6.0; Windows NT 5.1; .NET CLR 2.0.50727; .NET CLR 3.0.04506.648; .NET CLR 3.5.21022; InfoPath.3; .NET CLR 3.0.4506.2152; .NET CLR 3.5.30729)"
1.85.17.130 - - [18/May/2012:11:45:45 +0800] "GET /2008-07/\xb1\xea\xd7\xbc\xc8\xd5\xb1\xbe\xd3\xef\xd6\xd0\xbc\xb649-50.rmvb HTTP/1.1" 503 466 "http://download.jptranslate.com/2008-07/" "Mozilla/4.0 (compatible; MSIE 6.0; Windows NT 5.1; .NET CLR 2.0.50727; .NET CLR 3.0.04506.648; .NET CLR 3.5.21022; InfoPath.3; .NET CLR 3.0.4506.2152; .NET CLR 3.5.30729)"
1.85.17.130 - - [18/May/2012:11:45:45 +0800] "GET /2008-07/%E6%A0%87%E5%87%86%E6%97%A5%E6%9C%AC%E8%AF%AD%E4%B8%AD%E7%BA%A749-50.rmvb HTTP/1.1" 503 466 "http://download.jptranslate.com/2008-07/" "Mozilla/4.0 (compatible; MSIE 6.0; Windows NT 5.1; .NET CLR 2.0.50727; .NET CLR 3.0.04506.648; .NET CLR 3.5.21022; InfoPath.3; .NET CLR 3.0.4506.2152; .NET CLR 3.5.30729)"
1.85.17.130 - - [18/May/2012:11:45:47 +0800] "GET /2008-07/%E6%A0%87%E5%87%86%E6%97%A5%E6%9C%AC%E8%AF%AD%E4%B8%AD%E7%BA%A749-50.rmvb HTTP/1.1" 503 466 "http://download.jptranslate.com/2008-07/" "Mozilla/4.0 (compatible; MSIE 6.0; Windows NT 5.1; .NET CLR 2.0.50727; .NET CLR 3.0.04506.648; .NET CLR 3.5.21022; InfoPath.3; .NET CLR 3.0.4506.2152; .NET CLR 3.5.30729)"
95.108.158.134 - - [18/May/2012:11:45:41 +0800] "GET /2008-07/03.rm HTTP/1.1" 200 69884888 "-" "Mozilla/5.0 (compatible; YandexBot/3.0; +http://yandex.com/bots)"
1.85.17.130 - - [18/May/2012:11:45:50 +0800] "GET /2008-07/\xb1\xea\xd7\xbc\xc8\xd5\xb1\xbe\xd3\xef\xd6\xd0\xbc\xb649-50.rmvb HTTP/1.1" 503 466 "http://download.jptranslate.com/2008-07/" "Mozilla/4.0 (compatible; MSIE 6.0; Windows NT 5.1; .NET CLR 2.0.50727; .NET CLR 3.0.04506.648; .NET CLR 3.5.21022; InfoPath.3; .NET CLR 3.0.4506.2152; .NET CLR 3.5.30729)"
1.85.17.130 - - [18/May/2012:11:45:51 +0800] "GET /2008-07/%E6%A0%87%E5%87%86%E6%97%A5%E6%9C%AC%E8%AF%AD%E4%B8%AD%E7%BA%A747-48.rmvb HTTP/1.1" 503 466 "http://download.jptranslate.com/2008-07/" "Mozilla/4.0 (compatible; MSIE 6.0; Windows NT 5.1; .NET CLR 2.0.50727; .NET CLR 3.0.04506.648; .NET CLR 3.5.21022; InfoPath.3; .NET CLR 3.0.4506.2152; .NET CLR 3.5.30729)"
1.85.17.130 - - [18/May/2012:11:45:52 +0800] "GET /2008-07/%E6%A0%87%E5%87%86%E6%97%A5%E6%9C%AC%E8%AF%AD%E4%B8%AD%E7%BA%A749-50.rmvb HTTP/1.1" 503 466 "http://download.jptranslate.com/2008-07/" "Mozilla/4.0 (compatible; MSIE 6.0; Windows NT 5.1; .NET CLR 2.0.50727; .NET CLR 3.0.04506.648; .NET CLR 3.5.21022; InfoPath.3; .NET CLR 3.0.4506.2152; .NET CLR 3.5.30729)"
1.85.17.130 - - [18/May/2012:11:45:55 +0800] "GET /2008-07/\xb1\xea\xd7\xbc\xc8\xd5\xb1\xbe\xd3\xef\xd6\xd0\xbc\xb647-48.rmvb HTTP/1.1" 503 466 "http://download.jptranslate.com/2008-07/" "Mozilla/4.0 (compatible; MSIE 6.0; Windows NT 5.1; .NET CLR 2.0.50727; .NET CLR 3.0.04506.648; .NET CLR 3.5.21022; InfoPath.3; .NET CLR 3.0.4506.2152; .NET CLR 3.5.30729)"
1.85.17.130 - - [18/May/2012:11:45:56 +0800] "GET /2008-07/\xb1\xea\xd7\xbc\xc8\xd5\xb1\xbe\xd3\xef\xd6\xd0\xbc\xb649-50.rmvb HTTP/1.1" 503 466 "http://download.jptranslate.com/2008-07/" "Mozilla/4.0 (compatible; MSIE 6.0; Windows NT 5.1; .NET CLR 2.0.50727; .NET CLR 3.0.04506.648; .NET CLR 3.5.21022; InfoPath.3; .NET CLR 3.0.4506.2152; .NET CLR 3.5.30729)"
1.85.17.130 - - [18/May/2012:11:46:02 +0800] "GET /2008-07/\xb1\xea\xd7\xbc\xc8\xd5\xb1\xbe\xd3\xef\xd6\xd0\xbc\xb647-48.rmvb HTTP/1.1" 503 466 "http://download.jptranslate.com/2008-07/" "Mozilla/4.0 (compatible; MSIE 6.0; Windows NT 5.1; .NET CLR 2.0.50727; .NET CLR 3.0.04506.648; .NET CLR 3.5.21022; InfoPath.3; .NET CLR 3.0.4506.2152; .NET CLR 3.5.30729)"
1.85.17.130 - - [18/May/2012:11:46:03 +0800] "GET /2008-07/\xb1\xea\xd7\xbc\xc8\xd5\xb1\xbe\xd3\xef\xd6\xd0\xbc\xb649-50.rmvb HTTP/1.1" 503 466 "http://download.jptranslate.com/2008-07/" "Mozilla/4.0 (compatible; MSIE 6.0; Windows NT 5.1; .NET CLR 2.0.50727; .NET CLR 3.0.04506.648; .NET CLR 3.5.21022; InfoPath.3; .NET CLR 3.0.4506.2152; .NET CLR 3.5.30729)"
1.85.17.130 - - [18/May/2012:11:46:16 +0800] "GET /2008-07/\xb1\xea\xd7\xbc\xc8\xd5\xb1\xbe\xd3\xef\xd6\xd0\xbc\xb649-50.rmvb HTTP/1.1" 503 466 "http://download.jptranslate.com/2008-07/" "Mozilla/4.0 (compatible; MSIE 6.0; Windows NT 5.1; .NET CLR 2.0.50727; .NET CLR 3.0.04506.648; .NET CLR 3.5.21022; InfoPath.3; .NET CLR 3.0.4506.2152; .NET CLR 3.5.30729)"
1.85.17.130 - - [18/May/2012:11:46:27 +0800] "GET /2008-07/\xb1\xea\xd7\xbc\xc8\xd5\xb1\xbe\xd3\xef\xd6\xd0\xbc\xb647-48.rmvb HTTP/1.1" 503 466 "http://download.jptranslate.com/2008-07/" "Mozilla/4.0 (compatible; MSIE 6.0; Windows NT 5.1; .NET CLR 2.0.50727; .NET CLR 3.0.04506.648; .NET CLR 3.5.21022; InfoPath.3; .NET CLR 3.0.4506.2152; .NET CLR 3.5.30729)"
183.33.18.86 - - [18/May/2012:11:45:46 +0800] "GET /music/moved200909/20090914.mp3 HTTP/1.1" 200 6635533 "-" "Mozilla/4.0 (compatible; MSIE 5.00; Windows 98)"
1.85.17.130 - - [18/May/2012:11:43:19 +0800] "GET /2008-07/\xb1\xea\xd7\xbc\xc8\xd5\xb1\xbe\xd3\xef\xd6\xd0\xbc\xb649-50.rmvb HTTP/1.1" 206 36226225 "http://download.jptranslate.com/2008-07/" "Mozilla/4.0 (compatible; MSIE 6.0; Windows NT 5.1; .NET CLR 2.0.50727; .NET CLR 3.0.04506.648; .NET CLR 3.5.21022; InfoPath.3; .NET CLR 3.0.4506.2152; .NET CLR 3.5.30729)"
180.76.5.167 - - [18/May/2012:11:46:32 +0800] "GET /pic/ HTTP/1.1" 200 1467 "-" "Mozilla/5.0 (compatible; Baiduspider/2.0; +http://www.baidu.com/search/spider.html)"
1.85.17.130 - - [18/May/2012:11:46:35 +0800] "GET /2008-07/\xb1\xea\xd7\xbc\xc8\xd5\xb1\xbe\xd3\xef\xd6\xd0\xbc\xb649-50.rmvb HTTP/1.1" 503 466 "http://download.jptranslate.com/2008-07/" "Mozilla/4.0 (compatible; MSIE 6.0; Windows NT 5.1; .NET CLR 2.0.50727; .NET CLR 3.0.04506.648; .NET CLR 3.5.21022; InfoPath.3; .NET CLR 3.0.4506.2152; .NET CLR 3.5.30729)"
1.85.17.130 - - [18/May/2012:11:46:34 +0800] "GET /2008-07/\xb1\xea\xd7\xbc\xc8\xd5\xb1\xbe\xd3\xef\xd6\xd0\xbc\xb649-50.rmvb HTTP/1.1" 206 32294065 "http://download.jptranslate.com/2008-07/" "Mozilla/4.0 (compatible; MSIE 6.0; Windows NT 5.1; .NET CLR 2.0.50727; .NET CLR 3.0.04506.648; .NET CLR 3.5.21022; InfoPath.3; .NET CLR 3.0.4506.2152; .NET CLR 3.5.30729)"
1.85.17.130 - - [18/May/2012:11:43:22 +0800] "GET /2008-07/\xb1\xea\xd7\xbc\xc8\xd5\xb1\xbe\xd3\xef\xd6\xd0\xbc\xb649-50.rmvb HTTP/1.1" 206 6171691 "http://download.jptranslate.com/2008-07/" "Mozilla/4.0 (compatible; MSIE 6.0; Windows NT 5.1; .NET CLR 2.0.50727; .NET CLR 3.0.04506.648; .NET CLR 3.5.21022; InfoPath.3; .NET CLR 3.0.4506.2152; .NET CLR 3.5.30729)"
1.85.17.130 - - [18/May/2012:11:43:20 +0800] "GET /2008-07/\xb1\xea\xd7\xbc\xc8\xd5\xb1\xbe\xd3\xef\xd6\xd0\xbc\xb647-48.rmvb HTTP/1.1" 206 18556390 "http://download.jptranslate.com/2008-07/" "Mozilla/4.0 (compatible; MSIE 6.0; Windows NT 5.1; .NET CLR 2.0.50727; .NET CLR 3.0.04506.648; .NET CLR 3.5.21022; InfoPath.3; .NET CLR 3.0.4506.2152; .NET CLR 3.5.30729)"
38.107.179.233 - - [18/May/2012:11:46:55 +0800] "GET /2008-07/%d3%d0%c9%f9%bc%c7%d2%e4%c8%d5%b1%be%d3%ef%c4%dc%c1%a6%b2%e2%ca%d410000%b4%ca(1%bc%b6%b2%bf%b7%d6).rar HTTP/1.1" 200 230697 "-" "CCBot/1.0 (+http://www.commoncrawl.org/bot.html)"
118.122.180.2 - - [18/May/2012:11:47:11 +0800] "GET / HTTP/1.1" 200 1418 "-" "-"
118.122.180.2 - - [18/May/2012:11:47:12 +0800] "GET /music/moved200909/20090930.mp3 HTTP/1.1" 200 4239744 "http://download.jptranslate.com/" "Mozilla/4.0 (compatible; MSIE 8.0; Windows NT 5.1; .NET CLR 2.0.50727; .NET CLR 3.0.4506.2152; .NET CLR 3.5.30729)"
118.122.180.2 - - [18/May/2012:11:47:11 +0800] "GET /music/moved200909/20090930.mp3 HTTP/1.1" 200 4239744 "http://download.jptranslate.com/" "Mozilla/4.0 (compatible; MSIE 8.0; Windows NT 5.1; .NET CLR 2.0.50727; .NET CLR 3.0.4506.2152; .NET CLR 3.5.30729)"
118.122.180.2 - - [18/May/2012:11:47:14 +0800] "GET /music/moved200909/20090930.mp3 HTTP/1.1" 206 176512 "http://download.jptranslate.com/" "Mozilla/4.0 (compatible; MSIE 8.0; Windows NT 5.1; .NET CLR 2.0.50727; .NET CLR 3.0.4506.2152; .NET CLR 3.5.30729)"
118.122.180.2 - - [18/May/2012:11:47:16 +0800] "GET /music/moved200909/20090930.mp3 HTTP/1.1" 206 110976 "http://download.jptranslate.com/" "Mozilla/4.0 (compatible; MSIE 8.0; Windows NT 5.1; .NET CLR 2.0.50727; .NET CLR 3.0.4506.2152; .NET CLR 3.5.30729)"
118.122.180.2 - - [18/May/2012:11:47:18 +0800] "GET /music/moved200909/20090930.mp3 HTTP/1.1" 206 45440 "http://download.jptranslate.com/" "Mozilla/4.0 (compatible; MSIE 8.0; Windows NT 5.1; .NET CLR 2.0.50727; .NET CLR 3.0.4506.2152; .NET CLR 3.5.30729)"
58.61.179.31 - - [18/May/2012:11:45:03 +0800] "GET /music/moved200909/20090914.mp3 HTTP/1.1" 200 6635533 "-" "Mozilla/4.0 (compatible; MSIE 5.00; Windows 98)"
1.85.17.130 - - [18/May/2012:11:47:33 +0800] "GET /2008-07/\xb1\xea\xd7\xbc\xc8\xd5\xb1\xbe\xd3\xef\xd6\xd0\xbc\xb647-48.rmvb HTTP/1.1" 503 466 "http://download.jptranslate.com/2008-07/" "Mozilla/4.0 (compatible; MSIE 6.0; Windows NT 5.1; .NET CLR 2.0.50727; .NET CLR 3.0.04506.648; .NET CLR 3.5.21022; InfoPath.3; .NET CLR 3.0.4506.2152; .NET CLR 3.5.30729)"
1.85.17.130 - - [18/May/2012:11:47:33 +0800] "GET /2008-07/\xb1\xea\xd7\xbc\xc8\xd5\xb1\xbe\xd3\xef\xd6\xd0\xbc\xb649-50.rmvb HTTP/1.1" 206 3065009 "http://download.jptranslate.com/2008-07/" "Mozilla/4.0 (compatible; MSIE 6.0; Windows NT 5.1; .NET CLR 2.0.50727; .NET CLR 3.0.04506.648; .NET CLR 3.5.21022; InfoPath.3; .NET CLR 3.0.4506.2152; .NET CLR 3.5.30729)"
1.85.17.130 - - [18/May/2012:11:47:33 +0800] "GET /2008-07/\xb1\xea\xd7\xbc\xc8\xd5\xb1\xbe\xd3\xef\xd6\xd0\xbc\xb647-48.rmvb HTTP/1.1" 206 70067686 "http://download.jptranslate.com/2008-07/" "Mozilla/4.0 (compatible; MSIE 6.0; Windows NT 5.1; .NET CLR 2.0.50727; .NET CLR 3.0.04506.648; .NET CLR 3.5.21022; InfoPath.3; .NET CLR 3.0.4506.2152; .NET CLR 3.5.30729)"
1.85.17.130 - - [18/May/2012:11:47:39 +0800] "GET /2008-07/\xb1\xea\xd7\xbc\xc8\xd5\xb1\xbe\xd3\xef\xd6\xd0\xbc\xb649-50.rmvb HTTP/1.1" 503 466 "http://download.jptranslate.com/2008-07/" "Mozilla/4.0 (compatible; MSIE 6.0; Windows NT 5.1; .NET CLR 2.0.50727; .NET CLR 3.0.04506.648; .NET CLR 3.5.21022; InfoPath.3; .NET CLR 3.0.4506.2152; .NET CLR 3.5.30729)"
183.33.12.60 - - [18/May/2012:11:47:05 +0800] "GET /music/moved200909/20090914.mp3 HTTP/1.1" 200 6635533 "-" "Mozilla/4.0 (compatible; MSIE 5.00; Windows 98)"
1.85.17.130 - - [18/May/2012:11:47:41 +0800] "GET /2008-07/%E6%A0%87%E5%87%86%E6%97%A5%E6%9C%AC%E8%AF%AD%E4%B8%AD%E7%BA%A749-50.rmvb HTTP/1.1" 503 466 "http://download.jptranslate.com/2008-07/" "Mozilla/4.0 (compatible; MSIE 6.0; Windows NT 5.1; .NET CLR 2.0.50727; .NET CLR 3.0.04506.648; .NET CLR 3.5.21022; InfoPath.3; .NET CLR 3.0.4506.2152; .NET CLR 3.5.30729)"
1.85.17.130 - - [18/May/2012:11:47:43 +0800] "GET /2008-07/\xb1\xea\xd7\xbc\xc8\xd5\xb1\xbe\xd3\xef\xd6\xd0\xbc\xb649-50.rmvb HTTP/1.1" 503 466 "http://download.jptranslate.com/2008-07/" "Mozilla/4.0 (compatible; MSIE 6.0; Windows NT 5.1; .NET CLR 2.0.50727; .NET CLR 3.0.04506.648; .NET CLR 3.5.21022; InfoPath.3; .NET CLR 3.0.4506.2152; .NET CLR 3.5.30729)"
1.85.17.130 - - [18/May/2012:11:47:47 +0800] "GET /2008-07/\xb1\xea\xd7\xbc\xc8\xd5\xb1\xbe\xd3\xef\xd6\xd0\xbc\xb647-48.rmvb HTTP/1.1" 503 466 "http://download.jptranslate.com/2008-07/" "Mozilla/4.0 (compatible; MSIE 6.0; Windows NT 5.1; .NET CLR 2.0.50727; .NET CLR 3.0.04506.648; .NET CLR 3.5.21022; InfoPath.3; .NET CLR 3.0.4506.2152; .NET CLR 3.5.30729)"
1.85.17.130 - - [18/May/2012:11:48:02 +0800] "GET /2008-07/\xb1\xea\xd7\xbc\xc8\xd5\xb1\xbe\xd3\xef\xd6\xd0\xbc\xb649-50.rmvb HTTP/1.1" 503 466 "http://download.jptranslate.com/2008-07/" "Mozilla/4.0 (compatible; MSIE 6.0; Windows NT 5.1; .NET CLR 2.0.50727; .NET CLR 3.0.04506.648; .NET CLR 3.5.21022; InfoPath.3; .NET CLR 3.0.4506.2152; .NET CLR 3.5.30729)"
1.85.17.130 - - [18/May/2012:11:48:02 +0800] "GET /2008-07/\xb1\xea\xd7\xbc\xc8\xd5\xb1\xbe\xd3\xef\xd6\xd0\xbc\xb647-48.rmvb HTTP/1.1" 503 466 "http://download.jptranslate.com/2008-07/" "Mozilla/4.0 (compatible; MSIE 6.0; Windows NT 5.1; .NET CLR 2.0.50727; .NET CLR 3.0.04506.648; .NET CLR 3.5.21022; InfoPath.3; .NET CLR 3.0.4506.2152; .NET CLR 3.5.30729)"
1.85.17.130 - - [18/May/2012:11:48:04 +0800] "GET /2008-07/\xb1\xea\xd7\xbc\xc8\xd5\xb1\xbe\xd3\xef\xd6\xd0\xbc\xb647-48.rmvb HTTP/1.1" 503 466 "http://download.jptranslate.com/2008-07/" "Mozilla/4.0 (compatible; MSIE 6.0; Windows NT 5.1; .NET CLR 2.0.50727; .NET CLR 3.0.04506.648; .NET CLR 3.5.21022; InfoPath.3; .NET CLR 3.0.4506.2152; .NET CLR 3.5.30729)"
220.181.51.155 - - [18/May/2012:11:48:27 +0800] "GET /music/moved200909/20090911.mp3 HTTP/1.0" 200 6916096 "-" "NSPlayer/10.0.0.4072 WMFSDK/10.0"
1.85.17.130 - - [18/May/2012:11:48:38 +0800] "GET /2008-07/\xb1\xea\xd7\xbc\xc8\xd5\xb1\xbe\xd3\xef\xd6\xd0\xbc\xb647-48.rmvb HTTP/1.1" 503 466 "http://download.jptranslate.com/2008-07/" "Mozilla/4.0 (compatible; MSIE 6.0; Windows NT 5.1; .NET CLR 2.0.50727; .NET CLR 3.0.04506.648; .NET CLR 3.5.21022; InfoPath.3; .NET CLR 3.0.4506.2152; .NET CLR 3.5.30729)"
1.85.17.130 - - [18/May/2012:11:45:12 +0800] "GET /2008-07/\xb1\xea\xd7\xbc\xc8\xd5\xb1\xbe\xd3\xef\xd6\xd0\xbc\xb647-48.rmvb HTTP/1.1" 206 36906470 "http://download.jptranslate.com/2008-07/" "Mozilla/4.0 (compatible; MSIE 6.0; Windows NT 5.1; .NET CLR 2.0.50727; .NET CLR 3.0.04506.648; .NET CLR 3.5.21022; InfoPath.3; .NET CLR 3.0.4506.2152; .NET CLR 3.5.30729)"
1.85.17.130 - - [18/May/2012:11:48:56 +0800] "GET /2008-07/\xb1\xea\xd7\xbc\xc8\xd5\xb1\xbe\xd3\xef\xd6\xd0\xbc\xb647-48.rmvb HTTP/1.1" 206 76883430 "http://download.jptranslate.com/2008-07/" "Mozilla/4.0 (compatible; MSIE 6.0; Windows NT 5.1; .NET CLR 2.0.50727; .NET CLR 3.0.04506.648; .NET CLR 3.5.21022; InfoPath.3; .NET CLR 3.0.4506.2152; .NET CLR 3.5.30729)"
38.107.179.234 - - [18/May/2012:11:48:02 +0800] "GET /2008-07/%d4%ad%c0%b4%d5%e2%be%e4%c8%d5%d3%ef%d5%e2%d1%f9%cb%b5(%d6%d0%c8%d5%cb%ab%d3%efMP3).rar HTTP/1.1" 200 180609109 "-" "CCBot/1.0 (+http://www.commoncrawl.org/bot.html)"
222.208.66.10 - - [18/May/2012:11:47:20 +0800] "GET /music/moved200909/20090930.mp3 HTTP/1.1" 206 4174208 "http://download.jptranslate.com/" "Mozilla/4.0 (compatible; MSIE 8.0; Windows NT 5.1; .NET CLR 2.0.50727; .NET CLR 3.0.4506.2152; .NET CLR 3.5.30729)"
1.85.17.130 - - [18/May/2012:11:45:38 +0800] "GET /2008-07/\xb1\xea\xd7\xbc\xc8\xd5\xb1\xbe\xd3\xef\xd6\xd0\xbc\xb647-48.rmvb HTTP/1.1" 206 28517862 "http://download.jptranslate.com/2008-07/" "Mozilla/4.0 (compatible; MSIE 6.0; Windows NT 5.1; .NET CLR 2.0.50727; .NET CLR 3.0.04506.648; .NET CLR 3.5.21022; InfoPath.3; .NET CLR 3.0.4506.2152; .NET CLR 3.5.30729)"
1.85.17.130 - - [18/May/2012:11:47:17 +0800] "GET /2008-07/\xb1\xea\xd7\xbc\xc8\xd5\xb1\xbe\xd3\xef\xd6\xd0\xbc\xb647-48.rmvb HTTP/1.1" 206 19867110 "http://download.jptranslate.com/2008-07/" "Mozilla/4.0 (compatible; MSIE 6.0; Windows NT 5.1; .NET CLR 2.0.50727; .NET CLR 3.0.04506.648; .NET CLR 3.5.21022; InfoPath.3; .NET CLR 3.0.4506.2152; .NET CLR 3.5.30729)"
1.85.17.130 - - [18/May/2012:11:47:35 +0800] "GET /2008-07/\xb1\xea\xd7\xbc\xc8\xd5\xb1\xbe\xd3\xef\xd6\xd0\xbc\xb647-48.rmvb HTTP/1.1" 206 67839462 "http://download.jptranslate.com/2008-07/" "Mozilla/4.0 (compatible; MSIE 6.0; Windows NT 5.1; .NET CLR 2.0.50727; .NET CLR 3.0.04506.648; .NET CLR 3.5.21022; InfoPath.3; .NET CLR 3.0.4506.2152; .NET CLR 3.5.30729)"
1.85.17.130 - - [18/May/2012:11:47:35 +0800] "GET /2008-07/\xb1\xea\xd7\xbc\xc8\xd5\xb1\xbe\xd3\xef\xd6\xd0\xbc\xb649-50.rmvb HTTP/1.1" 206 12632180 "http://download.jptranslate.com/2008-07/" "Mozilla/4.0 (compatible; MSIE 6.0; Windows NT 5.1; .NET CLR 2.0.50727; .NET CLR 3.0.04506.648; .NET CLR 3.5.21022; InfoPath.3; .NET CLR 3.0.4506.2152; .NET CLR 3.5.30729)"
1.85.17.130 - - [18/May/2012:11:51:13 +0800] "GET /2008-07/\xb1\xea\xd7\xbc\xc8\xd5\xb1\xbe\xd3\xef\xd6\xd0\xbc\xb649-50.rmvb HTTP/1.1" 206 1492145 "http://download.jptranslate.com/2008-07/" "Mozilla/4.0 (compatible; MSIE 6.0; Windows NT 5.1; .NET CLR 2.0.50727; .NET CLR 3.0.04506.648; .NET CLR 3.5.21022; InfoPath.3; .NET CLR 3.0.4506.2152; .NET CLR 3.5.30729)"
1.85.17.130 - - [18/May/2012:11:51:15 +0800] "GET /2008-07/\xb1\xea\xd7\xbc\xc8\xd5\xb1\xbe\xd3\xef\xd6\xd0\xbc\xb649-50.rmvb HTTP/1.1" 206 62964913 "http://download.jptranslate.com/2008-07/" "Mozilla/4.0 (compatible; MSIE 6.0; Windows NT 5.1; .NET CLR 2.0.50727; .NET CLR 3.0.04506.648; .NET CLR 3.5.21022; InfoPath.3; .NET CLR 3.0.4506.2152; .NET CLR 3.5.30729)"
1.85.17.130 - - [18/May/2012:11:51:21 +0800] "GET /2008-07/\xb1\xea\xd7\xbc\xc8\xd5\xb1\xbe\xd3\xef\xd6\xd0\xbc\xb647-48.rmvb HTTP/1.1" 206 66659814 "http://download.jptranslate.com/2008-07/" "Mozilla/4.0 (compatible; MSIE 6.0; Windows NT 5.1; .NET CLR 2.0.50727; .NET CLR 3.0.04506.648; .NET CLR 3.5.21022; InfoPath.3; .NET CLR 3.0.4506.2152; .NET CLR 3.5.30729)"
1.85.17.130 - - [18/May/2012:11:51:21 +0800] "GET /2008-07/\xb1\xea\xd7\xbc\xc8\xd5\xb1\xbe\xd3\xef\xd6\xd0\xbc\xb647-48.rmvb HTTP/1.1" 206 66135526 "http://download.jptranslate.com/2008-07/" "Mozilla/4.0 (compatible; MSIE 6.0; Windows NT 5.1; .NET CLR 2.0.50727; .NET CLR 3.0.04506.648; .NET CLR 3.5.21022; InfoPath.3; .NET CLR 3.0.4506.2152; .NET CLR 3.5.30729)"
1.85.17.130 - - [18/May/2012:11:51:27 +0800] "GET /2008-07/\xb1\xea\xd7\xbc\xc8\xd5\xb1\xbe\xd3\xef\xd6\xd0\xbc\xb647-48.rmvb HTTP/1.1" 206 27993574 "http://download.jptranslate.com/2008-07/" "Mozilla/4.0 (compatible; MSIE 6.0; Windows NT 5.1; .NET CLR 2.0.50727; .NET CLR 3.0.04506.648; .NET CLR 3.5.21022; InfoPath.3; .NET CLR 3.0.4506.2152; .NET CLR 3.5.30729)"
1.85.17.130 - - [18/May/2012:11:51:38 +0800] "GET /2008-07/\xb1\xea\xd7\xbc\xc8\xd5\xb1\xbe\xd3\xef\xd6\xd0\xbc\xb647-48.rmvb HTTP/1.1" 206 78063078 "http://download.jptranslate.com/2008-07/" "Mozilla/4.0 (compatible; MSIE 6.0; Windows NT 5.1; .NET CLR 2.0.50727; .NET CLR 3.0.04506.648; .NET CLR 3.5.21022; InfoPath.3; .NET CLR 3.0.4506.2152; .NET CLR 3.5.30729)"
1.85.17.130 - - [18/May/2012:11:51:18 +0800] "GET /2008-07/\xb1\xea\xd7\xbc\xc8\xd5\xb1\xbe\xd3\xef\xd6\xd0\xbc\xb647-48.rmvb HTTP/1.1" 206 67823777 "http://download.jptranslate.com/2008-07/" "Mozilla/4.0 (compatible; MSIE 6.0; Windows NT 5.1; .NET CLR 2.0.50727; .NET CLR 3.0.04506.648; .NET CLR 3.5.21022; InfoPath.3; .NET CLR 3.0.4506.2152; .NET CLR 3.5.30729)"
1.85.17.130 - - [18/May/2012:11:51:59 +0800] "GET /2008-07/\xb1\xea\xd7\xbc\xc8\xd5\xb1\xbe\xd3\xef\xd6\xd0\xbc\xb647-48.rmvb HTTP/1.1" 503 466 "http://download.jptranslate.com/2008-07/" "Mozilla/4.0 (compatible; MSIE 6.0; Windows NT 5.1; .NET CLR 2.0.50727; .NET CLR 3.0.04506.648; .NET CLR 3.5.21022; InfoPath.3; .NET CLR 3.0.4506.2152; .NET CLR 3.5.30729)"
1.85.17.130 - - [18/May/2012:11:51:35 +0800] "GET /2008-07/\xb1\xea\xd7\xbc\xc8\xd5\xb1\xbe\xd3\xef\xd6\xd0\xbc\xb649-50.rmvb HTTP/1.1" 206 3065009 "http://download.jptranslate.com/2008-07/" "Mozilla/4.0 (compatible; MSIE 6.0; Windows NT 5.1; .NET CLR 2.0.50727; .NET CLR 3.0.04506.648; .NET CLR 3.5.21022; InfoPath.3; .NET CLR 3.0.4506.2152; .NET CLR 3.5.30729)"
1.85.17.130 - - [18/May/2012:11:52:00 +0800] "GET /2008-07/\xb1\xea\xd7\xbc\xc8\xd5\xb1\xbe\xd3\xef\xd6\xd0\xbc\xb647-48.rmvb HTTP/1.1" 503 466 "http://download.jptranslate.com/2008-07/" "Mozilla/4.0 (compatible; MSIE 6.0; Windows NT 5.1; .NET CLR 2.0.50727; .NET CLR 3.0.04506.648; .NET CLR 3.5.21022; InfoPath.3; .NET CLR 3.0.4506.2152; .NET CLR 3.5.30729)"
1.85.17.130 - - [18/May/2012:11:51:40 +0800] "GET /2008-07/\xb1\xea\xd7\xbc\xc8\xd5\xb1\xbe\xd3\xef\xd6\xd0\xbc\xb649-50.rmvb HTTP/1.1" 206 6079665 "http://download.jptranslate.com/2008-07/" "Mozilla/4.0 (compatible; MSIE 6.0; Windows NT 5.1; .NET CLR 2.0.50727; .NET CLR 3.0.04506.648; .NET CLR 3.5.21022; InfoPath.3; .NET CLR 3.0.4506.2152; .NET CLR 3.5.30729)"
1.85.17.130 - - [18/May/2012:11:51:16 +0800] "GET /2008-07/\xb1\xea\xd7\xbc\xc8\xd5\xb1\xbe\xd3\xef\xd6\xd0\xbc\xb647-48.rmvb HTTP/1.1" 206 66135526 "http://download.jptranslate.com/2008-07/" "Mozilla/4.0 (compatible; MSIE 6.0; Windows NT 5.1; .NET CLR 2.0.50727; .NET CLR 3.0.04506.648; .NET CLR 3.5.21022; InfoPath.3; .NET CLR 3.0.4506.2152; .NET CLR 3.5.30729)"
183.33.12.60 - - [18/May/2012:11:49:42 +0800] "GET /music/moved200909/20090914.mp3 HTTP/1.1" 200 6635533 "-" "Mozilla/4.0 (compatible; MSIE 5.00; Windows 98)"
27.186.95.82 - - [18/May/2012:11:52:31 +0800] "GET /music/moved200909/20090918.smi HTTP/1.1" 404 371 "http://box.zhangmen.baidu.com/m?rf=idx&ct=134217728&tn=baidumt&gate=10&c_n=mp3order&l_id=3&l_n=%E6%AD%8C%E6%9B%B2TOP500&s_o=0" "Windows-Media-Player/11.0.5721.5280"
1.85.17.130 - - [18/May/2012:11:51:59 +0800] "GET /2008-07/\xb1\xea\xd7\xbc\xc8\xd5\xb1\xbe\xd3\xef\xd6\xd0\xbc\xb649-50.rmvb HTTP/1.1" 206 63095985 "http://download.jptranslate.com/2008-07/" "Mozilla/4.0 (compatible; MSIE 6.0; Windows NT 5.1; .NET CLR 2.0.50727; .NET CLR 3.0.04506.648; .NET CLR 3.5.21022; InfoPath.3; .NET CLR 3.0.4506.2152; .NET CLR 3.5.30729)"
1.85.17.130 - - [18/May/2012:11:52:23 +0800] "GET /2008-07/\xb1\xea\xd7\xbc\xc8\xd5\xb1\xbe\xd3\xef\xd6\xd0\xbc\xb649-50.rmvb HTTP/1.1" 206 62833841 "http://download.jptranslate.com/2008-07/" "Mozilla/4.0 (compatible; MSIE 6.0; Windows NT 5.1; .NET CLR 2.0.50727; .NET CLR 3.0.04506.648; .NET CLR 3.5.21022; InfoPath.3; .NET CLR 3.0.4506.2152; .NET CLR 3.5.30729)"
112.3.255.2 - - [18/May/2012:11:51:49 +0800] "GET /music/moved200909/20090925.mp3 HTTP/1.1" 200 4126639 "http://m390.mail.qq.com/zh_CN/htmledition/swf/audioplayer.swf?rand=0.03452717822165424" "Mozilla/4.0 (compatible; MSIE 8.0; Windows NT 5.1; Trident/4.0; .NET CLR 2.0.50727; 360SE)"
112.3.255.2 - - [18/May/2012:11:52:48 +0800] "GET /music/moved200909/20090925.mp3 HTTP/1.1" 206 3077495 "http://m390.mail.qq.com/zh_CN/htmledition/swf/audioplayer.swf?rand=0.37878082245725786" "Mozilla/4.0 (compatible; MSIE 8.0; Windows NT 5.1; Trident/4.0; .NET CLR 2.0.50727; 360SE)"
1.85.17.130 - - [18/May/2012:11:52:06 +0800] "GET /2008-07/\xb1\xea\xd7\xbc\xc8\xd5\xb1\xbe\xd3\xef\xd6\xd0\xbc\xb647-48.rmvb HTTP/1.1" 206 20915686 "http://download.jptranslate.com/2008-07/" "Mozilla/4.0 (compatible; MSIE 6.0; Windows NT 5.1; .NET CLR 2.0.50727; .NET CLR 3.0.04506.648; .NET CLR 3.5.21022; InfoPath.3; .NET CLR 3.0.4506.2152; .NET CLR 3.5.30729)"
38.107.179.230 - - [18/May/2012:11:52:49 +0800] "GET /2008-07/%d6%d0%c8%d5%bd%bb%c1%f7%b1%ea%d7%bc%c8%d5%b1%be%d3%ef%b3%f5%bc%b6%cc%fd%bd%e2.rar HTTP/1.1" 200 3096083 "-" "CCBot/1.0 (+http://www.commoncrawl.org/bot.html)"
125.74.63.154 - - [18/May/2012:11:53:38 +0800] "GET /music/moved200912/20091217.mp3 HTTP/1.1" 404 371 "-" "Mozilla/4.0 (compatible; MSIE 5.00; Windows 98)"
125.74.63.154 - - [18/May/2012:11:53:38 +0800] "GET /music/moved200912/20091217.mp3 HTTP/1.1" 404 371 "-" "Mozilla/4.0 (compatible; MSIE 5.00; Windows 98)"
125.74.63.154 - - [18/May/2012:11:53:41 +0800] "GET /music/moved200912/20091217.mp3 HTTP/1.1" 404 371 "-" "Mozilla/4.0 (compatible; MSIE 5.00; Windows 98)"
125.74.63.154 - - [18/May/2012:11:53:42 +0800] "GET /music/moved200912/20091217.mp3 HTTP/1.1" 404 371 "-" "Mozilla/4.0 (compatible; MSIE 5.00; Windows 98)"
27.186.95.82 - - [18/May/2012:11:52:30 +0800] "GET /music/moved200909/20090918.mp3 HTTP/1.1" 200 6246400 "-" "NSPlayer/11.0.5721.5275 WMFSDK/11.0"
1.85.17.130 - - [18/May/2012:11:51:40 +0800] "GET /2008-07/\xb1\xea\xd7\xbc\xc8\xd5\xb1\xbe\xd3\xef\xd6\xd0\xbc\xb649-50.rmvb HTTP/1.1" 206 65455281 "http://download.jptranslate.com/2008-07/" "Mozilla/4.0 (compatible; MSIE 6.0; Windows NT 5.1; .NET CLR 2.0.50727; .NET CLR 3.0.04506.648; .NET CLR 3.5.21022; InfoPath.3; .NET CLR 3.0.4506.2152; .NET CLR 3.5.30729)"
1.85.17.130 - - [18/May/2012:11:54:04 +0800] "GET /2008-07/\xb1\xea\xd7\xbc\xc8\xd5\xb1\xbe\xd3\xef\xd6\xd0\xbc\xb647-48.rmvb HTTP/1.1" 206 66059981 "http://download.jptranslate.com/2008-07/" "Mozilla/4.0 (compatible; MSIE 6.0; Windows NT 5.1; .NET CLR 2.0.50727; .NET CLR 3.0.04506.648; .NET CLR 3.5.21022; InfoPath.3; .NET CLR 3.0.4506.2152; .NET CLR 3.5.30729)"
1.85.17.130 - - [18/May/2012:11:53:54 +0800] "GET /2008-07/\xb1\xea\xd7\xbc\xc8\xd5\xb1\xbe\xd3\xef\xd6\xd0\xbc\xb647-48.rmvb HTTP/1.1" 206 66059981 "http://download.jptranslate.com/2008-07/" "Mozilla/4.0 (compatible; MSIE 6.0; Windows NT 5.1; .NET CLR 2.0.50727; .NET CLR 3.0.04506.648; .NET CLR 3.5.21022; InfoPath.3; .NET CLR 3.0.4506.2152; .NET CLR 3.5.30729)"
1.85.17.130 - - [18/May/2012:11:54:36 +0800] "GET /2008-07/\xb1\xea\xd7\xbc\xc8\xd5\xb1\xbe\xd3\xef\xd6\xd0\xbc\xb647-48.rmvb HTTP/1.1" 206 67753817 "http://download.jptranslate.com/2008-07/" "Mozilla/4.0 (compatible; MSIE 6.0; Windows NT 5.1; .NET CLR 2.0.50727; .NET CLR 3.0.04506.648; .NET CLR 3.5.21022; InfoPath.3; .NET CLR 3.0.4506.2152; .NET CLR 3.5.30729)"
1.85.17.130 - - [18/May/2012:11:54:00 +0800] "GET /2008-07/\xb1\xea\xd7\xbc\xc8\xd5\xb1\xbe\xd3\xef\xd6\xd0\xbc\xb649-50.rmvb HTTP/1.1" 206 65163365 "http://download.jptranslate.com/2008-07/" "Mozilla/4.0 (compatible; MSIE 6.0; Windows NT 5.1; .NET CLR 2.0.50727; .NET CLR 3.0.04506.648; .NET CLR 3.5.21022; InfoPath.3; .NET CLR 3.0.4506.2152; .NET CLR 3.5.30729)"
1.85.17.130 - - [18/May/2012:11:55:06 +0800] "GET /2008-07/\xb1\xea\xd7\xbc\xc8\xd5\xb1\xbe\xd3\xef\xd6\xd0\xbc\xb649-50.rmvb HTTP/1.1" 206 6153085 "http://download.jptranslate.com/2008-07/" "Mozilla/4.0 (compatible; MSIE 6.0; Windows NT 5.1; .NET CLR 2.0.50727; .NET CLR 3.0.04506.648; .NET CLR 3.5.21022; InfoPath.3; .NET CLR 3.0.4506.2152; .NET CLR 3.5.30729)"
1.85.17.130 - - [18/May/2012:11:54:28 +0800] "GET /2008-07/\xb1\xea\xd7\xbc\xc8\xd5\xb1\xbe\xd3\xef\xd6\xd0\xbc\xb647-48.rmvb HTTP/1.1" 206 70198758 "http://download.jptranslate.com/2008-07/" "Mozilla/4.0 (compatible; MSIE 6.0; Windows NT 5.1; .NET CLR 2.0.50727; .NET CLR 3.0.04506.648; .NET CLR 3.5.21022; InfoPath.3; .NET CLR 3.0.4506.2152; .NET CLR 3.5.30729)"
1.85.17.130 - - [18/May/2012:11:55:15 +0800] "GET /2008-07/\xb1\xea\xd7\xbc\xc8\xd5\xb1\xbe\xd3\xef\xd6\xd0\xbc\xb649-50.rmvb HTTP/1.1" 206 33866929 "http://download.jptranslate.com/2008-07/" "Mozilla/4.0 (compatible; MSIE 6.0; Windows NT 5.1; .NET CLR 2.0.50727; .NET CLR 3.0.04506.648; .NET CLR 3.5.21022; InfoPath.3; .NET CLR 3.0.4506.2152; .NET CLR 3.5.30729)"
1.85.17.130 - - [18/May/2012:11:54:47 +0800] "GET /2008-07/\xb1\xea\xd7\xbc\xc8\xd5\xb1\xbe\xd3\xef\xd6\xd0\xbc\xb649-50.rmvb HTTP/1.1" 206 9356465 "http://download.jptranslate.com/2008-07/" "Mozilla/4.0 (compatible; MSIE 6.0; Windows NT 5.1; .NET CLR 2.0.50727; .NET CLR 3.0.04506.648; .NET CLR 3.5.21022; InfoPath.3; .NET CLR 3.0.4506.2152; .NET CLR 3.5.30729)"
1.85.17.130 - - [18/May/2012:11:55:44 +0800] "GET /2008-07/\xb1\xea\xd7\xbc\xc8\xd5\xb1\xbe\xd3\xef\xd6\xd0\xbc\xb649-50.rmvb HTTP/1.1" 503 466 "http://download.jptranslate.com/2008-07/" "Mozilla/4.0 (compatible; MSIE 6.0; Windows NT 5.1; .NET CLR 2.0.50727; .NET CLR 3.0.04506.648; .NET CLR 3.5.21022; InfoPath.3; .NET CLR 3.0.4506.2152; .NET CLR 3.5.30729)"
1.85.17.130 - - [18/May/2012:11:55:44 +0800] "GET /2008-07/\xb1\xea\xd7\xbc\xc8\xd5\xb1\xbe\xd3\xef\xd6\xd0\xbc\xb647-48.rmvb HTTP/1.1" 503 466 "http://download.jptranslate.com/2008-07/" "Mozilla/4.0 (compatible; MSIE 6.0; Windows NT 5.1; .NET CLR 2.0.50727; .NET CLR 3.0.04506.648; .NET CLR 3.5.21022; InfoPath.3; .NET CLR 3.0.4506.2152; .NET CLR 3.5.30729)"
1.85.17.130 - - [18/May/2012:11:55:44 +0800] "GET /2008-07/\xb1\xea\xd7\xbc\xc8\xd5\xb1\xbe\xd3\xef\xd6\xd0\xbc\xb647-48.rmvb HTTP/1.1" 503 466 "http://download.jptranslate.com/2008-07/" "Mozilla/4.0 (compatible; MSIE 6.0; Windows NT 5.1; .NET CLR 2.0.50727; .NET CLR 3.0.04506.648; .NET CLR 3.5.21022; InfoPath.3; .NET CLR 3.0.4506.2152; .NET CLR 3.5.30729)"
1.85.17.130 - - [18/May/2012:11:55:46 +0800] "GET /2008-07/\xb1\xea\xd7\xbc\xc8\xd5\xb1\xbe\xd3\xef\xd6\xd0\xbc\xb647-48.rmvb HTTP/1.1" 503 466 "http://download.jptranslate.com/2008-07/" "Mozilla/4.0 (compatible; MSIE 6.0; Windows NT 5.1; .NET CLR 2.0.50727; .NET CLR 3.0.04506.648; .NET CLR 3.5.21022; InfoPath.3; .NET CLR 3.0.4506.2152; .NET CLR 3.5.30729)"
1.85.17.130 - - [18/May/2012:11:55:50 +0800] "GET /2008-07/\xb1\xea\xd7\xbc\xc8\xd5\xb1\xbe\xd3\xef\xd6\xd0\xbc\xb649-50.rmvb HTTP/1.1" 503 466 "http://download.jptranslate.com/2008-07/" "Mozilla/4.0 (compatible; MSIE 6.0; Windows NT 5.1; .NET CLR 2.0.50727; .NET CLR 3.0.04506.648; .NET CLR 3.5.21022; InfoPath.3; .NET CLR 3.0.4506.2152; .NET CLR 3.5.30729)"
1.85.17.130 - - [18/May/2012:11:55:51 +0800] "GET /2008-07/\xb1\xea\xd7\xbc\xc8\xd5\xb1\xbe\xd3\xef\xd6\xd0\xbc\xb649-50.rmvb HTTP/1.1" 503 466 "http://download.jptranslate.com/2008-07/" "Mozilla/4.0 (compatible; MSIE 6.0; Windows NT 5.1; .NET CLR 2.0.50727; .NET CLR 3.0.04506.648; .NET CLR 3.5.21022; InfoPath.3; .NET CLR 3.0.4506.2152; .NET CLR 3.5.30729)"
175.43.29.50 - - [18/May/2012:11:55:51 +0800] "GET /music/moved200912/20091203.mp3 HTTP/1.1" 404 371 "-" "Mozilla/4.0 (compatible; MSIE 5.00; Windows 98)"
175.43.29.50 - - [18/May/2012:11:55:51 +0800] "GET /music/moved200912/20091203.mp3 HTTP/1.1" 404 371 "-" "Mozilla/4.0 (compatible; MSIE 5.00; Windows 98)"
175.43.29.50 - - [18/May/2012:11:55:51 +0800] "GET /music/moved200912/20091203.mp3 HTTP/1.1" 404 371 "-" "Mozilla/4.0 (compatible; MSIE 5.00; Windows 98)"
175.43.29.50 - - [18/May/2012:11:55:51 +0800] "GET /music/moved200912/20091203.mp3 HTTP/1.1" 404 371 "-" "Mozilla/4.0 (compatible; MSIE 5.00; Windows 98)"
1.85.17.130 - - [18/May/2012:11:55:53 +0800] "GET /2008-07/\xb1\xea\xd7\xbc\xc8\xd5\xb1\xbe\xd3\xef\xd6\xd0\xbc\xb649-50.rmvb HTTP/1.1" 503 466 "http://download.jptranslate.com/2008-07/" "Mozilla/4.0 (compatible; MSIE 6.0; Windows NT 5.1; .NET CLR 2.0.50727; .NET CLR 3.0.04506.648; .NET CLR 3.5.21022; InfoPath.3; .NET CLR 3.0.4506.2152; .NET CLR 3.5.30729)"
1.85.17.130 - - [18/May/2012:11:56:03 +0800] "GET /2008-07/\xb1\xea\xd7\xbc\xc8\xd5\xb1\xbe\xd3\xef\xd6\xd0\xbc\xb647-48.rmvb HTTP/1.1" 503 466 "http://download.jptranslate.com/2008-07/" "Mozilla/4.0 (compatible; MSIE 6.0; Windows NT 5.1; .NET CLR 2.0.50727; .NET CLR 3.0.04506.648; .NET CLR 3.5.21022; InfoPath.3; .NET CLR 3.0.4506.2152; .NET CLR 3.5.30729)"
1.85.17.130 - - [18/May/2012:11:55:40 +0800] "GET /2008-07/\xb1\xea\xd7\xbc\xc8\xd5\xb1\xbe\xd3\xef\xd6\xd0\xbc\xb647-48.rmvb HTTP/1.1" 206 67753817 "http://download.jptranslate.com/2008-07/" "Mozilla/4.0 (compatible; MSIE 6.0; Windows NT 5.1; .NET CLR 2.0.50727; .NET CLR 3.0.04506.648; .NET CLR 3.5.21022; InfoPath.3; .NET CLR 3.0.4506.2152; .NET CLR 3.5.30729)"
1.85.17.130 - - [18/May/2012:11:55:43 +0800] "GET /2008-07/\xb1\xea\xd7\xbc\xc8\xd5\xb1\xbe\xd3\xef\xd6\xd0\xbc\xb649-50.rmvb HTTP/1.1" 206 4637873 "http://download.jptranslate.com/2008-07/" "Mozilla/4.0 (compatible; MSIE 6.0; Windows NT 5.1; .NET CLR 2.0.50727; .NET CLR 3.0.04506.648; .NET CLR 3.5.21022; InfoPath.3; .NET CLR 3.0.4506.2152; .NET CLR 3.5.30729)"
1.85.17.130 - - [18/May/2012:11:56:12 +0800] "GET /2008-07/\xb1\xea\xd7\xbc\xc8\xd5\xb1\xbe\xd3\xef\xd6\xd0\xbc\xb649-50.rmvb HTTP/1.1" 503 466 "http://download.jptranslate.com/2008-07/" "Mozilla/4.0 (compatible; MSIE 6.0; Windows NT 5.1; .NET CLR 2.0.50727; .NET CLR 3.0.04506.648; .NET CLR 3.5.21022; InfoPath.3; .NET CLR 3.0.4506.2152; .NET CLR 3.5.30729)"
1.85.17.130 - - [18/May/2012:11:56:14 +0800] "GET /2008-07/\xb1\xea\xd7\xbc\xc8\xd5\xb1\xbe\xd3\xef\xd6\xd0\xbc\xb649-50.rmvb HTTP/1.1" 503 466 "http://download.jptranslate.com/2008-07/" "Mozilla/4.0 (compatible; MSIE 6.0; Windows NT 5.1; .NET CLR 2.0.50727; .NET CLR 3.0.04506.648; .NET CLR 3.5.21022; InfoPath.3; .NET CLR 3.0.4506.2152; .NET CLR 3.5.30729)"
38.107.179.231 - - [18/May/2012:11:55:23 +0800] "GET /2008-07/%d6%d0%c8%d5%bd%bb%c1%f7%b1%ea%d7%bc%c8%d5%b1%be%d3%ef%be%e4%d0%cd%b9%e9%c4%c9%d3%eb%c0%fd%bd%e2255%b8%f6.rar HTTP/1.1" 200 67362823 "-" "CCBot/1.0 (+http://www.commoncrawl.org/bot.html)"
1.85.17.130 - - [18/May/2012:11:56:18 +0800] "GET /2008-07/\xb1\xea\xd7\xbc\xc8\xd5\xb1\xbe\xd3\xef\xd6\xd0\xbc\xb647-48.rmvb HTTP/1.1" 503 466 "http://download.jptranslate.com/2008-07/" "Mozilla/4.0 (compatible; MSIE 6.0; Windows NT 5.1; .NET CLR 2.0.50727; .NET CLR 3.0.04506.648; .NET CLR 3.5.21022; InfoPath.3; .NET CLR 3.0.4506.2152; .NET CLR 3.5.30729)"
1.85.17.130 - - [18/May/2012:11:56:19 +0800] "GET /2008-07/\xb1\xea\xd7\xbc\xc8\xd5\xb1\xbe\xd3\xef\xd6\xd0\xbc\xb647-48.rmvb HTTP/1.1" 503 466 "http://download.jptranslate.com/2008-07/" "Mozilla/4.0 (compatible; MSIE 6.0; Windows NT 5.1; .NET CLR 2.0.50727; .NET CLR 3.0.04506.648; .NET CLR 3.5.21022; InfoPath.3; .NET CLR 3.0.4506.2152; .NET CLR 3.5.30729)"
1.85.17.130 - - [18/May/2012:11:56:21 +0800] "GET /2008-07/\xb1\xea\xd7\xbc\xc8\xd5\xb1\xbe\xd3\xef\xd6\xd0\xbc\xb647-48.rmvb HTTP/1.1" 503 466 "http://download.jptranslate.com/2008-07/" "Mozilla/4.0 (compatible; MSIE 6.0; Windows NT 5.1; .NET CLR 2.0.50727; .NET CLR 3.0.04506.648; .NET CLR 3.5.21022; InfoPath.3; .NET CLR 3.0.4506.2152; .NET CLR 3.5.30729)"
1.85.17.130 - - [18/May/2012:11:56:22 +0800] "GET /2008-07/\xb1\xea\xd7\xbc\xc8\xd5\xb1\xbe\xd3\xef\xd6\xd0\xbc\xb647-48.rmvb HTTP/1.1" 503 466 "http://download.jptranslate.com/2008-07/" "Mozilla/4.0 (compatible; MSIE 6.0; Windows NT 5.1; .NET CLR 2.0.50727; .NET CLR 3.0.04506.648; .NET CLR 3.5.21022; InfoPath.3; .NET CLR 3.0.4506.2152; .NET CLR 3.5.30729)"
1.85.17.130 - - [18/May/2012:11:56:24 +0800] "GET /2008-07/\xb1\xea\xd7\xbc\xc8\xd5\xb1\xbe\xd3\xef\xd6\xd0\xbc\xb649-50.rmvb HTTP/1.1" 503 466 "http://download.jptranslate.com/2008-07/" "Mozilla/4.0 (compatible; MSIE 6.0; Windows NT 5.1; .NET CLR 2.0.50727; .NET CLR 3.0.04506.648; .NET CLR 3.5.21022; InfoPath.3; .NET CLR 3.0.4506.2152; .NET CLR 3.5.30729)"
1.85.17.130 - - [18/May/2012:11:56:24 +0800] "GET /2008-07/%E6%A0%87%E5%87%86%E6%97%A5%E6%9C%AC%E8%AF%AD%E4%B8%AD%E7%BA%A747-48.rmvb HTTP/1.1" 503 466 "http://download.jptranslate.com/2008-07/" "Mozilla/4.0 (compatible; MSIE 6.0; Windows NT 5.1; .NET CLR 2.0.50727; .NET CLR 3.0.04506.648; .NET CLR 3.5.21022; InfoPath.3; .NET CLR 3.0.4506.2152; .NET CLR 3.5.30729)"
1.85.17.130 - - [18/May/2012:11:56:25 +0800] "GET /2008-07/\xb1\xea\xd7\xbc\xc8\xd5\xb1\xbe\xd3\xef\xd6\xd0\xbc\xb649-50.rmvb HTTP/1.1" 503 466 "http://download.jptranslate.com/2008-07/" "Mozilla/4.0 (compatible; MSIE 6.0; Windows NT 5.1; .NET CLR 2.0.50727; .NET CLR 3.0.04506.648; .NET CLR 3.5.21022; InfoPath.3; .NET CLR 3.0.4506.2152; .NET CLR 3.5.30729)"
