117.40.132.10 - - [18/May/2012:10:38:20 +0800] "GET /music/moved200909/20090918.mp3 HTTP/1.1" 206 20480 "http://download.jptranslate.com/" "Mozilla/4.0 (compatible; MSIE 6.0; Windows NT 5.1; .NET CLR 2.0.50727)"
117.40.132.10 - - [18/May/2012:10:38:20 +0800] "GET /music/moved200909/20090918.mp3 HTTP/1.1" 206 20480 "http://download.jptranslate.com/" "Mozilla/4.0 (compatible; MSIE 6.0; Windows NT 5.1; .NET CLR 2.0.50727)"
117.40.132.10 - - [18/May/2012:10:38:20 +0800] "GET /music/moved200909/20090918.mp3 HTTP/1.1" 206 20480 "http://download.jptranslate.com/" "Mozilla/4.0 (compatible; MSIE 6.0; Windows NT 5.1; .NET CLR 2.0.50727)"
117.40.132.10 - - [18/May/2012:10:38:20 +0800] "GET /music/moved200909/20090918.mp3 HTTP/1.1" 206 20480 "http://download.jptranslate.com/" "Mozilla/4.0 (compatible; MSIE 6.0; Windows NT 5.1; .NET CLR 2.0.50727)"
117.40.132.10 - - [18/May/2012:10:38:20 +0800] "GET /music/moved200909/20090918.mp3 HTTP/1.1" 206 20480 "http://download.jptranslate.com/" "Mozilla/4.0 (compatible; MSIE 6.0; Windows NT 5.1; .NET CLR 2.0.50727)"
117.40.132.10 - - [18/May/2012:10:38:28 +0800] "GET /music/moved200909/20090918.mp3 HTTP/1.1" 503 466 "http://download.jptranslate.com/" "Mozilla/4.0 (compatible; MSIE 6.0; Windows NT 5.1; .NET CLR 2.0.50727)"
117.40.132.10 - - [18/May/2012:10:38:21 +0800] "GET /music/moved200909/20090918.mp3 HTTP/1.1" 206 6180864 "http://download.jptranslate.com/" "Mozilla/4.0 (compatible; MSIE 6.0; Windows NT 5.1; .NET CLR 2.0.50727)"
117.40.132.10 - - [18/May/2012:10:38:29 +0800] "GET /music/moved200909/20090918.mp3 HTTP/1.1" 206 5853184 "http://download.jptranslate.com/" "Mozilla/4.0 (compatible; MSIE 6.0; Windows NT 5.1; .NET CLR 2.0.50727)"
117.40.132.10 - - [18/May/2012:10:38:21 +0800] "GET /music/moved200909/20090918.mp3 HTTP/1.1" 206 6180864 "http://download.jptranslate.com/" "Mozilla/4.0 (compatible; MSIE 6.0; Windows NT 5.1; .NET CLR 2.0.50727)"
117.40.132.10 - - [18/May/2012:10:38:31 +0800] "GET /music/moved200909/20090918.mp3 HTTP/1.1" 206 5787648 "http://download.jptranslate.com/" "Mozilla/4.0 (compatible; MSIE 6.0; Windows NT 5.1; .NET CLR 2.0.50727)"
117.40.132.10 - - [18/May/2012:10:38:35 +0800] "GET /music/moved200909/20090918.mp3 HTTP/1.1" 503 466 "http://download.jptranslate.com/" "Mozilla/4.0 (compatible; MSIE 6.0; Windows NT 5.1; .NET CLR 2.0.50727)"
117.40.132.10 - - [18/May/2012:10:38:33 +0800] "GET /music/moved200909/20090918.mp3 HTTP/1.1" 206 5722112 "http://download.jptranslate.com/" "Mozilla/4.0 (compatible; MSIE 6.0; Windows NT 5.1; .NET CLR 2.0.50727)"
117.40.132.10 - - [18/May/2012:10:38:21 +0800] "GET /music/moved200909/20090918.mp3 HTTP/1.1" 206 6180864 "http://download.jptranslate.com/" "Mozilla/4.0 (compatible; MSIE 6.0; Windows NT 5.1; .NET CLR 2.0.50727)"
117.40.132.10 - - [18/May/2012:10:38:21 +0800] "GET /music/moved200909/20090918.mp3 HTTP/1.1" 206 6180864 "http://download.jptranslate.com/" "Mozilla/4.0 (compatible; MSIE 6.0; Windows NT 5.1; .NET CLR 2.0.50727)"
117.40.132.10 - - [18/May/2012:10:38:37 +0800] "GET /music/moved200909/20090918.mp3 HTTP/1.1" 503 466 "http://download.jptranslate.com/" "Mozilla/4.0 (compatible; MSIE 6.0; Windows NT 5.1; .NET CLR 2.0.50727)"
117.40.132.10 - - [18/May/2012:10:38:21 +0800] "GET /music/moved200909/20090918.mp3 HTTP/1.1" 206 6180864 "http://download.jptranslate.com/" "Mozilla/4.0 (compatible; MSIE 6.0; Windows NT 5.1; .NET CLR 2.0.50727)"
117.40.132.10 - - [18/May/2012:10:38:33 +0800] "GET /music/moved200909/20090918.mp3 HTTP/1.1" 206 5656576 "http://download.jptranslate.com/" "Mozilla/4.0 (compatible; MSIE 6.0; Windows NT 5.1; .NET CLR 2.0.50727)"
117.40.132.10 - - [18/May/2012:10:38:36 +0800] "GET /music/moved200909/20090918.mp3 HTTP/1.1" 206 5525504 "http://download.jptranslate.com/" "Mozilla/4.0 (compatible; MSIE 6.0; Windows NT 5.1; .NET CLR 2.0.50727)"
117.40.132.10 - - [18/May/2012:10:38:36 +0800] "GET /music/moved200909/20090918.mp3 HTTP/1.1" 206 5459968 "http://download.jptranslate.com/" "Mozilla/4.0 (compatible; MSIE 6.0; Windows NT 5.1; .NET CLR 2.0.50727)"
117.40.132.10 - - [18/May/2012:10:38:37 +0800] "GET /music/moved200909/20090918.mp3 HTTP/1.1" 206 5394432 "http://download.jptranslate.com/" "Mozilla/4.0 (compatible; MSIE 6.0; Windows NT 5.1; .NET CLR 2.0.50727)"
117.40.132.10 - - [18/May/2012:10:38:41 +0800] "GET /music/moved200909/20090918.mp3 HTTP/1.1" 503 466 "http://download.jptranslate.com/" "Mozilla/4.0 (compatible; MSIE 6.0; Windows NT 5.1; .NET CLR 2.0.50727)"
117.40.132.10 - - [18/May/2012:10:38:38 +0800] "GET /music/moved200909/20090918.mp3 HTTP/1.1" 206 5263360 "http://download.jptranslate.com/" "Mozilla/4.0 (compatible; MSIE 6.0; Windows NT 5.1; .NET CLR 2.0.50727)"
117.40.132.10 - - [18/May/2012:10:38:41 +0800] "GET /music/moved200909/20090918.mp3 HTTP/1.1" 206 5066752 "http://download.jptranslate.com/" "Mozilla/4.0 (compatible; MSIE 6.0; Windows NT 5.1; .NET CLR 2.0.50727)"
117.40.132.10 - - [18/May/2012:10:38:43 +0800] "GET /music/moved200909/20090918.mp3 HTTP/1.1" 503 466 "http://download.jptranslate.com/" "Mozilla/4.0 (compatible; MSIE 6.0; Windows NT 5.1; .NET CLR 2.0.50727)"
117.40.132.10 - - [18/May/2012:10:38:40 +0800] "GET /music/moved200909/20090918.mp3 HTTP/1.1" 206 5132288 "http://download.jptranslate.com/" "Mozilla/4.0 (compatible; MSIE 6.0; Windows NT 5.1; .NET CLR 2.0.50727)"
117.40.132.10 - - [18/May/2012:10:38:39 +0800] "GET /music/moved200909/20090918.mp3 HTTP/1.1" 206 5197824 "http://download.jptranslate.com/" "Mozilla/4.0 (compatible; MSIE 6.0; Windows NT 5.1; .NET CLR 2.0.50727)"
117.40.132.10 - - [18/May/2012:10:38:43 +0800] "GET /music/moved200909/20090918.mp3 HTTP/1.1" 206 4608000 "http://download.jptranslate.com/" "Mozilla/4.0 (compatible; MSIE 6.0; Windows NT 5.1; .NET CLR 2.0.50727)"
117.40.132.10 - - [18/May/2012:10:38:46 +0800] "GET /music/moved200909/20090918.mp3 HTTP/1.1" 206 4804608 "http://download.jptranslate.com/" "Mozilla/4.0 (compatible; MSIE 6.0; Windows NT 5.1; .NET CLR 2.0.50727)"
117.40.132.10 - - [18/May/2012:10:38:46 +0800] "GET /music/moved200909/20090918.mp3 HTTP/1.1" 206 4083712 "http://download.jptranslate.com/" "Mozilla/4.0 (compatible; MSIE 6.0; Windows NT 5.1; .NET CLR 2.0.50727)"
117.40.132.10 - - [18/May/2012:10:38:46 +0800] "GET /music/moved200909/20090918.mp3 HTTP/1.1" 206 4018176 "http://download.jptranslate.com/" "Mozilla/4.0 (compatible; MSIE 6.0; Windows NT 5.1; .NET CLR 2.0.50727)"
117.40.132.10 - - [18/May/2012:10:38:45 +0800] "GET /music/moved200909/20090918.mp3 HTTP/1.1" 206 4149248 "http://download.jptranslate.com/" "Mozilla/4.0 (compatible; MSIE 6.0; Windows NT 5.1; .NET CLR 2.0.50727)"
117.40.132.10 - - [18/May/2012:10:38:41 +0800] "GET /music/moved200909/20090918.mp3 HTTP/1.1" 206 5001216 "http://download.jptranslate.com/" "Mozilla/4.0 (compatible; MSIE 6.0; Windows NT 5.1; .NET CLR 2.0.50727)"
117.40.132.10 - - [18/May/2012:10:38:49 +0800] "GET /music/moved200909/20090918.mp3 HTTP/1.1" 206 3493888 "http://download.jptranslate.com/" "Mozilla/4.0 (compatible; MSIE 6.0; Windows NT 5.1; .NET CLR 2.0.50727)"
117.40.132.10 - - [18/May/2012:10:38:49 +0800] "GET /music/moved200909/20090918.mp3 HTTP/1.1" 206 3559424 "http://download.jptranslate.com/" "Mozilla/4.0 (compatible; MSIE 6.0; Windows NT 5.1; .NET CLR 2.0.50727)"
117.40.132.10 - - [18/May/2012:10:38:52 +0800] "GET /music/moved200909/20090918.mp3 HTTP/1.1" 503 466 "http://download.jptranslate.com/" "Mozilla/4.0 (compatible; MSIE 6.0; Windows NT 5.1; .NET CLR 2.0.50727)"
117.40.132.10 - - [18/May/2012:10:38:49 +0800] "GET /music/moved200909/20090918.mp3 HTTP/1.1" 206 3624960 "http://download.jptranslate.com/" "Mozilla/4.0 (compatible; MSIE 6.0; Windows NT 5.1; .NET CLR 2.0.50727)"
117.40.132.10 - - [18/May/2012:10:38:43 +0800] "GET /music/moved200909/20090918.mp3 HTTP/1.1" 206 4542464 "http://download.jptranslate.com/" "Mozilla/4.0 (compatible; MSIE 6.0; Windows NT 5.1; .NET CLR 2.0.50727)"
117.40.132.10 - - [18/May/2012:10:38:51 +0800] "GET /music/moved200909/20090918.mp3 HTTP/1.1" 206 4214784 "http://download.jptranslate.com/" "Mozilla/4.0 (compatible; MSIE 6.0; Windows NT 5.1; .NET CLR 2.0.50727)"
117.40.132.10 - - [18/May/2012:10:38:52 +0800] "GET /music/moved200909/20090918.mp3 HTTP/1.1" 206 3100672 "http://download.jptranslate.com/" "Mozilla/4.0 (compatible; MSIE 6.0; Windows NT 5.1; .NET CLR 2.0.50727)"
117.40.132.10 - - [18/May/2012:10:38:52 +0800] "GET /music/moved200909/20090918.mp3 HTTP/1.1" 206 3035136 "http://download.jptranslate.com/" "Mozilla/4.0 (compatible; MSIE 6.0; Windows NT 5.1; .NET CLR 2.0.50727)"
117.40.132.10 - - [18/May/2012:10:38:54 +0800] "GET /music/moved200909/20090918.mp3 HTTP/1.1" 206 2904064 "http://download.jptranslate.com/" "Mozilla/4.0 (compatible; MSIE 6.0; Windows NT 5.1; .NET CLR 2.0.50727)"
117.40.132.10 - - [18/May/2012:10:38:54 +0800] "GET /music/moved200909/20090918.mp3 HTTP/1.1" 206 2838528 "http://download.jptranslate.com/" "Mozilla/4.0 (compatible; MSIE 6.0; Windows NT 5.1; .NET CLR 2.0.50727)"
117.40.132.10 - - [18/May/2012:10:38:55 +0800] "GET /music/moved200909/20090918.mp3 HTTP/1.1" 206 3952640 "http://download.jptranslate.com/" "Mozilla/4.0 (compatible; MSIE 6.0; Windows NT 5.1; .NET CLR 2.0.50727)"
117.40.132.10 - - [18/May/2012:10:38:57 +0800] "GET /music/moved200909/20090918.mp3 HTTP/1.1" 206 3821568 "http://download.jptranslate.com/" "Mozilla/4.0 (compatible; MSIE 6.0; Windows NT 5.1; .NET CLR 2.0.50727)"
117.40.132.10 - - [18/May/2012:10:38:57 +0800] "GET /music/moved200909/20090918.mp3 HTTP/1.1" 206 2445312 "http://download.jptranslate.com/" "Mozilla/4.0 (compatible; MSIE 6.0; Windows NT 5.1; .NET CLR 2.0.50727)"
117.40.132.10 - - [18/May/2012:10:38:57 +0800] "GET /music/moved200909/20090918.mp3 HTTP/1.1" 206 3690496 "http://download.jptranslate.com/" "Mozilla/4.0 (compatible; MSIE 6.0; Windows NT 5.1; .NET CLR 2.0.50727)"
117.40.132.10 - - [18/May/2012:10:38:57 +0800] "GET /music/moved200909/20090918.mp3 HTTP/1.1" 206 3756032 "http://download.jptranslate.com/" "Mozilla/4.0 (compatible; MSIE 6.0; Windows NT 5.1; .NET CLR 2.0.50727)"
117.40.132.10 - - [18/May/2012:10:38:55 +0800] "GET /music/moved200909/20090918.mp3 HTTP/1.1" 206 3887104 "http://download.jptranslate.com/" "Mozilla/4.0 (compatible; MSIE 6.0; Windows NT 5.1; .NET CLR 2.0.50727)"
117.40.132.10 - - [18/May/2012:10:39:02 +0800] "GET /music/moved200909/20090918.mp3 HTTP/1.1" 503 466 "http://download.jptranslate.com/" "Mozilla/4.0 (compatible; MSIE 6.0; Windows NT 5.1; .NET CLR 2.0.50727)"
117.40.132.10 - - [18/May/2012:10:39:00 +0800] "GET /music/moved200909/20090918.mp3 HTTP/1.1" 206 3428352 "http://download.jptranslate.com/" "Mozilla/4.0 (compatible; MSIE 6.0; Windows NT 5.1; .NET CLR 2.0.50727)"
117.40.132.10 - - [18/May/2012:10:39:00 +0800] "GET /music/moved200909/20090918.mp3 HTTP/1.1" 206 3166208 "http://download.jptranslate.com/" "Mozilla/4.0 (compatible; MSIE 6.0; Windows NT 5.1; .NET CLR 2.0.50727)"
117.40.132.10 - - [18/May/2012:10:39:00 +0800] "GET /music/moved200909/20090918.mp3 HTTP/1.1" 206 3297280 "http://download.jptranslate.com/" "Mozilla/4.0 (compatible; MSIE 6.0; Windows NT 5.1; .NET CLR 2.0.50727)"
117.40.132.10 - - [18/May/2012:10:39:04 +0800] "GET /music/moved200909/20090918.mp3 HTTP/1.1" 503 466 "http://download.jptranslate.com/" "Mozilla/4.0 (compatible; MSIE 6.0; Windows NT 5.1; .NET CLR 2.0.50727)"
117.40.132.10 - - [18/May/2012:10:39:00 +0800] "GET /music/moved200909/20090918.mp3 HTTP/1.1" 206 3231744 "http://download.jptranslate.com/" "Mozilla/4.0 (compatible; MSIE 6.0; Windows NT 5.1; .NET CLR 2.0.50727)"
117.40.132.10 - - [18/May/2012:10:39:00 +0800] "GET /music/moved200909/20090918.mp3 HTTP/1.1" 206 3362816 "http://download.jptranslate.com/" "Mozilla/4.0 (compatible; MSIE 6.0; Windows NT 5.1; .NET CLR 2.0.50727)"
117.40.132.10 - - [18/May/2012:10:39:04 +0800] "GET /music/moved200909/20090918.mp3 HTTP/1.1" 206 2052096 "http://download.jptranslate.com/" "Mozilla/4.0 (compatible; MSIE 6.0; Windows NT 5.1; .NET CLR 2.0.50727)"
117.40.132.10 - - [18/May/2012:10:39:04 +0800] "GET /music/moved200909/20090918.mp3 HTTP/1.1" 206 1986560 "http://download.jptranslate.com/" "Mozilla/4.0 (compatible; MSIE 6.0; Windows NT 5.1; .NET CLR 2.0.50727)"
117.40.132.10 - - [18/May/2012:10:39:04 +0800] "GET /music/moved200909/20090918.mp3 HTTP/1.1" 206 1921024 "http://download.jptranslate.com/" "Mozilla/4.0 (compatible; MSIE 6.0; Windows NT 5.1; .NET CLR 2.0.50727)"
117.40.132.10 - - [18/May/2012:10:39:07 +0800] "GET /music/moved200909/20090918.mp3 HTTP/1.1" 206 2969600 "http://download.jptranslate.com/" "Mozilla/4.0 (compatible; MSIE 6.0; Windows NT 5.1; .NET CLR 2.0.50727)"
117.40.132.10 - - [18/May/2012:10:39:08 +0800] "GET /music/moved200909/20090918.mp3 HTTP/1.1" 206 1855488 "http://download.jptranslate.com/" "Mozilla/4.0 (compatible; MSIE 6.0; Windows NT 5.1; .NET CLR 2.0.50727)"
117.40.132.10 - - [18/May/2012:10:39:09 +0800] "GET /music/moved200909/20090918.mp3 HTTP/1.1" 503 466 "http://download.jptranslate.com/" "Mozilla/4.0 (compatible; MSIE 6.0; Windows NT 5.1; .NET CLR 2.0.50727)"
117.40.132.10 - - [18/May/2012:10:39:09 +0800] "GET /music/moved200909/20090918.mp3 HTTP/1.1" 503 466 "http://download.jptranslate.com/" "Mozilla/4.0 (compatible; MSIE 6.0; Windows NT 5.1; .NET CLR 2.0.50727)"
117.40.132.10 - - [18/May/2012:10:39:06 +0800] "GET /music/moved200909/20090918.mp3 HTTP/1.1" 206 2772992 "http://download.jptranslate.com/" "Mozilla/4.0 (compatible; MSIE 6.0; Windows NT 5.1; .NET CLR 2.0.50727)"
117.40.132.10 - - [18/May/2012:10:39:07 +0800] "GET /music/moved200909/20090918.mp3 HTTP/1.1" 206 2707456 "http://download.jptranslate.com/" "Mozilla/4.0 (compatible; MSIE 6.0; Windows NT 5.1; .NET CLR 2.0.50727)"
117.40.132.10 - - [18/May/2012:10:39:07 +0800] "GET /music/moved200909/20090918.mp3 HTTP/1.1" 206 2641920 "http://download.jptranslate.com/" "Mozilla/4.0 (compatible; MSIE 6.0; Windows NT 5.1; .NET CLR 2.0.50727)"
117.40.132.10 - - [18/May/2012:10:39:09 +0800] "GET /music/moved200909/20090918.mp3 HTTP/1.1" 206 1527808 "http://download.jptranslate.com/" "Mozilla/4.0 (compatible; MSIE 6.0; Windows NT 5.1; .NET CLR 2.0.50727)"
117.40.132.10 - - [18/May/2012:10:39:08 +0800] "GET /music/moved200909/20090918.mp3 HTTP/1.1" 206 2576384 "http://download.jptranslate.com/" "Mozilla/4.0 (compatible; MSIE 6.0; Windows NT 5.1; .NET CLR 2.0.50727)"
117.40.132.10 - - [18/May/2012:10:39:13 +0800] "GET /music/moved200909/20090918.mp3 HTTP/1.1" 206 2969600 "http://download.jptranslate.com/" "Mozilla/4.0 (compatible; MSIE 6.0; Windows NT 5.1; .NET CLR 2.0.50727)"
117.40.132.10 - - [18/May/2012:10:39:14 +0800] "GET /music/moved200909/20090918.mp3 HTTP/1.1" 503 466 "http://download.jptranslate.com/" "Mozilla/4.0 (compatible; MSIE 6.0; Windows NT 5.1; .NET CLR 2.0.50727)"
117.40.132.10 - - [18/May/2012:10:39:14 +0800] "GET /music/moved200909/20090918.mp3 HTTP/1.1" 503 466 "http://download.jptranslate.com/" "Mozilla/4.0 (compatible; MSIE 6.0; Windows NT 5.1; .NET CLR 2.0.50727)"
117.40.132.10 - - [18/May/2012:10:39:14 +0800] "GET /music/moved200909/20090918.mp3 HTTP/1.1" 503 466 "http://download.jptranslate.com/" "Mozilla/4.0 (compatible; MSIE 6.0; Windows NT 5.1; .NET CLR 2.0.50727)"
117.40.132.10 - - [18/May/2012:10:39:14 +0800] "GET /music/moved200909/20090918.mp3 HTTP/1.1" 503 466 "http://download.jptranslate.com/" "Mozilla/4.0 (compatible; MSIE 6.0; Windows NT 5.1; .NET CLR 2.0.50727)"
117.40.132.10 - - [18/May/2012:10:39:12 +0800] "GET /music/moved200909/20090918.mp3 HTTP/1.1" 206 2183168 "http://download.jptranslate.com/" "Mozilla/4.0 (compatible; MSIE 6.0; Windows NT 5.1; .NET CLR 2.0.50727)"
117.40.132.10 - - [18/May/2012:10:39:12 +0800] "GET /music/moved200909/20090918.mp3 HTTP/1.1" 206 2248704 "http://download.jptranslate.com/" "Mozilla/4.0 (compatible; MSIE 6.0; Windows NT 5.1; .NET CLR 2.0.50727)"
117.40.132.10 - - [18/May/2012:10:39:11 +0800] "GET /music/moved200909/20090918.mp3 HTTP/1.1" 206 2314240 "http://download.jptranslate.com/" "Mozilla/4.0 (compatible; MSIE 6.0; Windows NT 5.1; .NET CLR 2.0.50727)"
117.40.132.10 - - [18/May/2012:10:39:10 +0800] "GET /music/moved200909/20090918.mp3 HTTP/1.1" 206 2379776 "http://download.jptranslate.com/" "Mozilla/4.0 (compatible; MSIE 6.0; Windows NT 5.1; .NET CLR 2.0.50727)"
117.40.132.10 - - [18/May/2012:10:39:14 +0800] "GET /music/moved200909/20090918.mp3 HTTP/1.1" 206 2117632 "http://download.jptranslate.com/" "Mozilla/4.0 (compatible; MSIE 6.0; Windows NT 5.1; .NET CLR 2.0.50727)"
117.40.132.10 - - [18/May/2012:10:39:16 +0800] "GET /music/moved200909/20090918.mp3 HTTP/1.1" 206 2969600 "http://download.jptranslate.com/" "Mozilla/4.0 (compatible; MSIE 6.0; Windows NT 5.1; .NET CLR 2.0.50727)"
117.40.132.10 - - [18/May/2012:10:39:18 +0800] "GET /music/moved200909/20090918.mp3 HTTP/1.1" 206 1855488 "http://download.jptranslate.com/" "Mozilla/4.0 (compatible; MSIE 6.0; Windows NT 5.1; .NET CLR 2.0.50727)"
117.40.132.10 - - [18/May/2012:10:39:18 +0800] "GET /music/moved200909/20090918.mp3 HTTP/1.1" 206 1134592 "http://download.jptranslate.com/" "Mozilla/4.0 (compatible; MSIE 6.0; Windows NT 5.1; .NET CLR 2.0.50727)"
117.40.132.10 - - [18/May/2012:10:39:18 +0800] "GET /music/moved200909/20090918.mp3 HTTP/1.1" 206 1069056 "http://download.jptranslate.com/" "Mozilla/4.0 (compatible; MSIE 6.0; Windows NT 5.1; .NET CLR 2.0.50727)"
117.40.132.10 - - [18/May/2012:10:39:18 +0800] "GET /music/moved200909/20090918.mp3 HTTP/1.1" 206 1003520 "http://download.jptranslate.com/" "Mozilla/4.0 (compatible; MSIE 6.0; Windows NT 5.1; .NET CLR 2.0.50727)"
117.40.132.10 - - [18/May/2012:10:39:19 +0800] "GET /music/moved200909/20090918.mp3 HTTP/1.1" 206 937984 "http://download.jptranslate.com/" "Mozilla/4.0 (compatible; MSIE 6.0; Windows NT 5.1; .NET CLR 2.0.50727)"
117.40.132.10 - - [18/May/2012:10:39:21 +0800] "GET /music/moved200909/20090918.mp3 HTTP/1.1" 206 1855488 "http://download.jptranslate.com/" "Mozilla/4.0 (compatible; MSIE 6.0; Windows NT 5.1; .NET CLR 2.0.50727)"
117.40.132.10 - - [18/May/2012:10:39:19 +0800] "GET /music/moved200909/20090918.mp3 HTTP/1.1" 206 1658880 "http://download.jptranslate.com/" "Mozilla/4.0 (compatible; MSIE 6.0; Windows NT 5.1; .NET CLR 2.0.50727)"
117.40.132.10 - - [18/May/2012:10:39:24 +0800] "GET /music/moved200909/20090918.mp3 HTTP/1.1" 503 466 "http://download.jptranslate.com/" "Mozilla/4.0 (compatible; MSIE 6.0; Windows NT 5.1; .NET CLR 2.0.50727)"
117.40.132.10 - - [18/May/2012:10:39:24 +0800] "GET /music/moved200909/20090918.mp3 HTTP/1.1" 503 466 "http://download.jptranslate.com/" "Mozilla/4.0 (compatible; MSIE 6.0; Windows NT 5.1; .NET CLR 2.0.50727)"
117.40.132.10 - - [18/May/2012:10:39:19 +0800] "GET /music/moved200909/20090918.mp3 HTTP/1.1" 206 1724416 "http://download.jptranslate.com/" "Mozilla/4.0 (compatible; MSIE 6.0; Windows NT 5.1; .NET CLR 2.0.50727)"
117.40.132.10 - - [18/May/2012:10:39:18 +0800] "GET /music/moved200909/20090918.mp3 HTTP/1.1" 206 1789952 "http://download.jptranslate.com/" "Mozilla/4.0 (compatible; MSIE 6.0; Windows NT 5.1; .NET CLR 2.0.50727)"
117.40.132.10 - - [18/May/2012:10:39:23 +0800] "GET /music/moved200909/20090918.mp3 HTTP/1.1" 206 1462272 "http://download.jptranslate.com/" "Mozilla/4.0 (compatible; MSIE 6.0; Windows NT 5.1; .NET CLR 2.0.50727)"
117.40.132.10 - - [18/May/2012:10:39:24 +0800] "GET /music/moved200909/20090918.mp3 HTTP/1.1" 206 1396736 "http://download.jptranslate.com/" "Mozilla/4.0 (compatible; MSIE 6.0; Windows NT 5.1; .NET CLR 2.0.50727)"
117.40.132.10 - - [18/May/2012:10:39:24 +0800] "GET /music/moved200909/20090918.mp3 HTTP/1.1" 206 1331200 "http://download.jptranslate.com/" "Mozilla/4.0 (compatible; MSIE 6.0; Windows NT 5.1; .NET CLR 2.0.50727)"
117.40.132.10 - - [18/May/2012:10:39:28 +0800] "GET /music/moved200909/20090918.mp3 HTTP/1.1" 206 1200128 "http://download.jptranslate.com/" "Mozilla/4.0 (compatible; MSIE 6.0; Windows NT 5.1; .NET CLR 2.0.50727)"
117.40.132.10 - - [18/May/2012:10:39:27 +0800] "GET /music/moved200909/20090918.mp3 HTTP/1.1" 206 1003520 "http://download.jptranslate.com/" "Mozilla/4.0 (compatible; MSIE 6.0; Windows NT 5.1; .NET CLR 2.0.50727)"
117.40.132.10 - - [18/May/2012:10:39:26 +0800] "GET /music/moved200909/20090918.mp3 HTTP/1.1" 206 1069056 "http://download.jptranslate.com/" "Mozilla/4.0 (compatible; MSIE 6.0; Windows NT 5.1; .NET CLR 2.0.50727)"
117.40.132.10 - - [18/May/2012:10:39:26 +0800] "GET /music/moved200909/20090918.mp3 HTTP/1.1" 206 1134592 "http://download.jptranslate.com/" "Mozilla/4.0 (compatible; MSIE 6.0; Windows NT 5.1; .NET CLR 2.0.50727)"
117.40.132.10 - - [18/May/2012:10:39:29 +0800] "GET /music/moved200909/20090918.mp3 HTTP/1.1" 206 479232 "http://download.jptranslate.com/" "Mozilla/4.0 (compatible; MSIE 6.0; Windows NT 5.1; .NET CLR 2.0.50727)"
117.40.132.10 - - [18/May/2012:10:39:32 +0800] "GET /music/moved200909/20090918.mp3 HTTP/1.1" 503 466 "http://download.jptranslate.com/" "Mozilla/4.0 (compatible; MSIE 6.0; Windows NT 5.1; .NET CLR 2.0.50727)"
117.40.132.10 - - [18/May/2012:10:39:32 +0800] "GET /music/moved200909/20090918.mp3 HTTP/1.1" 503 466 "http://download.jptranslate.com/" "Mozilla/4.0 (compatible; MSIE 6.0; Windows NT 5.1; .NET CLR 2.0.50727)"
117.40.132.10 - - [18/May/2012:10:39:29 +0800] "GET /music/moved200909/20090918.mp3 HTTP/1.1" 206 544768 "http://download.jptranslate.com/" "Mozilla/4.0 (compatible; MSIE 6.0; Windows NT 5.1; .NET CLR 2.0.50727)"
117.40.132.10 - - [18/May/2012:10:39:32 +0800] "GET /music/moved200909/20090918.mp3 HTTP/1.1" 503 466 "http://download.jptranslate.com/" "Mozilla/4.0 (compatible; MSIE 6.0; Windows NT 5.1; .NET CLR 2.0.50727)"
117.40.132.10 - - [18/May/2012:10:39:29 +0800] "GET /music/moved200909/20090918.mp3 HTTP/1.1" 206 348160 "http://download.jptranslate.com/" "Mozilla/4.0 (compatible; MSIE 6.0; Windows NT 5.1; .NET CLR 2.0.50727)"
117.40.132.10 - - [18/May/2012:10:39:29 +0800] "GET /music/moved200909/20090918.mp3 HTTP/1.1" 206 413696 "http://download.jptranslate.com/" "Mozilla/4.0 (compatible; MSIE 6.0; Windows NT 5.1; .NET CLR 2.0.50727)"
117.40.132.10 - - [18/May/2012:10:39:29 +0800] "GET /music/moved200909/20090918.mp3 HTTP/1.1" 206 282624 "http://download.jptranslate.com/" "Mozilla/4.0 (compatible; MSIE 6.0; Windows NT 5.1; .NET CLR 2.0.50727)"
117.40.132.10 - - [18/May/2012:10:39:32 +0800] "GET /music/moved200909/20090918.mp3 HTTP/1.1" 206 675840 "http://download.jptranslate.com/" "Mozilla/4.0 (compatible; MSIE 6.0; Windows NT 5.1; .NET CLR 2.0.50727)"
117.40.132.10 - - [18/May/2012:10:39:36 +0800] "GET /music/moved200909/20090918.mp3 HTTP/1.1" 206 806912 "http://download.jptranslate.com/" "Mozilla/4.0 (compatible; MSIE 6.0; Windows NT 5.1; .NET CLR 2.0.50727)"
117.40.132.10 - - [18/May/2012:10:39:36 +0800] "GET /music/moved200909/20090918.mp3 HTTP/1.1" 206 806912 "http://download.jptranslate.com/" "Mozilla/4.0 (compatible; MSIE 6.0; Windows NT 5.1; .NET CLR 2.0.50727)"
117.40.132.10 - - [18/May/2012:10:39:35 +0800] "GET /music/moved200909/20090918.mp3 HTTP/1.1" 206 872448 "http://download.jptranslate.com/" "Mozilla/4.0 (compatible; MSIE 6.0; Windows NT 5.1; .NET CLR 2.0.50727)"
117.40.132.10 - - [18/May/2012:10:39:35 +0800] "GET /music/moved200909/20090918.mp3 HTTP/1.1" 206 806912 "http://download.jptranslate.com/" "Mozilla/4.0 (compatible; MSIE 6.0; Windows NT 5.1; .NET CLR 2.0.50727)"
117.40.132.10 - - [18/May/2012:10:39:35 +0800] "GET /music/moved200909/20090918.mp3 HTTP/1.1" 206 741376 "http://download.jptranslate.com/" "Mozilla/4.0 (compatible; MSIE 6.0; Windows NT 5.1; .NET CLR 2.0.50727)"
38.107.179.233 - - [18/May/2012:10:38:05 +0800] "GET /2008-07/%d0%c2%b0%e6%b1%ea%d7%bc%c8%d5%b1%be%d3%ef%b9%e3%b2%a5%bd%b2%d7%f9%b3%f5%bc%b6%cf%c2%b2%e143%bf%ce-%cd%ea%bd%e1.rar HTTP/1.1" 200 72755526 "-" "CCBot/1.0 (+http://www.commoncrawl.org/bot.html)"
1.85.17.130 - - [18/May/2012:10:40:30 +0800] "GET /2008-07/\xb1\xea\xd7\xbc\xc8\xd5\xb1\xbe\xd3\xef\xd6\xd0\xbc\xb623-24.rmvb HTTP/1.1" 206 34041745 "http://download.jptranslate.com/2008-07/" "Mozilla/4.0 (compatible; MSIE 6.0; Windows NT 5.1; .NET CLR 2.0.50727; .NET CLR 3.0.04506.648; .NET CLR 3.5.21022; InfoPath.3; .NET CLR 3.0.4506.2152; .NET CLR 3.5.30729)"
1.85.17.130 - - [18/May/2012:10:40:57 +0800] "GET /2008-07/\xb1\xea\xd7\xbc\xc8\xd5\xb1\xbe\xd3\xef\xd6\xd0\xbc\xb623-24.rmvb HTTP/1.1" 206 34041745 "http://download.jptranslate.com/2008-07/" "Mozilla/4.0 (compatible; MSIE 6.0; Windows NT 5.1; .NET CLR 2.0.50727; .NET CLR 3.0.04506.648; .NET CLR 3.5.21022; InfoPath.3; .NET CLR 3.0.4506.2152; .NET CLR 3.5.30729)"
180.76.5.48 - - [18/May/2012:10:40:12 +0800] "GET /logs/?C=M;O=D HTTP/1.1" 200 1563 "-" "Mozilla/5.0 (compatible; Baiduspider/2.0; +http://www.baidu.com/search/spider.html)"
1.85.17.130 - - [18/May/2012:10:41:23 +0800] "GET /2008-07/\xb1\xea\xd7\xbc\xc8\xd5\xb1\xbe\xd3\xef\xd6\xd0\xbc\xb623-24.rmvb HTTP/1.1" 206 34041745 "http://download.jptranslate.com/2008-07/" "Mozilla/4.0 (compatible; MSIE 6.0; Windows NT 5.1; .NET CLR 2.0.50727; .NET CLR 3.0.04506.648; .NET CLR 3.5.21022; InfoPath.3; .NET CLR 3.0.4506.2152; .NET CLR 3.5.30729)"
1.85.17.130 - - [18/May/2012:10:41:03 +0800] "GET /2008-07/\xb1\xea\xd7\xbc\xc8\xd5\xb1\xbe\xd3\xef\xd6\xd0\xbc\xb623-24.rmvb HTTP/1.1" 206 34041745 "http://download.jptranslate.com/2008-07/" "Mozilla/4.0 (compatible; MSIE 6.0; Windows NT 5.1; .NET CLR 2.0.50727; .NET CLR 3.0.04506.648; .NET CLR 3.5.21022; InfoPath.3; .NET CLR 3.0.4506.2152; .NET CLR 3.5.30729)"
221.213.47.151 - - [18/May/2012:10:41:57 +0800] "GET /music/moved200909/20090921.mp3 HTTP/1.1" 200 4828683 "-" "Mozilla/4.0 (compatible; MSIE 5.00; Windows 98)"
123.157.246.6 - - [18/May/2012:10:41:03 +0800] "GET /music/moved200909/20090921.mp3 HTTP/1.1" 200 4828683 "-" "Mozilla/4.0 (compatible; MSIE 5.00; Windows 98)"
123.125.67.180 - - [18/May/2012:10:42:54 +0800] "GET /speaker_wv.swf HTTP/1.0" 200 2904 "-" "Mozilla/4.0 (compatible; MSIE 6.0; Windows NT 5.1; SV1)"
221.213.47.154 - - [18/May/2012:10:42:40 +0800] "GET /music/moved200909/20090921.mp3 HTTP/1.1" 200 4828683 "-" "Mozilla/4.0 (compatible; MSIE 5.00; Windows 98)"
14.158.201.86 - - [18/May/2012:10:42:44 +0800] "GET /music/moved200909/20090918.mp3 HTTP/1.1" 200 6246400 "-" "Mozilla/4.0 (compatible; MSIE 5.00; Windows 98)"
1.85.17.130 - - [18/May/2012:10:44:05 +0800] "GET /2008-07/\xb1\xea\xd7\xbc\xc8\xd5\xb1\xbe\xd3\xef\xd6\xd0\xbc\xb623-24.rmvb HTTP/1.1" 206 33074762 "http://download.jptranslate.com/2008-07/" "Mozilla/4.0 (compatible; MSIE 6.0; Windows NT 5.1; .NET CLR 2.0.50727; .NET CLR 3.0.04506.648; .NET CLR 3.5.21022; InfoPath.3; .NET CLR 3.0.4506.2152; .NET CLR 3.5.30729)"
1.85.17.130 - - [18/May/2012:10:44:56 +0800] "GET /2008-07/\xb1\xea\xd7\xbc\xc8\xd5\xb1\xbe\xd3\xef\xd6\xd0\xbc\xb623-24.rmvb HTTP/1.1" 206 32681546 "http://download.jptranslate.com/2008-07/" "Mozilla/4.0 (compatible; MSIE 6.0; Windows NT 5.1; .NET CLR 2.0.50727; .NET CLR 3.0.04506.648; .NET CLR 3.5.21022; InfoPath.3; .NET CLR 3.0.4506.2152; .NET CLR 3.5.30729)"
38.107.179.234 - - [18/May/2012:10:44:51 +0800] "GET /2008-07/%d0%c2%b0%e6%b1%ea%d7%bc%c8%d5%b1%be%d3%ef%b9%e3%b2%a5%bd%b2%d7%f9%b3%f5%bc%b613-18%bf%ce.rar HTTP/1.1" 200 303178486 "-" "CCBot/1.0 (+http://www.commoncrawl.org/bot.html)"
112.2.28.148 - - [18/May/2012:10:45:50 +0800] "GET /music/moved200909/20090925.mp3 HTTP/1.1" 200 4126639 "-" "Mozilla/4.0 (compatible; MSIE 5.00; Windows 98)"
1.85.17.130 - - [18/May/2012:10:44:12 +0800] "GET /2008-07/\xb1\xea\xd7\xbc\xc8\xd5\xb1\xbe\xd3\xef\xd6\xd0\xbc\xb623-24.rmvb HTTP/1.1" 206 32943690 "http://download.jptranslate.com/2008-07/" "Mozilla/4.0 (compatible; MSIE 6.0; Windows NT 5.1; .NET CLR 2.0.50727; .NET CLR 3.0.04506.648; .NET CLR 3.5.21022; InfoPath.3; .NET CLR 3.0.4506.2152; .NET CLR 3.5.30729)"
38.107.179.230 - - [18/May/2012:10:47:38 +0800] "GET /2008-07/%d0%c2%b0%e6%b1%ea%d7%bc%c8%d5%b1%be%d3%ef%b9%e3%b2%a5%bd%b2%d7%f9%b3%f5%bc%b619%bf%ce-%c9%cf%b2%e1%cd%ea.rar HTTP/1.1" 200 300648324 "-" "CCBot/1.0 (+http://www.commoncrawl.org/bot.html)"
220.181.51.156 - - [18/May/2012:10:48:10 +0800] "GET /music/moved200909/20090911.mp3 HTTP/1.0" 200 6916096 "-" "NSPlayer/10.0.0.4072 WMFSDK/10.0"
60.16.109.196 - - [18/May/2012:10:47:14 +0800] "GET /music/moved200909/20090914.mp3 HTTP/1.1" 206 6635533 "http://user.qzone.qq.com/344403050/infocenter" "Mozilla/5.0 (Windows NT 5.1) AppleWebKit/535.11 (KHTML, like Gecko) Chrome/17.0.963.83 Safari/535.11 QIHU 360EE"
38.107.179.231 - - [18/May/2012:10:50:07 +0800] "GET /2008-07/%d0%c2%b0%e6%d6%d0%c8%d5%bd%bb%c1%f7%b1%ea%d7%bc%c8%d5%b1%be%d3%ef%b9%e3%b2%a5%bd%b2%d7%f97-12%bf%ce.rar HTTP/1.1" 200 50191022 "-" "CCBot/1.0 (+http://www.commoncrawl.org/bot.html)"
27.147.43.27 - - [18/May/2012:10:51:48 +0800] "GET /music/moved200909/20090909.mp3 HTTP/1.1" 200 4650675 "-" "Mozilla/4.0 (compatible; MSIE 6.0; Windows NT 5.1)"
27.147.43.27 - - [18/May/2012:10:51:48 +0800] "GET /music/moved200909/20090909.mp3 HTTP/1.1" 200 4650675 "-" "Mozilla/4.0 (compatible; MSIE 6.0; Windows NT 5.1)"
182.136.226.221 - - [18/May/2012:10:53:48 +0800] "GET /music/moved200910/20091016.mp3 HTTP/1.1" 404 371 "-" "Mozilla/4.0 (compatible; MSIE 5.00; Windows 98)"
182.136.226.221 - - [18/May/2012:10:53:51 +0800] "GET /music/moved200910/20091016.mp3 HTTP/1.1" 404 371 "-" "Mozilla/4.0 (compatible; MSIE 5.00; Windows 98)"
182.136.226.221 - - [18/May/2012:10:53:52 +0800] "GET /music/moved200910/20091016.mp3 HTTP/1.1" 404 371 "-" "Mozilla/4.0 (compatible; MSIE 5.00; Windows 98)"
182.136.226.221 - - [18/May/2012:10:53:55 +0800] "GET /music/moved200910/20091016.mp3 HTTP/1.1" 404 371 "-" "Mozilla/4.0 (compatible; MSIE 5.00; Windows 98)"
38.107.179.232 - - [18/May/2012:10:53:39 +0800] "GET /2008-07/%d0%c2%b1%e0%c8%d5%d3%ef%a3%a8%d2%bb%a1%a2%b6%fe%b2%e1%a3%a9%d1%a7%cf%b0%b2%ce%bf%bc%bf%ce%ce%c4%b7%ad%d2%eb%d3%eb%c1%b7%cf%b0%b4%f0.rar HTTP/1.1" 200 8837450 "-" "CCBot/1.0 (+http://www.commoncrawl.org/bot.html)"
183.63.5.206 - - [18/May/2012:10:38:29 +0800] "GET /music/moved200909/20090914.mp3 HTTP/1.1" 206 6635533 "http://user.qzone.qq.com/770903711/blog/1337251677" "Mozilla/5.0 (Windows NT 5.1) AppleWebKit/535.11 (KHTML, like Gecko) Chrome/17.0.963.83 Safari/535.11 QIHU 360EE"
183.12.217.250 - - [18/May/2012:10:54:27 +0800] "GET /music/moved200909/20090918.mp3 HTTP/1.1" 200 6246400 "-" "NSPlayer/10.0.0.4078 WMFSDK/10.0"
27.147.43.27 - - [18/May/2012:10:55:48 +0800] "GET /music/moved200909/20090909.mp3 HTTP/1.1" 200 4650675 "-" "Mozilla/4.0 (compatible; MSIE 6.0; Windows NT 5.1)"
27.147.43.27 - - [18/May/2012:10:55:49 +0800] "GET /music/moved200909/20090909.mp3 HTTP/1.1" 200 4650675 "-" "Mozilla/4.0 (compatible; MSIE 6.0; Windows NT 5.1)"
27.147.43.27 - - [18/May/2012:10:55:49 +0800] "GET /music/moved200909/20090909.mp3 HTTP/1.1" 206 3167984 "-" "Mozilla/4.0 (compatible; MSIE 6.0; Windows NT 5.1)"
38.107.179.233 - - [18/May/2012:10:55:24 +0800] "GET /2008-07/%d0%c2%b1%e0%c8%d5%d3%ef%be%e4%d0%cd.rar HTTP/1.1" 200 9628212 "-" "CCBot/1.0 (+http://www.commoncrawl.org/bot.html)"
123.163.165.108 - - [18/May/2012:10:54:16 +0800] "GET /music/moved200909/20090909.mp3 HTTP/1.1" 200 4650675 "-" "Mozilla/4.0 (compatible; MSIE 5.00; Windows 98)"
183.146.86.147 - - [18/May/2012:11:01:35 +0800] "GET /music/moved200909/20090921.mp3 HTTP/1.1" 200 4828683 "-" "Mozilla/4.0 (compatible; MSIE 5.00; Windows 98)"
38.107.179.234 - - [18/May/2012:11:02:06 +0800] "GET /2008-07/%d0%c2%b1%e0%c8%d5%d3%ef%d2%bb%d6%c1%cb%c4%b2%e1%b1%ca%bc%c7ppt.rar HTTP/1.1" 200 39608169 "-" "CCBot/1.0 (+http://www.commoncrawl.org/bot.html)"
38.107.179.230 - - [18/May/2012:11:03:11 +0800] "GET /2008-07/%d0%c2%b1%e0%c8%d5%d3%ef%d3%ef%b7%a8%bd%cc%b3%cc.rar HTTP/1.1" 200 8628571 "-" "CCBot/1.0 (+http://www.commoncrawl.org/bot.html)"
220.181.51.217 - - [18/May/2012:11:03:24 +0800] "GET /music/moved200909/20090930.mp3? HTTP/1.0" 200 4239744 "-" "NSPlayer/10.0.0.4072 WMFSDK/10.0"
38.107.179.231 - - [18/May/2012:11:06:24 +0800] "GET /2008-07/%d0%c2%b1%e0%c8%d5%d3%ef1-4%b2%e1%ce%c4%b1%be.rar HTTP/1.1" 200 25063484 "-" "CCBot/1.0 (+http://www.commoncrawl.org/bot.html)"
61.135.190.86 - - [18/May/2012:11:06:58 +0800] "GET /music/moved200909/20090930.mp3? HTTP/1.0" 200 4239744 "-" "NSPlayer/10.0.0.4072 WMFSDK/10.0"
38.107.179.232 - - [18/May/2012:11:07:37 +0800] "GET /2008-07/%d0%c2%b1%e0%cb%d9%b3%c9%c8%d5%d3%ef.rar HTTP/1.1" 200 9531495 "-" "CCBot/1.0 (+http://www.commoncrawl.org/bot.html)"
220.170.193.22 - - [18/May/2012:11:07:10 +0800] "GET /music/moved200909/20090918.mp3 HTTP/1.1" 200 6246400 "-" "Mozilla/4.0 (compatible; MSIE 5.00; Windows 98)"
221.12.173.226 - - [18/May/2012:11:08:50 +0800] "GET /music/moved200909/20090918.mp3 HTTP/1.1" 200 6246400 "-" "NSPlayer/11.0.5721.5275 WMFSDK/11.0"
58.213.51.42 - - [18/May/2012:11:09:09 +0800] "GET /music/moved200909/20090921.mp3 HTTP/1.1" 200 4828683 "-" "Mozilla/4.0 (compatible; MSIE 5.00; Windows 98)"
38.107.179.233 - - [18/May/2012:11:09:12 +0800] "GET /2008-07/%d0%c2%c8%d5%b1%be%d3%ef%d3%ef%b7%a8%c9%cf%cf%c2%b2%e1.rar HTTP/1.1" 200 25938897 "-" "CCBot/1.0 (+http://www.commoncrawl.org/bot.html)"
112.91.131.91 - - [18/May/2012:11:11:46 +0800] "GET /music/moved200909/20090928.mp3 HTTP/1.1" 200 7606325 "-" "Mozilla/4.0 (compatible; MSIE 5.00; Windows 98)"
120.192.185.145 - - [18/May/2012:11:11:51 +0800] "GET /music/moved200909/20090918.mp3 HTTP/1.1" 200 6246400 "-" "Mozilla/4.0 (compatible; MSIE 5.00; Windows 98)"
218.206.128.243 - - [18/May/2012:11:12:22 +0800] "GET /music/moved200909/20090918.mp3 HTTP/1.1" 206 5121 "-" "curl/7.15.5 (i686-suse-linux-gnu) libcurl/7.15.5 OpenSSL/0.9.8d zlib/1.2.3 libidn/0.6.8"
123.62.6.18 - - [18/May/2012:11:12:22 +0800] "GET /music/moved200909/20090918.mp3 HTTP/1.0" 200 6246400 "" "curl/7.15.5 (i686-suse-linux-gnu) libcurl/7.15.5 OpenSSL/0.9.8d zlib/1.2.3 libidn/0.6.8"
221.12.173.226 - - [18/May/2012:11:12:26 +0800] "GET /music/moved200909/20090918.mp3 HTTP/1.1" 304 - "-" "NSPlayer/11.0.5721.5275 WMFSDK/11.0"
123.125.67.180 - - [18/May/2012:11:13:04 +0800] "GET /speaker_wv.swf HTTP/1.0" 200 2904 "-" "Mozilla/4.0 (compatible; MSIE 6.0; Windows NT 5.1; SV1)"
119.128.185.168 - - [18/May/2012:11:12:29 +0800] "GET /music/moved200909/20090914.mp3 HTTP/1.1" 200 6635533 "-" "Mozilla/4.0 (compatible; MSIE 5.00; Windows 98)"
180.174.38.253 - - [18/May/2012:11:14:18 +0800] "GET /music/moved200909/20090916.mp3 HTTP/1.1" 206 25 "download.jptranslate.com/music/moved200909" "Mozilla/5.0 (iPhone; U; CPU iPhone OS 3_0 like Mac OS X; en-us) AppleWebKit/525.181 (KHTML, like Gecko) Version/3.1.1 Mobile/5H11 Safari/525.20"
180.174.38.253 - - [18/May/2012:11:13:29 +0800] "GET /music/moved200909/20090916.mp3 HTTP/1.1" 200 6705864 "download.jptranslate.com" "QQMusicPad/2.4.08 CFNetwork/548.1.4 Darwin/11.0.0"
180.174.38.253 - - [18/May/2012:11:14:19 +0800] "GET /music/moved200909/20090916.mp3 HTTP/1.1" 206 1048577 "download.jptranslate.com/music/moved200909" "Mozilla/5.0 (iPhone; U; CPU iPhone OS 3_0 like Mac OS X; en-us) AppleWebKit/525.181 (KHTML, like Gecko) Version/3.1.1 Mobile/5H11 Safari/525.20"
180.174.38.253 - - [18/May/2012:11:14:34 +0800] "GET /music/moved200909/20090916.mp3 HTTP/1.1" 206 1048577 "download.jptranslate.com/music/moved200909" "Mozilla/5.0 (iPhone; U; CPU iPhone OS 3_0 like Mac OS X; en-us) AppleWebKit/525.181 (KHTML, like Gecko) Version/3.1.1 Mobile/5H11 Safari/525.20"
110.86.209.119 - - [18/May/2012:11:13:25 +0800] "GET /music/moved200909/20090921.mp3 HTTP/1.1" 200 4828683 "-" "Mozilla/4.0 (compatible; MSIE 5.00; Windows 98)"
180.174.38.253 - - [18/May/2012:11:14:48 +0800] "GET /music/moved200909/20090916.mp3 HTTP/1.1" 206 1048577 "download.jptranslate.com/music/moved200909" "Mozilla/5.0 (iPhone; U; CPU iPhone OS 3_0 like Mac OS X; en-us) AppleWebKit/525.181 (KHTML, like Gecko) Version/3.1.1 Mobile/5H11 Safari/525.20"
221.206.36.29 - - [18/May/2012:11:14:59 +0800] "GET /music/moved200909/20090921.mp3 HTTP/1.1" 200 4828683 "-" "Mozilla/4.0 (compatible; MSIE 5.00; Windows 98)"
120.192.185.146 - - [18/May/2012:11:11:51 +0800] "GET /music/moved200909/20090918.mp3 HTTP/1.1" 200 6246400 "-" "Mozilla/4.0 (compatible; MSIE 5.00; Windows 98)"
180.174.38.253 - - [18/May/2012:11:15:05 +0800] "GET /music/moved200909/20090916.mp3 HTTP/1.1" 206 1048577 "download.jptranslate.com/music/moved200909" "Mozilla/5.0 (iPhone; U; CPU iPhone OS 3_0 like Mac OS X; en-us) AppleWebKit/525.181 (KHTML, like Gecko) Version/3.1.1 Mobile/5H11 Safari/525.20"
180.174.38.253 - - [18/May/2012:11:15:15 +0800] "GET /music/moved200909/20090916.mp3 HTTP/1.1" 206 1048577 "download.jptranslate.com/music/moved200909" "Mozilla/5.0 (iPhone; U; CPU iPhone OS 3_0 like Mac OS X; en-us) AppleWebKit/525.181 (KHTML, like Gecko) Version/3.1.1 Mobile/5H11 Safari/525.20"
180.174.38.253 - - [18/May/2012:11:15:22 +0800] "GET /music/moved200909/20090916.mp3 HTTP/1.1" 206 1048577 "download.jptranslate.com/music/moved200909" "Mozilla/5.0 (iPhone; U; CPU iPhone OS 3_0 like Mac OS X; en-us) AppleWebKit/525.181 (KHTML, like Gecko) Version/3.1.1 Mobile/5H11 Safari/525.20"
180.174.38.253 - - [18/May/2012:11:15:31 +0800] "GET /music/moved200909/20090916.mp3 HTTP/1.1" 206 414377 "download.jptranslate.com/music/moved200909" "Mozilla/5.0 (iPhone; U; CPU iPhone OS 3_0 like Mac OS X; en-us) AppleWebKit/525.181 (KHTML, like Gecko) Version/3.1.1 Mobile/5H11 Safari/525.20"
110.86.209.119 - - [18/May/2012:11:15:29 +0800] "GET /music/moved200909/20090921.mp3 HTTP/1.1" 200 4828683 "-" "Mozilla/4.0 (compatible; MSIE 5.00; Windows 98)"
220.181.51.158 - - [18/May/2012:11:18:18 +0800] "GET /music/moved200909/20090911.mp3 HTTP/1.0" 200 6916096 "-" "NSPlayer/10.0.0.4072 WMFSDK/10.0"
38.107.179.234 - - [18/May/2012:11:18:18 +0800] "GET /2008-07/%d0%c2%c8%d5%b1%be%d3%ef.rar HTTP/1.1" 200 28942092 "-" "CCBot/1.0 (+http://www.commoncrawl.org/bot.html)"
221.12.173.226 - - [18/May/2012:11:19:01 +0800] "GET /music/moved200909/20090918.mp3 HTTP/1.1" 304 - "-" "NSPlayer/11.0.5721.5275 WMFSDK/11.0"
116.11.15.161 - - [18/May/2012:11:19:41 +0800] "GET /music/moved200910/20091016.mp3 HTTP/1.1" 404 371 "-" "Mozilla/4.0 (compatible; MSIE 5.00; Windows 98)"
116.11.15.161 - - [18/May/2012:11:19:42 +0800] "GET /music/moved200910/20091016.mp3 HTTP/1.1" 404 371 "-" "Mozilla/4.0 (compatible; MSIE 5.00; Windows 98)"
116.11.15.161 - - [18/May/2012:11:19:52 +0800] "GET /music/moved200910/20091016.mp3 HTTP/1.1" 404 371 "-" "Mozilla/4.0 (compatible; MSIE 5.00; Windows 98)"
116.11.15.161 - - [18/May/2012:11:19:52 +0800] "GET /music/moved200910/20091016.mp3 HTTP/1.1" 404 371 "-" "Mozilla/4.0 (compatible; MSIE 5.00; Windows 98)"
121.10.137.28 - - [18/May/2012:11:19:57 +0800] "GET /music/moved200909/20090909.mp3 HTTP/1.1" 200 4650675 "-" "Mozilla/4.0 (compatible; MSIE 7.0; Windows NT 5.1; .NET CLR 2.0.50727; Maxthon 2.0)"
38.107.179.230 - - [18/May/2012:11:19:51 +0800] "GET /2008-07/%d0%c2%c8%d5%d3%ef%bb%f9%b4%a1%bd%cc%b3%cc%a3%a82%a3%a9%d1%a7%cf%b0%b8%a8%b5%bc%d3%c3%ca%e9.rar HTTP/1.1" 200 3894597 "-" "CCBot/1.0 (+http://www.commoncrawl.org/bot.html)"
14.158.201.86 - - [18/May/2012:11:19:29 +0800] "GET /music/moved200909/20090918.mp3 HTTP/1.1" 200 6246400 "-" "Mozilla/4.0 (compatible; MSIE 5.00; Windows 98)"
110.86.209.119 - - [18/May/2012:11:20:45 +0800] "GET /music/moved200909/20090921.mp3 HTTP/1.1" 200 4828683 "-" "Mozilla/4.0 (compatible; MSIE 5.00; Windows 98)"
222.214.169.238 - - [18/May/2012:11:17:22 +0800] "GET /music/moved200909/20090909.mp3 HTTP/1.1" 206 4650675 "download.jptranslate.com" "QQ\xe9\x9f\xb3\xe4\xb9\x90 2.5.1 (iPhone; iPhone OS 5.1.1; zh_CN)"
80.83.239.8 - - [18/May/2012:11:21:56 +0800] "GET /music/moved200909/20090909.mp3 HTTP/1.1" 304 - "-" "NSPlayer/11.0.5721.5275 WMFSDK/11.0"
80.83.239.8 - - [18/May/2012:11:22:00 +0800] "GET /music/moved200909/20090909.smi HTTP/1.1" 404 371 "http://user.qzone.qq.com/110993945/infocenter?qz_referrer=qqgroup&groupid=146890562" "Windows-Media-Player/11.0.5721.5280"
111.13.8.109 - - [18/May/2012:11:22:02 +0800] "GET /2008-07/04.rm HTTP/1.0" 200 69914738 "http://download.jptranslate.com/2008-07/" "Mozilla/4.0"
38.107.179.231 - - [18/May/2012:11:24:00 +0800] "GET /2008-07/%d0%c2%c8%d5%d3%ef%bb%f9%b4%a1%bd%cc%b3%cc%b1%ea%d7%bc%cf%b0%cc%e2%bc%af.rar HTTP/1.1" 200 2937673 "-" "CCBot/1.0 (+http://www.commoncrawl.org/bot.html)"
111.174.237.67 - - [18/May/2012:11:23:21 +0800] "GET /music/moved200909/20090914.mp3 HTTP/1.1" 200 6635533 "-" "Mozilla/4.0 (compatible; MSIE 5.00; Windows 98)"
38.107.179.232 - - [18/May/2012:11:25:31 +0800] "GET /2008-07/%d0%c2%c8%d5%d3%ef%bb%f9%b4%a1%bd%cc%b3%cc.rar HTTP/1.1" 200 20303653 "-" "CCBot/1.0 (+http://www.commoncrawl.org/bot.html)"
38.107.179.233 - - [18/May/2012:11:26:29 +0800] "GET /2008-07/%d0%c2%ca%c0%bc%cd%b4%f3%d1%a7%c8%d5%d3%ef%b5%da%d2%bb%b2%e1MP3.rar HTTP/1.1" 200 102795429 "-" "CCBot/1.0 (+http://www.commoncrawl.org/bot.html)"
121.10.137.28 - - [18/May/2012:11:28:29 +0800] "GET /music/moved200909/20090921.mp3 HTTP/1.1" 200 4828683 "-" "Mozilla/4.0 (compatible; MSIE 7.0; Windows NT 5.1; .NET CLR 2.0.50727; Maxthon 2.0)"
1.85.17.130 - - [18/May/2012:11:28:40 +0800] "GET /2008-07/\xb1\xea\xd7\xbc\xc8\xd5\xb1\xbe\xd3\xef\xd6\xd0\xbc\xb647-48.rmvb HTTP/1.1" 206 55256550 "http://download.jptranslate.com/2008-07/" "Mozilla/4.0 (compatible; MSIE 6.0; Windows NT 5.1; .NET CLR 2.0.50727; .NET CLR 3.0.04506.648; .NET CLR 3.5.21022; InfoPath.3; .NET CLR 3.0.4506.2152; .NET CLR 3.5.30729)"
1.85.17.130 - - [18/May/2012:11:30:14 +0800] "GET /2008-07/\xb1\xea\xd7\xbc\xc8\xd5\xb1\xbe\xd3\xef\xd6\xd0\xbc\xb647-48.rmvb HTTP/1.1" 206 13837798 "http://download.jptranslate.com/2008-07/" "Mozilla/4.0 (compatible; MSIE 6.0; Windows NT 5.1; .NET CLR 2.0.50727; .NET CLR 3.0.04506.648; .NET CLR 3.5.21022; InfoPath.3; .NET CLR 3.0.4506.2152; .NET CLR 3.5.30729)"
1.85.17.130 - - [18/May/2012:11:30:31 +0800] "GET /2008-07/\xb1\xea\xd7\xbc\xc8\xd5\xb1\xbe\xd3\xef\xd6\xd0\xbc\xb647-48.rmvb HTTP/1.1" 206 18032102 "http://download.jptranslate.com/2008-07/" "Mozilla/4.0 (compatible; MSIE 6.0; Windows NT 5.1; .NET CLR 2.0.50727; .NET CLR 3.0.04506.648; .NET CLR 3.5.21022; InfoPath.3; .NET CLR 3.0.4506.2152; .NET CLR 3.5.30729)"
1.85.17.130 - - [18/May/2012:11:30:10 +0800] "GET /2008-07/\xb1\xea\xd7\xbc\xc8\xd5\xb1\xbe\xd3\xef\xd6\xd0\xbc\xb647-48.rmvb HTTP/1.1" 206 41362918 "http://download.jptranslate.com/2008-07/" "Mozilla/4.0 (compatible; MSIE 6.0; Windows NT 5.1; .NET CLR 2.0.50727; .NET CLR 3.0.04506.648; .NET CLR 3.5.21022; InfoPath.3; .NET CLR 3.0.4506.2152; .NET CLR 3.5.30729)"
1.85.17.130 - - [18/May/2012:11:30:16 +0800] "GET /2008-07/\xb1\xea\xd7\xbc\xc8\xd5\xb1\xbe\xd3\xef\xd6\xd0\xbc\xb647-48.rmvb HTTP/1.1" 206 10298854 "http://download.jptranslate.com/2008-07/" "Mozilla/4.0 (compatible; MSIE 6.0; Windows NT 5.1; .NET CLR 2.0.50727; .NET CLR 3.0.04506.648; .NET CLR 3.5.21022; InfoPath.3; .NET CLR 3.0.4506.2152; .NET CLR 3.5.30729)"
1.85.17.130 - - [18/May/2012:11:31:22 +0800] "GET /2008-07/\xb1\xea\xd7\xbc\xc8\xd5\xb1\xbe\xd3\xef\xd6\xd0\xbc\xb647-48.rmvb HTTP/1.1" 503 466 "http://download.jptranslate.com/2008-07/" "Mozilla/4.0 (compatible; MSIE 6.0; Windows NT 5.1; .NET CLR 2.0.50727; .NET CLR 3.0.04506.648; .NET CLR 3.5.21022; InfoPath.3; .NET CLR 3.0.4506.2152; .NET CLR 3.5.30729)"
1.85.17.130 - - [18/May/2012:11:31:25 +0800] "GET /2008-07/\xb1\xea\xd7\xbc\xc8\xd5\xb1\xbe\xd3\xef\xd6\xd0\xbc\xb649-50.rmvb HTTP/1.1" 503 466 "http://download.jptranslate.com/2008-07/" "Mozilla/4.0 (compatible; MSIE 6.0; Windows NT 5.1; .NET CLR 2.0.50727; .NET CLR 3.0.04506.648; .NET CLR 3.5.21022; InfoPath.3; .NET CLR 3.0.4506.2152; .NET CLR 3.5.30729)"
1.85.17.130 - - [18/May/2012:11:31:10 +0800] "GET /2008-07/\xb1\xea\xd7\xbc\xc8\xd5\xb1\xbe\xd3\xef\xd6\xd0\xbc\xb647-48.rmvb HTTP/1.1" 206 55125478 "http://download.jptranslate.com/2008-07/" "Mozilla/4.0 (compatible; MSIE 6.0; Windows NT 5.1; .NET CLR 2.0.50727; .NET CLR 3.0.04506.648; .NET CLR 3.5.21022; InfoPath.3; .NET CLR 3.0.4506.2152; .NET CLR 3.5.30729)"
1.85.17.130 - - [18/May/2012:11:31:15 +0800] "GET /2008-07/\xb1\xea\xd7\xbc\xc8\xd5\xb1\xbe\xd3\xef\xd6\xd0\xbc\xb647-48.rmvb HTTP/1.1" 206 54994406 "http://download.jptranslate.com/2008-07/" "Mozilla/4.0 (compatible; MSIE 6.0; Windows NT 5.1; .NET CLR 2.0.50727; .NET CLR 3.0.04506.648; .NET CLR 3.5.21022; InfoPath.3; .NET CLR 3.0.4506.2152; .NET CLR 3.5.30729)"
1.85.17.130 - - [18/May/2012:11:31:44 +0800] "GET /2008-07/\xb1\xea\xd7\xbc\xc8\xd5\xb1\xbe\xd3\xef\xd6\xd0\xbc\xb647-48.rmvb HTTP/1.1" 503 466 "http://download.jptranslate.com/2008-07/" "Mozilla/4.0 (compatible; MSIE 6.0; Windows NT 5.1; .NET CLR 2.0.50727; .NET CLR 3.0.04506.648; .NET CLR 3.5.21022; InfoPath.3; .NET CLR 3.0.4506.2152; .NET CLR 3.5.30729)"
1.85.17.130 - - [18/May/2012:11:31:46 +0800] "GET /2008-07/\xb1\xea\xd7\xbc\xc8\xd5\xb1\xbe\xd3\xef\xd6\xd0\xbc\xb647-48.rmvb HTTP/1.1" 503 466 "http://download.jptranslate.com/2008-07/" "Mozilla/4.0 (compatible; MSIE 6.0; Windows NT 5.1; .NET CLR 2.0.50727; .NET CLR 3.0.04506.648; .NET CLR 3.5.21022; InfoPath.3; .NET CLR 3.0.4506.2152; .NET CLR 3.5.30729)"
1.85.17.130 - - [18/May/2012:11:31:52 +0800] "GET /2008-07/\xb1\xea\xd7\xbc\xc8\xd5\xb1\xbe\xd3\xef\xd6\xd0\xbc\xb649-50.rmvb HTTP/1.1" 503 466 "http://download.jptranslate.com/2008-07/" "Mozilla/4.0 (compatible; MSIE 6.0; Windows NT 5.1; .NET CLR 2.0.50727; .NET CLR 3.0.04506.648; .NET CLR 3.5.21022; InfoPath.3; .NET CLR 3.0.4506.2152; .NET CLR 3.5.30729)"
218.23.214.91 - - [18/May/2012:11:31:00 +0800] "GET /music/moved200909/20090918.mp3 HTTP/1.1" 200 6246400 "-" "Mozilla/4.0 (compatible; MSIE 5.00; Windows 98)"
1.85.17.130 - - [18/May/2012:11:31:55 +0800] "GET /2008-07/\xb1\xea\xd7\xbc\xc8\xd5\xb1\xbe\xd3\xef\xd6\xd0\xbc\xb649-50.rmvb HTTP/1.1" 503 466 "http://download.jptranslate.com/2008-07/" "Mozilla/4.0 (compatible; MSIE 6.0; Windows NT 5.1; .NET CLR 2.0.50727; .NET CLR 3.0.04506.648; .NET CLR 3.5.21022; InfoPath.3; .NET CLR 3.0.4506.2152; .NET CLR 3.5.30729)"
1.85.17.130 - - [18/May/2012:11:31:38 +0800] "GET /2008-07/\xb1\xea\xd7\xbc\xc8\xd5\xb1\xbe\xd3\xef\xd6\xd0\xbc\xb647-48.rmvb HTTP/1.1" 206 10036710 "http://download.jptranslate.com/2008-07/" "Mozilla/4.0 (compatible; MSIE 6.0; Windows NT 5.1; .NET CLR 2.0.50727; .NET CLR 3.0.04506.648; .NET CLR 3.5.21022; InfoPath.3; .NET CLR 3.0.4506.2152; .NET CLR 3.5.30729)"
1.85.17.130 - - [18/May/2012:11:31:43 +0800] "GET /2008-07/\xb1\xea\xd7\xbc\xc8\xd5\xb1\xbe\xd3\xef\xd6\xd0\xbc\xb647-48.rmvb HTTP/1.1" 206 35464678 "http://download.jptranslate.com/2008-07/" "Mozilla/4.0 (compatible; MSIE 6.0; Windows NT 5.1; .NET CLR 2.0.50727; .NET CLR 3.0.04506.648; .NET CLR 3.5.21022; InfoPath.3; .NET CLR 3.0.4506.2152; .NET CLR 3.5.30729)"
1.85.17.130 - - [18/May/2012:11:32:04 +0800] "GET /2008-07/\xb1\xea\xd7\xbc\xc8\xd5\xb1\xbe\xd3\xef\xd6\xd0\xbc\xb647-48.rmvb HTTP/1.1" 206 9905638 "http://download.jptranslate.com/2008-07/" "Mozilla/4.0 (compatible; MSIE 6.0; Windows NT 5.1; .NET CLR 2.0.50727; .NET CLR 3.0.04506.648; .NET CLR 3.5.21022; InfoPath.3; .NET CLR 3.0.4506.2152; .NET CLR 3.5.30729)"
1.85.17.130 - - [18/May/2012:11:31:09 +0800] "GET /2008-07/\xb1\xea\xd7\xbc\xc8\xd5\xb1\xbe\xd3\xef\xd6\xd0\xbc\xb647-48.rmvb HTTP/1.1" 206 55125478 "http://download.jptranslate.com/2008-07/" "Mozilla/4.0 (compatible; MSIE 6.0; Windows NT 5.1; .NET CLR 2.0.50727; .NET CLR 3.0.04506.648; .NET CLR 3.5.21022; InfoPath.3; .NET CLR 3.0.4506.2152; .NET CLR 3.5.30729)"
1.85.17.130 - - [18/May/2012:11:33:26 +0800] "GET /2008-07/\xb1\xea\xd7\xbc\xc8\xd5\xb1\xbe\xd3\xef\xd6\xd0\xbc\xb647-48.rmvb HTTP/1.1" 503 466 "http://download.jptranslate.com/2008-07/" "Mozilla/4.0 (compatible; MSIE 6.0; Windows NT 5.1; .NET CLR 2.0.50727; .NET CLR 3.0.04506.648; .NET CLR 3.5.21022; InfoPath.3; .NET CLR 3.0.4506.2152; .NET CLR 3.5.30729)"
220.181.51.217 - - [18/May/2012:11:33:27 +0800] "GET /music/moved200909/20090930.mp3? HTTP/1.0" 200 4239744 "-" "NSPlayer/10.0.0.4072 WMFSDK/10.0"
1.85.17.130 - - [18/May/2012:11:33:23 +0800] "GET /2008-07/\xb1\xea\xd7\xbc\xc8\xd5\xb1\xbe\xd3\xef\xd6\xd0\xbc\xb647-48.rmvb HTTP/1.1" 206 29435366 "http://download.jptranslate.com/2008-07/" "Mozilla/4.0 (compatible; MSIE 6.0; Windows NT 5.1; .NET CLR 2.0.50727; .NET CLR 3.0.04506.648; .NET CLR 3.5.21022; InfoPath.3; .NET CLR 3.0.4506.2152; .NET CLR 3.5.30729)"
125.72.29.138 - - [18/May/2012:11:33:23 +0800] "GET /music/moved200909/20090914.mp3 HTTP/1.1" 200 6635533 "-" "Mozilla/4.0 (compatible; MSIE 5.00; Windows 98)"
1.85.17.130 - - [18/May/2012:11:30:33 +0800] "GET /2008-07/\xb1\xea\xd7\xbc\xc8\xd5\xb1\xbe\xd3\xef\xd6\xd0\xbc\xb647-48.rmvb HTTP/1.1" 206 23930342 "http://download.jptranslate.com/2008-07/" "Mozilla/4.0 (compatible; MSIE 6.0; Windows NT 5.1; .NET CLR 2.0.50727; .NET CLR 3.0.04506.648; .NET CLR 3.5.21022; InfoPath.3; .NET CLR 3.0.4506.2152; .NET CLR 3.5.30729)"
38.107.179.234 - - [18/May/2012:11:33:34 +0800] "GET /2008-07/%d0%c2%ca%c0%bc%cd%c8%d5%b1%be%d3%ef%bd%cc%b3%ccmp3.rar HTTP/1.1" 200 126870118 "-" "CCBot/1.0 (+http://www.commoncrawl.org/bot.html)"
118.251.43.251 - - [18/May/2012:11:34:40 +0800] "GET /music/moved200909/20090918.mp3 HTTP/1.1" 200 6246400 "http://download.jptranslate.com/" "Mozilla/4.0 (compatible; MSIE 6.0; Windows NT 5.1)"
1.85.17.130 - - [18/May/2012:11:31:08 +0800] "GET /2008-07/\xb1\xea\xd7\xbc\xc8\xd5\xb1\xbe\xd3\xef\xd6\xd0\xbc\xb647-48.rmvb HTTP/1.1" 206 29697510 "http://download.jptranslate.com/2008-07/" "Mozilla/4.0 (compatible; MSIE 6.0; Windows NT 5.1; .NET CLR 2.0.50727; .NET CLR 3.0.04506.648; .NET CLR 3.5.21022; InfoPath.3; .NET CLR 3.0.4506.2152; .NET CLR 3.5.30729)"
1.85.17.130 - - [18/May/2012:11:33:21 +0800] "GET /2008-07/\xb1\xea\xd7\xbc\xc8\xd5\xb1\xbe\xd3\xef\xd6\xd0\xbc\xb647-48.rmvb HTTP/1.1" 206 15148518 "http://download.jptranslate.com/2008-07/" "Mozilla/4.0 (compatible; MSIE 6.0; Windows NT 5.1; .NET CLR 2.0.50727; .NET CLR 3.0.04506.648; .NET CLR 3.5.21022; InfoPath.3; .NET CLR 3.0.4506.2152; .NET CLR 3.5.30729)"
66.249.66.34 - - [18/May/2012:11:31:32 +0800] "GET /2008-07/%B9%FA%BC%CA%C8%D5%D3%EF%CB%AE%C6%BD%BF%BC%CA%D4%CA%D4%CC%E2%BE%AB%BD%E21-2%BC%B694-98.pdf HTTP/1.1" 200 14852214 "-" "SAMSUNG-SGH-E250/1.0 Profile/MIDP-2.0 Configuration/CLDC-1.1 UP.Browser/6.2.3.3.c.1.101 (GUI) MMP/2.0 (compatible; Googlebot-Mobile/2.1; +http://www.google.com/bot.html)"
