38.107.179.234 - - [18/May/2012:14:51:06 +0800] "GET /2008-08/%b3%f5%bc%b6%c8%d5%d3%ef%cb%b5%cb%b5%cb%b5%a3%a81-30%c6%da%a3%a9.rar HTTP/1.1" 200 36898201 "-" "CCBot/1.0 (+http://www.commoncrawl.org/bot.html)"
210.14.142.29 - - [18/May/2012:14:50:47 +0800] "GET /music/moved200909/20090921.mp3 HTTP/1.1" 206 4828683 "-" "AppleCoreMedia/1.0.0.11E53 (Macintosh; U; Intel Mac OS X 10_7_4; zh_cn)"
1.85.17.130 - - [18/May/2012:14:49:17 +0800] "GET /2008-07/\xd0\xc2\xb1\xe0\xc8\xd5\xd3\xef1-4\xb2\xe1\xce\xc4\xb1\xbe.rar HTTP/1.1" 206 21655612 "http://download.jptranslate.com/2008-07/" "Mozilla/4.0 (compatible; MSIE 6.0; Windows NT 5.1; .NET CLR 2.0.50727; .NET CLR 3.0.04506.648; .NET CLR 3.5.21022; InfoPath.3; .NET CLR 3.0.4506.2152; .NET CLR 3.5.30729)"
14.158.201.86 - - [18/May/2012:14:51:02 +0800] "GET /music/moved200909/20090918.mp3 HTTP/1.1" 200 6246400 "-" "Mozilla/4.0 (compatible; MSIE 5.00; Windows 98)"
218.28.107.190 - - [18/May/2012:14:53:37 +0800] "GET /music/moved200909/20090909.mp3 HTTP/1.1" 200 4650675 "-" "Mozilla/4.0 (compatible; MSIE 5.00; Windows 98)"
38.107.179.230 - - [18/May/2012:14:55:13 +0800] "GET /2008-08/%b4%d3%c1%e3%bf%aa%ca%bc%c1%b7%d4%c4%b6%c1.chm HTTP/1.1" 200 420215 "-" "CCBot/1.0 (+http://www.commoncrawl.org/bot.html)"
14.213.42.60 - - [18/May/2012:14:53:29 +0800] "GET /music/moved200909/20090914.mp3 HTTP/1.1" 200 6635533 "-" "Mozilla/4.0 (compatible; MSIE 5.00; Windows 98)"
60.171.207.46 - - [18/May/2012:14:55:17 +0800] "GET /music/moved200909/20090921.mp3 HTTP/1.1" 200 4828683 "-" "Mozilla/4.0 (compatible; MSIE 5.00; Windows 98)"
222.169.127.7 - - [18/May/2012:14:54:41 +0800] "GET /music/moved200909/20090914.mp3 HTTP/1.1" 200 6635533 "-" "Mozilla/4.0 (compatible; MSIE 5.00; Windows 98)"
38.107.179.231 - - [18/May/2012:14:56:05 +0800] "GET /2008-08/%b6%fe%bc%b6%cc%fd%c1%a6%d7%a8%c0%b8.rar HTTP/1.1" 200 164079691 "-" "CCBot/1.0 (+http://www.commoncrawl.org/bot.html)"
38.107.179.232 - - [18/May/2012:14:57:16 +0800] "GET /2008-08/%b7%f6%c9%a3%ca%b1%d1%b62006%cf%c2%b0%eb%c4%ea%ca%d3%c6%b5%ba%cf%bc%af.rar HTTP/1.1" 200 114400221 "-" "CCBot/1.0 (+http://www.commoncrawl.org/bot.html)"
218.87.171.76 - - [18/May/2012:14:57:48 +0800] "GET /music/moved200909/20090921.mp3 HTTP/1.1" 206 128 "http://user.qzone.qq.com/646341529/infocenter" "Mozilla/5.0 (Windows NT 5.1) AppleWebKit/535.11 (KHTML, like Gecko) Chrome/17.0.963.66 Safari/535.11 QIHU 360EE"
218.87.171.76 - - [18/May/2012:14:57:46 +0800] "GET /music/moved200909/20090921.mp3 HTTP/1.1" 206 4828683 "http://user.qzone.qq.com/646341529/infocenter" "Mozilla/5.0 (Windows NT 5.1) AppleWebKit/535.11 (KHTML, like Gecko) Chrome/17.0.963.66 Safari/535.11 QIHU 360EE"
218.87.171.76 - - [18/May/2012:14:57:48 +0800] "GET /music/moved200909/20090921.mp3 HTTP/1.1" 206 4792547 "http://user.qzone.qq.com/646341529/infocenter" "Mozilla/5.0 (Windows NT 5.1) AppleWebKit/535.11 (KHTML, like Gecko) Chrome/17.0.963.66 Safari/535.11 QIHU 360EE"
14.158.201.86 - - [18/May/2012:14:57:29 +0800] "GET /music/moved200909/20090918.mp3 HTTP/1.1" 200 6246400 "-" "Mozilla/4.0 (compatible; MSIE 5.00; Windows 98)"
180.120.51.73 - - [18/May/2012:14:58:43 +0800] "GET /music/moved200909/20090918.mp3 HTTP/1.1" 200 6246400 "http://box.zhangmen.baidu.com/flash/fmp.swf?v=20110519a&r=0.2616072443779558&r=0.12684508273378015&r=0.9834600184112787&r=0.9129504899028689&r=0.7359071045648307" "Mozilla/5.0 (Windows NT 5.1) AppleWebKit/535.11 (KHTML, like Gecko) Chrome/17.0.963.15 Safari/535.11 QQBrowser/6.12.12934.201"
38.107.179.233 - - [18/May/2012:14:58:36 +0800] "GET /2008-08/%b8%bb%ca%bf%d0%c2%ce%c5%cb%e6%cc%fd.rar HTTP/1.1" 200 97257953 "-" "CCBot/1.0 (+http://www.commoncrawl.org/bot.html)"
60.171.207.46 - - [18/May/2012:15:02:45 +0800] "GET /music/moved200909/20090921.mp3 HTTP/1.1" 200 4828683 "-" "Mozilla/4.0 (compatible; MSIE 5.00; Windows 98)"
220.181.51.217 - - [18/May/2012:15:03:56 +0800] "GET /music/moved200909/20090930.mp3? HTTP/1.0" 200 4239744 "-" "NSPlayer/10.0.0.4072 WMFSDK/10.0"
117.136.37.20 - - [18/May/2012:15:02:11 +0800] "GET /music/moved200909/20090921.mp3 HTTP/1.1" 200 4828683 "-" "Mozilla/4.0 (compatible; MSIE 5.00; Windows 98)"
60.171.207.46 - - [18/May/2012:15:04:29 +0800] "GET /music/moved200909/20090921.mp3 HTTP/1.1" 200 4828683 "-" "Mozilla/4.0 (compatible; MSIE 5.00; Windows 98)"
114.251.216.82 - - [18/May/2012:15:05:28 +0800] "GET /music/moved200909/20090918.mp3 HTTP/1.1" 304 - "-" "NSPlayer/12.00.7601.17514 WMFSDK/12.00.7601.17514"
114.251.216.82 - - [18/May/2012:15:05:26 +0800] "GET /music/moved200909/20090918.mp3 HTTP/1.1" 200 6246400 "-" "NSPlayer/12.00.7601.17514 WMFSDK/12.00.7601.17514"
60.211.180.202 - - [18/May/2012:15:06:25 +0800] "GET /music/moved200909/20090925.mp3 HTTP/1.1" 200 4126639 "http://download.jptranslate.com/" "Mozilla/4.0 (compatible; MSIE 6.0; Windows NT 5.1; .NET CLR 3.5.20706)"
60.211.180.202 - - [18/May/2012:15:06:26 +0800] "GET /music/moved200909/20090925.mp3 HTTP/1.1" 206 194479 "http://download.jptranslate.com/" "Mozilla/4.0 (compatible; MSIE 6.0; Windows NT 5.1; .NET CLR 3.5.20706)"
60.211.180.202 - - [18/May/2012:15:06:27 +0800] "GET /music/moved200909/20090925.mp3 HTTP/1.1" 206 128943 "http://download.jptranslate.com/" "Mozilla/4.0 (compatible; MSIE 6.0; Windows NT 5.1; .NET CLR 3.5.20706)"
60.211.180.202 - - [18/May/2012:15:06:28 +0800] "GET /music/moved200909/20090925.mp3 HTTP/1.1" 206 63407 "http://download.jptranslate.com/" "Mozilla/4.0 (compatible; MSIE 6.0; Windows NT 5.1; .NET CLR 3.5.20706)"
60.211.180.202 - - [18/May/2012:15:06:29 +0800] "GET /music/moved200909/20090925.mp3 HTTP/1.1" 206 4061103 "http://download.jptranslate.com/" "Mozilla/4.0 (compatible; MSIE 6.0; Windows NT 5.1; .NET CLR 3.5.20706)"
116.234.95.33 - - [18/May/2012:15:07:05 +0800] "GET /music/moved200909/20090914.mp3 HTTP/1.1" 206 2 "-" "AppleCoreMedia/1.0.0.11D50b (Macintosh; U; Intel Mac OS X 10_7_3; zh_cn)"
116.234.95.33 - - [18/May/2012:15:07:05 +0800] "GET /music/moved200909/20090914.mp3 HTTP/1.1" 304 - "-" "AppleCoreMedia/1.0.0.11D50b (Macintosh; U; Intel Mac OS X 10_7_3; zh_cn)"
116.234.95.33 - - [18/May/2012:15:07:05 +0800] "GET /music/moved200909/20090914.mp3 HTTP/1.1" 206 6635533 "-" "AppleCoreMedia/1.0.0.11D50b (Macintosh; U; Intel Mac OS X 10_7_3; zh_cn)"
116.234.95.33 - - [18/May/2012:15:07:05 +0800] "GET /music/moved200909/20090914.mp3 HTTP/1.1" 304 - "-" "AppleCoreMedia/1.0.0.11D50b (Macintosh; U; Intel Mac OS X 10_7_3; zh_cn)"
61.135.190.87 - - [18/May/2012:15:07:19 +0800] "GET /music/moved200909/20090930.mp3? HTTP/1.0" 200 4239744 "-" "NSPlayer/10.0.0.4072 WMFSDK/10.0"
38.107.179.234 - - [18/May/2012:15:07:13 +0800] "GET /2008-08/%bb%a6%bd%ad%c8%d5%d3%ef%d4%ad%b4%b4%a3%ba%b1%ea%c8%d5%bb%e1%bb%b0%c6%aa.chm HTTP/1.1" 200 106312203 "-" "CCBot/1.0 (+http://www.commoncrawl.org/bot.html)"
116.234.95.33 - - [18/May/2012:15:07:06 +0800] "GET /music/moved200909/20090914.mp3 HTTP/1.1" 206 6635533 "-" "AppleCoreMedia/1.0.0.11D50b (Macintosh; U; Intel Mac OS X 10_7_3; zh_cn)"
58.59.137.211 - - [18/May/2012:15:08:40 +0800] "GET /music/moved200909/20090918.mp3 HTTP/1.1" 200 6246400 "-" "Mozilla/4.0 (compatible; MSIE 5.00; Windows 98)"
38.107.179.230 - - [18/May/2012:15:08:45 +0800] "GET /2008-08/%bb%a6%bd%ad%c8%d5%d3%ef%d4%ad%b4%b4%a3%ba%b4%bf%b4%e2%c8%d5%b1%be%d3%ef%cc%fd%c1%a6%bb%e1%bb%b0.chm HTTP/1.1" 200 59309209 "-" "CCBot/1.0 (+http://www.commoncrawl.org/bot.html)"
60.171.207.46 - - [18/May/2012:15:09:21 +0800] "GET /music/moved200909/20090921.mp3 HTTP/1.1" 200 4828683 "-" "Mozilla/4.0 (compatible; MSIE 5.00; Windows 98)"
38.107.179.231 - - [18/May/2012:15:10:00 +0800] "GET /2008-08/%bd%bb%cf%ec%c7%e9%c8%cb%c3%ce%b6%af%bb%ad%cc%fd%d0%b4.rar HTTP/1.1" 200 168208365 "-" "CCBot/1.0 (+http://www.commoncrawl.org/bot.html)"
116.7.83.111 - - [18/May/2012:15:11:46 +0800] "GET /music/moved200909/20090914.mp3 HTTP/1.1" 200 6635533 "-" "Mozilla/4.0 (compatible; MSIE 5.00; Windows 98)"
38.107.179.232 - - [18/May/2012:15:13:15 +0800] "GET /2008-08/%bf%b4%c2%fe%bb%ad%d1%a7%c8%d5%d3%ef.rar HTTP/1.1" 200 40470234 "-" "CCBot/1.0 (+http://www.commoncrawl.org/bot.html)"
220.178.243.166 - - [18/May/2012:15:13:42 +0800] "GET /music/moved200909/20090921.smi HTTP/1.1" 404 371 "http://user.qzone.qq.com/453060114#!app=334&url=http%3A%2F%2Fctc.qzs.qq.com%2Fqzone%2Fmsgboard%2Fmsgbcanvas.html%23uin%3D453060114%26pfid%3D2%26qz_ver%3D6%26appcanvas%3D0%26qz_style%3Dv6%2F12%26params%3D%26canvastype%3D" "Windows-Media-Player/11.0.5721.5280"
123.125.67.242 - - [18/May/2012:15:14:22 +0800] "GET /speaker_wv.swf HTTP/1.0" 200 2904 "-" "Mozilla/4.0 (compatible; MSIE 6.0; Windows NT 5.1; SV1)"
220.178.243.166 - - [18/May/2012:15:13:37 +0800] "GET /music/moved200909/20090921.mp3 HTTP/1.1" 200 4828683 "-" "NSPlayer/11.0.5721.5275 WMFSDK/11.0"
220.178.243.166 - - [18/May/2012:15:15:23 +0800] "GET /music/moved200909/20090921.smi HTTP/1.1" 404 371 "http://user.qzone.qq.com/453060114/main?mode=gfp_timeline" "Windows-Media-Player/11.0.5721.5280"
218.28.107.190 - - [18/May/2012:15:14:14 +0800] "GET /music/moved200909/20090909.mp3 HTTP/1.1" 200 4650675 "-" "Mozilla/4.0 (compatible; MSIE 5.00; Windows 98)"
220.178.243.166 - - [18/May/2012:15:15:40 +0800] "GET /music/moved200909/20090921.smi HTTP/1.1" 404 371 "http://user.qzone.qq.com/453060114/photo/#!app=4" "Windows-Media-Player/11.0.5721.5280"
117.24.43.131 - - [18/May/2012:15:14:18 +0800] "GET /music/moved200909/20090921.mp3 HTTP/1.1" 200 4828683 "-" "NSPlayer/10.0.0.4078 WMFSDK/10.0"
38.107.179.233 - - [18/May/2012:15:14:17 +0800] "GET /2008-08/%c1%b5%c1%b52%bc%b6%cc%fd%c1%a6%a3%a8END%a3%a9.rar HTTP/1.1" 200 117176941 "-" "CCBot/1.0 (+http://www.commoncrawl.org/bot.html)"
218.20.2.121 - - [18/May/2012:15:13:47 +0800] "GET /music/moved200909/20090923.mp3 HTTP/1.1" 200 5412281 "-" "Mozilla/4.0 (compatible; MSIE 5.00; Windows 98)"
180.169.74.68 - - [18/May/2012:15:18:20 +0800] "GET /music/moved200909/20090918.mp3 HTTP/1.1" 200 6246400 "-" "NSPlayer/9.0.0.3272 WMFSDK/9.0"
219.128.16.20 - - [18/May/2012:15:17:08 +0800] "GET /music/moved200909/20090918.mp3 HTTP/1.1" 200 6246400 "http://music.sina.com.cn/shequ/player/sina_music1_2_1.swf" "Mozilla/4.0 (compatible; MSIE 6.0; Windows NT 5.1; SV1; QQDownload 677; .NET CLR 2.0.50727)"
140.114.73.140 - - [18/May/2012:15:19:34 +0800] "GET /music/moved200909/20090928.mp3 HTTP/1.1" 200 7606325 "http://player.mbox.sogou.com/FlashMP3Player.swf?v3" "Mozilla/5.0 (Windows NT 5.1) AppleWebKit/535.19 (KHTML, like Gecko) Chrome/18.0.1025.168 Safari/535.19"
27.36.100.33 - - [18/May/2012:15:19:34 +0800] "GET /music/moved200909/20090930.mp3 HTTP/1.1" 200 4239744 "download.jptranslate.com" "QQMusicPad/2.4.08 CFNetwork/548.0.4 Darwin/11.0.0"
220.181.51.217 - - [18/May/2012:15:20:43 +0800] "GET /music/moved200909/20090911.mp3 HTTP/1.0" 200 6916096 "-" "NSPlayer/10.0.0.4072 WMFSDK/10.0"
117.43.145.17 - - [18/May/2012:15:20:02 +0800] "GET /music/moved200909/20090921.mp3 HTTP/1.1" 200 4828683 "-" "Mozilla/4.0 (compatible; MSIE 5.00; Windows 98)"
38.107.179.234 - - [18/May/2012:15:20:59 +0800] "GET /2008-08/%c4%ea%c7%e0%c8%cb%c8%d5%d3%ef.rar HTTP/1.1" 200 6509292 "-" "CCBot/1.0 (+http://www.commoncrawl.org/bot.html)"
38.107.179.230 - - [18/May/2012:15:22:00 +0800] "GET /2008-08/%c8%a4%ce%b6%c8%d5%d3%ef%bf%da%d3%ef.rar HTTP/1.1" 200 74783567 "-" "CCBot/1.0 (+http://www.commoncrawl.org/bot.html)"
115.150.230.153 - - [18/May/2012:15:22:25 +0800] "GET /2008-07/%b9%fa%bc%ca%c8%d5%b1%be%d3%ef%c4%dc%c1%a6%bf%bc%ca%d490-99%c8%fd%bc%b6%cc%fd%c1%a6.rar HTTP/1.1" 503 466 "http://download.jptranslate.com/" "Mozilla/4.0 (compatible; MSIE 6.0; Windows NT 5.1; .NET CLR 2.0.50727)"
115.150.230.153 - - [18/May/2012:15:22:11 +0800] "GET /2008-07/%b9%fa%bc%ca%c8%d5%b1%be%d3%ef%c4%dc%c1%a6%bf%bc%ca%d490-99%c8%fd%bc%b6%cc%fd%c1%a6.rar HTTP/1.1" 206 104173895 "http://download.jptranslate.com/" "Mozilla/4.0 (compatible; MSIE 6.0; Windows NT 5.1; .NET CLR 2.0.50727)"
175.43.29.50 - - [18/May/2012:15:22:26 +0800] "GET /music/moved200912/20091203.mp3 HTTP/1.1" 404 371 "-" "Mozilla/4.0 (compatible; MSIE 5.00; Windows 98)"
175.43.29.50 - - [18/May/2012:15:22:26 +0800] "GET /music/moved200912/20091203.mp3 HTTP/1.1" 404 371 "-" "Mozilla/4.0 (compatible; MSIE 5.00; Windows 98)"
175.43.29.50 - - [18/May/2012:15:22:26 +0800] "GET /music/moved200912/20091203.mp3 HTTP/1.1" 404 371 "-" "Mozilla/4.0 (compatible; MSIE 5.00; Windows 98)"
175.43.29.50 - - [18/May/2012:15:22:26 +0800] "GET /music/moved200912/20091203.mp3 HTTP/1.1" 404 371 "-" "Mozilla/4.0 (compatible; MSIE 5.00; Windows 98)"
58.208.2.251 - - [18/May/2012:15:22:37 +0800] "GET /music/moved200909/20090921.mp3 HTTP/1.1" 200 4828683 "http://download.jptranslate.com/" "Mozilla/4.0 (compatible; MSIE 8.0; Windows NT 5.1; KB974488)"
58.208.2.251 - - [18/May/2012:15:22:42 +0800] "GET /music/moved200909/20090921.mp3 HTTP/1.1" 206 175627 "http://download.jptranslate.com/" "Mozilla/4.0 (compatible; MSIE 8.0; Windows NT 5.1; KB974488)"
58.208.2.251 - - [18/May/2012:15:22:42 +0800] "GET /music/moved200909/20090921.mp3 HTTP/1.1" 206 175627 "http://download.jptranslate.com/" "Mozilla/4.0 (compatible; MSIE 8.0; Windows NT 5.1; KB974488)"
58.208.2.251 - - [18/May/2012:15:22:42 +0800] "GET /music/moved200909/20090921.mp3 HTTP/1.1" 206 175627 "http://download.jptranslate.com/" "Mozilla/4.0 (compatible; MSIE 8.0; Windows NT 5.1; KB974488)"
58.208.2.251 - - [18/May/2012:15:22:42 +0800] "GET /music/moved200909/20090921.mp3 HTTP/1.1" 206 175627 "http://download.jptranslate.com/" "Mozilla/4.0 (compatible; MSIE 8.0; Windows NT 5.1; KB974488)"
58.208.2.251 - - [18/May/2012:15:22:47 +0800] "GET /music/moved200909/20090921.mp3 HTTP/1.1" 206 175627 "http://download.jptranslate.com/" "Mozilla/4.0 (compatible; MSIE 8.0; Windows NT 5.1; KB974488)"
58.208.2.251 - - [18/May/2012:15:22:47 +0800] "GET /music/moved200909/20090921.mp3 HTTP/1.1" 206 175627 "http://download.jptranslate.com/" "Mozilla/4.0 (compatible; MSIE 8.0; Windows NT 5.1; KB974488)"
58.208.2.251 - - [18/May/2012:15:22:49 +0800] "GET /music/moved200909/20090921.mp3 HTTP/1.1" 206 175627 "http://download.jptranslate.com/" "Mozilla/4.0 (compatible; MSIE 8.0; Windows NT 5.1; KB974488)"
115.150.230.153 - - [18/May/2012:15:22:11 +0800] "GET /2008-07/%b9%fa%bc%ca%c8%d5%b1%be%d3%ef%c4%dc%c1%a6%bf%bc%ca%d490-99%c8%fd%bc%b6%cc%fd%c1%a6.rar HTTP/1.1" 206 52138311 "http://download.jptranslate.com/" "Mozilla/4.0 (compatible; MSIE 6.0; Windows NT 5.1; .NET CLR 2.0.50727)"
115.150.230.153 - - [18/May/2012:15:22:54 +0800] "GET /2008-07/%b9%fa%bc%ca%c8%d5%b1%be%d3%ef%c4%dc%c1%a6%bf%bc%ca%d490-99%c8%fd%bc%b6%cc%fd%c1%a6.rar HTTP/1.1" 206 155947335 "http://download.jptranslate.com/" "Mozilla/4.0 (compatible; MSIE 6.0; Windows NT 5.1; .NET CLR 2.0.50727)"
115.150.230.153 - - [18/May/2012:15:22:08 +0800] "GET /2008-07/%b9%fa%bc%ca%c8%d5%b1%be%d3%ef%c4%dc%c1%a6%bf%bc%ca%d490-99%c8%fd%bc%b6%cc%fd%c1%a6.rar HTTP/1.1" 206 156602695 "http://download.jptranslate.com/" "Mozilla/4.0 (compatible; MSIE 6.0; Windows NT 5.1; .NET CLR 2.0.50727)"
58.208.2.251 - - [18/May/2012:15:22:56 +0800] "GET /music/moved200909/20090921.mp3 HTTP/1.1" 206 110091 "http://download.jptranslate.com/" "Mozilla/4.0 (compatible; MSIE 8.0; Windows NT 5.1; KB974488)"
58.208.2.251 - - [18/May/2012:15:22:56 +0800] "GET /music/moved200909/20090921.mp3 HTTP/1.1" 206 110091 "http://download.jptranslate.com/" "Mozilla/4.0 (compatible; MSIE 8.0; Windows NT 5.1; KB974488)"
58.208.2.251 - - [18/May/2012:15:22:56 +0800] "GET /music/moved200909/20090921.mp3 HTTP/1.1" 206 110091 "http://download.jptranslate.com/" "Mozilla/4.0 (compatible; MSIE 8.0; Windows NT 5.1; KB974488)"
58.208.2.251 - - [18/May/2012:15:22:56 +0800] "GET /music/moved200909/20090921.mp3 HTTP/1.1" 206 110091 "http://download.jptranslate.com/" "Mozilla/4.0 (compatible; MSIE 8.0; Windows NT 5.1; KB974488)"
58.208.2.251 - - [18/May/2012:15:22:56 +0800] "GET /music/moved200909/20090921.mp3 HTTP/1.1" 206 110091 "http://download.jptranslate.com/" "Mozilla/4.0 (compatible; MSIE 8.0; Windows NT 5.1; KB974488)"
58.208.2.251 - - [18/May/2012:15:22:57 +0800] "GET /music/moved200909/20090921.mp3 HTTP/1.1" 206 110091 "http://download.jptranslate.com/" "Mozilla/4.0 (compatible; MSIE 8.0; Windows NT 5.1; KB974488)"
58.208.2.251 - - [18/May/2012:15:22:58 +0800] "GET /music/moved200909/20090921.mp3 HTTP/1.1" 206 110091 "http://download.jptranslate.com/" "Mozilla/4.0 (compatible; MSIE 8.0; Windows NT 5.1; KB974488)"
58.208.2.251 - - [18/May/2012:15:22:58 +0800] "GET /music/moved200909/20090921.mp3 HTTP/1.1" 206 110091 "http://download.jptranslate.com/" "Mozilla/4.0 (compatible; MSIE 8.0; Windows NT 5.1; KB974488)"
58.208.2.251 - - [18/May/2012:15:22:58 +0800] "GET /music/moved200909/20090921.mp3 HTTP/1.1" 206 110091 "http://download.jptranslate.com/" "Mozilla/4.0 (compatible; MSIE 8.0; Windows NT 5.1; KB974488)"
58.208.2.251 - - [18/May/2012:15:23:01 +0800] "GET /music/moved200909/20090921.mp3 HTTP/1.1" 503 466 "http://download.jptranslate.com/" "Mozilla/4.0 (compatible; MSIE 8.0; Windows NT 5.1; KB974488)"
58.208.2.251 - - [18/May/2012:15:22:58 +0800] "GET /music/moved200909/20090921.mp3 HTTP/1.1" 206 110091 "http://download.jptranslate.com/" "Mozilla/4.0 (compatible; MSIE 8.0; Windows NT 5.1; KB974488)"
58.208.2.251 - - [18/May/2012:15:23:01 +0800] "GET /music/moved200909/20090921.mp3 HTTP/1.1" 206 44555 "http://download.jptranslate.com/" "Mozilla/4.0 (compatible; MSIE 8.0; Windows NT 5.1; KB974488)"
58.208.2.251 - - [18/May/2012:15:23:01 +0800] "GET /music/moved200909/20090921.mp3 HTTP/1.1" 206 44555 "http://download.jptranslate.com/" "Mozilla/4.0 (compatible; MSIE 8.0; Windows NT 5.1; KB974488)"
58.208.2.251 - - [18/May/2012:15:23:01 +0800] "GET /music/moved200909/20090921.mp3 HTTP/1.1" 206 44555 "http://download.jptranslate.com/" "Mozilla/4.0 (compatible; MSIE 8.0; Windows NT 5.1; KB974488)"
58.208.2.251 - - [18/May/2012:15:23:01 +0800] "GET /music/moved200909/20090921.mp3 HTTP/1.1" 206 44555 "http://download.jptranslate.com/" "Mozilla/4.0 (compatible; MSIE 8.0; Windows NT 5.1; KB974488)"
58.208.2.251 - - [18/May/2012:15:23:04 +0800] "GET /music/moved200909/20090921.mp3 HTTP/1.1" 503 466 "http://download.jptranslate.com/" "Mozilla/4.0 (compatible; MSIE 8.0; Windows NT 5.1; KB974488)"
115.150.230.153 - - [18/May/2012:15:23:07 +0800] "GET /2008-07/%b9%fa%bc%ca%c8%d5%b1%be%d3%ef%c4%dc%c1%a6%bf%bc%ca%d490-99%c8%fd%bc%b6%cc%fd%c1%a6.rar HTTP/1.1" 206 51997255 "http://download.jptranslate.com/" "Mozilla/4.0 (compatible; MSIE 6.0; Windows NT 5.1; .NET CLR 2.0.50727)"
58.208.2.251 - - [18/May/2012:15:23:03 +0800] "GET /music/moved200909/20090921.mp3 HTTP/1.1" 206 4763147 "http://download.jptranslate.com/" "Mozilla/4.0 (compatible; MSIE 8.0; Windows NT 5.1; KB974488)"
58.208.2.251 - - [18/May/2012:15:23:03 +0800] "GET /music/moved200909/20090921.mp3 HTTP/1.1" 206 4763147 "http://download.jptranslate.com/" "Mozilla/4.0 (compatible; MSIE 8.0; Windows NT 5.1; KB974488)"
58.208.2.251 - - [18/May/2012:15:23:04 +0800] "GET /music/moved200909/20090921.mp3 HTTP/1.1" 206 4763147 "http://download.jptranslate.com/" "Mozilla/4.0 (compatible; MSIE 8.0; Windows NT 5.1; KB974488)"
58.208.2.251 - - [18/May/2012:15:23:15 +0800] "GET /music/moved200909/20090921.mp3 HTTP/1.1" 206 4435467 "http://download.jptranslate.com/" "Mozilla/4.0 (compatible; MSIE 8.0; Windows NT 5.1; KB974488)"
61.184.196.162 - - [18/May/2012:15:23:52 +0800] "GET /music/moved200909/20090918.smi HTTP/1.1" 404 371 "http://box.zhangmen.baidu.com/m?tn=baidumt&gate=cb&from=idd&l_cb=http%3A%2F%2Fmp3.baidu.com%2Fm%3Ff%3Dms%26rn%3D%26tn%3Dbdmp3idjs%26ct%3D134217728%26word%3D%25B6%25AF%25C2%25FE%25B8%25E8%25C7%25FA%26lm%3D-1&f_l=567361,8409216,6971659,7782258,28426747,18518329,3048465,22669769,32982247,701837,27410290,18830527,29299041,27806626,5793806,271079,31573757,12136629,33384895,32109849" "Windows-Media-Player/11.0.5721.5280"
61.184.196.162 - - [18/May/2012:15:23:50 +0800] "GET /music/moved200909/20090918.mp3 HTTP/1.1" 200 6246400 "-" "NSPlayer/11.0.5721.5275 WMFSDK/11.0"
58.208.2.251 - - [18/May/2012:15:25:02 +0800] "GET /music/moved200909/20090921.mp3 HTTP/1.1" 206 1224203 "http://download.jptranslate.com/" "Mozilla/4.0 (compatible; MSIE 8.0; Windows NT 5.1; KB974488)"
58.208.2.251 - - [18/May/2012:15:25:03 +0800] "GET /music/moved200909/20090921.mp3 HTTP/1.1" 206 634379 "http://download.jptranslate.com/" "Mozilla/4.0 (compatible; MSIE 8.0; Windows NT 5.1; KB974488)"
58.208.2.251 - - [18/May/2012:15:25:03 +0800] "GET /music/moved200909/20090921.mp3 HTTP/1.1" 206 896523 "http://download.jptranslate.com/" "Mozilla/4.0 (compatible; MSIE 8.0; Windows NT 5.1; KB974488)"
58.208.2.251 - - [18/May/2012:15:23:03 +0800] "GET /music/moved200909/20090921.mp3 HTTP/1.1" 206 4763147 "http://download.jptranslate.com/" "Mozilla/4.0 (compatible; MSIE 8.0; Windows NT 5.1; KB974488)"
58.208.2.251 - - [18/May/2012:15:25:14 +0800] "GET /music/moved200909/20090921.mp3 HTTP/1.1" 206 241163 "http://download.jptranslate.com/" "Mozilla/4.0 (compatible; MSIE 8.0; Windows NT 5.1; KB974488)"
58.208.2.251 - - [18/May/2012:15:25:03 +0800] "GET /music/moved200909/20090921.mp3 HTTP/1.1" 206 568843 "http://download.jptranslate.com/" "Mozilla/4.0 (compatible; MSIE 8.0; Windows NT 5.1; KB974488)"
38.107.179.231 - - [18/May/2012:15:25:12 +0800] "GET /2008-08/%c8%d5%d3%ef%b6%d4%bb%b0%cb%e6%b1%e3%cc%fd%cc%fd%b5%da3%b2%bf%b7%d6.rar HTTP/1.1" 200 8593327 "-" "CCBot/1.0 (+http://www.commoncrawl.org/bot.html)"
58.42.246.7 - - [18/May/2012:15:26:10 +0800] "GET /music/moved200909/20090921.mp3 HTTP/1.1" 200 4828683 "-" "Mozilla/4.0 (compatible; MSIE 5.00; Windows 98)"
61.184.196.162 - - [18/May/2012:15:24:01 +0800] "GET /music/moved200909/20090918.mp3 HTTP/1.1" 200 6246400 "-" "Mozilla/4.0 (compatible; MSIE 6.0; Windows NT 5.1; SV1; WoShiHoney.B; Media Center PC 6.0; Microsoft Windows Media Center PC 6.0)"
115.150.230.153 - - [18/May/2012:15:28:05 +0800] "GET /2008-07/%b9%fa%bc%ca%c8%d5%b1%be%d3%ef%c4%dc%c1%a6%bf%bc%ca%d490-99%c8%fd%bc%b6%cc%fd%c1%a6.rar HTTP/1.1" 206 162338471 "http://download.jptranslate.com/" "Mozilla/4.0 (compatible; MSIE 6.0; Windows NT 5.1; .NET CLR 2.0.50727)"
115.150.230.153 - - [18/May/2012:15:22:08 +0800] "GET /2008-07/%b9%fa%bc%ca%c8%d5%b1%be%d3%ef%c4%dc%c1%a6%bf%bc%ca%d490-99%c8%fd%bc%b6%cc%fd%c1%a6.rar HTTP/1.1" 206 169709895 "http://download.jptranslate.com/" "Mozilla/4.0 (compatible; MSIE 6.0; Windows NT 5.1; .NET CLR 2.0.50727)"
121.236.66.179 - - [18/May/2012:15:28:14 +0800] "GET /music/moved200909/20090914.mp3 HTTP/1.1" 200 6635533 "-" "Mozilla/4.0 (compatible; MSIE 5.00; Windows 98)"
218.60.141.85 - - [18/May/2012:15:27:23 +0800] "GET /music/moved200909/20090909.mp3 HTTP/1.1" 200 4650675 "-" "Mozilla/4.0 (compatible; MSIE 5.00; Windows 98)"
115.150.230.153 - - [18/May/2012:15:29:01 +0800] "GET /2008-07/%b9%fa%bc%ca%c8%d5%b1%be%d3%ef%c4%dc%c1%a6%bf%bc%ca%d490-99%c8%fd%bc%b6%cc%fd%c1%a6.rar HTTP/1.1" 503 466 "http://download.jptranslate.com/" "Mozilla/4.0 (compatible; MSIE 6.0; Windows NT 5.1; .NET CLR 2.0.50727)"
115.150.230.153 - - [18/May/2012:15:29:13 +0800] "GET /2008-07/%b9%fa%bc%ca%c8%d5%b1%be%d3%ef%c4%dc%c1%a6%bf%bc%ca%d490-99%c8%fd%bc%b6%cc%fd%c1%a6.rar HTTP/1.1" 503 466 "http://download.jptranslate.com/" "Mozilla/4.0 (compatible; MSIE 6.0; Windows NT 5.1; .NET CLR 2.0.50727)"
115.150.230.153 - - [18/May/2012:15:29:17 +0800] "GET /2008-07/%E5%9B%BD%E9%99%85%E6%97%A5%E6%9C%AC%E8%AF%AD%E8%83%BD%E5%8A%9B%E8%80%83%E8%AF%9590-99%E4%B8%89%E7%BA%A7%E5%90%AC%E5%8A%9B.rar HTTP/1.1" 503 466 "http://download.jptranslate.com/" "Mozilla/4.0 (compatible; MSIE 6.0; Windows NT 5.1; .NET CLR 2.0.50727)"
38.107.179.232 - - [18/May/2012:15:28:28 +0800] "GET /2008-08/%c8%d5%d3%ef%b6%d4%bb%b0%cb%e6%b1%e3%cc%fd%cc%fd2.rar HTTP/1.1" 200 9424119 "-" "CCBot/1.0 (+http://www.commoncrawl.org/bot.html)"
115.150.230.153 - - [18/May/2012:15:28:06 +0800] "GET /2008-07/%b9%fa%bc%ca%c8%d5%b1%be%d3%ef%c4%dc%c1%a6%bf%bc%ca%d490-99%c8%fd%bc%b6%cc%fd%c1%a6.rar HTTP/1.1" 206 162338471 "http://download.jptranslate.com/" "Mozilla/4.0 (compatible; MSIE 6.0; Windows NT 5.1; .NET CLR 2.0.50727)"
115.150.230.153 - - [18/May/2012:15:29:32 +0800] "GET /2008-07/%b9%fa%bc%ca%c8%d5%b1%be%d3%ef%c4%dc%c1%a6%bf%bc%ca%d490-99%c8%fd%bc%b6%cc%fd%c1%a6.rar HTTP/1.1" 206 27460775 "http://download.jptranslate.com/" "Mozilla/4.0 (compatible; MSIE 6.0; Windows NT 5.1; .NET CLR 2.0.50727)"
115.150.230.153 - - [18/May/2012:15:29:34 +0800] "GET /2008-07/%b9%fa%bc%ca%c8%d5%b1%be%d3%ef%c4%dc%c1%a6%bf%bc%ca%d490-99%c8%fd%bc%b6%cc%fd%c1%a6.rar HTTP/1.1" 503 466 "http://download.jptranslate.com/" "Mozilla/4.0 (compatible; MSIE 6.0; Windows NT 5.1; .NET CLR 2.0.50727)"
115.150.230.153 - - [18/May/2012:15:28:37 +0800] "GET /2008-07/%b9%fa%bc%ca%c8%d5%b1%be%d3%ef%c4%dc%c1%a6%bf%bc%ca%d490-99%c8%fd%bc%b6%cc%fd%c1%a6.rar HTTP/1.1" 206 27758919 "http://download.jptranslate.com/" "Mozilla/4.0 (compatible; MSIE 6.0; Windows NT 5.1; .NET CLR 2.0.50727)"
115.150.230.153 - - [18/May/2012:15:29:35 +0800] "GET /2008-07/%E5%9B%BD%E9%99%85%E6%97%A5%E6%9C%AC%E8%AF%AD%E8%83%BD%E5%8A%9B%E8%80%83%E8%AF%9590-99%E4%B8%89%E7%BA%A7%E5%90%AC%E5%8A%9B.rar HTTP/1.1" 404 397 "http://download.jptranslate.com/" "Mozilla/4.0 (compatible; MSIE 6.0; Windows NT 5.1; .NET CLR 2.0.50727)"
112.254.110.112 - - [18/May/2012:15:29:39 +0800] "GET /music/moved200909/20090921.mp3 HTTP/1.1" 200 4828683 "-" "Mozilla/4.0 (compatible; MSIE 5.00; Windows 98)"
115.150.230.153 - - [18/May/2012:15:29:40 +0800] "GET /2008-07/%b9%fa%bc%ca%c8%d5%b1%be%d3%ef%c4%dc%c1%a6%bf%bc%ca%d490-99%c8%fd%bc%b6%cc%fd%c1%a6.rar HTTP/1.1" 206 162222471 "http://download.jptranslate.com/" "Mozilla/4.0 (compatible; MSIE 6.0; Windows NT 5.1; .NET CLR 2.0.50727)"
115.150.230.153 - - [18/May/2012:15:22:07 +0800] "GET /2008-07/%b9%fa%bc%ca%c8%d5%b1%be%d3%ef%c4%dc%c1%a6%bf%bc%ca%d490-99%c8%fd%bc%b6%cc%fd%c1%a6.rar HTTP/1.1" 206 104304967 "http://download.jptranslate.com/" "Mozilla/4.0 (compatible; MSIE 6.0; Windows NT 5.1; .NET CLR 2.0.50727)"
175.43.56.154 - - [18/May/2012:15:33:18 +0800] "GET /music/moved200912/20091203.mp3 HTTP/1.1" 404 371 "-" "Mozilla/4.0 (compatible; MSIE 5.00; Windows 98)"
175.43.56.154 - - [18/May/2012:15:33:18 +0800] "GET /music/moved200912/20091203.mp3 HTTP/1.1" 404 371 "-" "Mozilla/4.0 (compatible; MSIE 5.00; Windows 98)"
175.43.56.154 - - [18/May/2012:15:33:18 +0800] "GET /music/moved200912/20091203.mp3 HTTP/1.1" 404 371 "-" "Mozilla/4.0 (compatible; MSIE 5.00; Windows 98)"
175.43.56.154 - - [18/May/2012:15:33:18 +0800] "GET /music/moved200912/20091203.mp3 HTTP/1.1" 404 371 "-" "Mozilla/4.0 (compatible; MSIE 5.00; Windows 98)"
38.107.179.233 - - [18/May/2012:15:32:03 +0800] "GET /2008-08/%c8%d5%d3%ef%c9%fa%bb%ee%bd%bb%bc%ca%bb%e1%bb%b0%a3%a801-48%a3%a9.rar HTTP/1.1" 200 15944760 "-" "CCBot/1.0 (+http://www.commoncrawl.org/bot.html)"
115.150.230.153 - - [18/May/2012:15:29:45 +0800] "GET /2008-07/%b9%fa%bc%ca%c8%d5%b1%be%d3%ef%c4%dc%c1%a6%bf%bc%ca%d490-99%c8%fd%bc%b6%cc%fd%c1%a6.rar HTTP/1.1" 206 162222471 "http://download.jptranslate.com/" "Mozilla/4.0 (compatible; MSIE 6.0; Windows NT 5.1; .NET CLR 2.0.50727)"
125.225.134.222 - - [18/May/2012:15:34:03 +0800] "GET /music/moved200909/20090909.mp3 HTTP/1.1" 200 4650675 "http://download.jptranslate.com/" "Mozilla/4.0 (compatible; MSIE 6.0; Windows NT 5.1)"
125.225.134.222 - - [18/May/2012:15:34:04 +0800] "GET /music/moved200909/20090909.mp3 HTTP/1.1" 200 4650675 "http://download.jptranslate.com/" "Mozilla/4.0 (compatible; MSIE 6.0; Windows NT 5.1)"
220.181.51.218 - - [18/May/2012:15:34:44 +0800] "GET /music/moved200909/20090930.mp3? HTTP/1.0" 200 4239744 "-" "NSPlayer/10.0.0.4072 WMFSDK/10.0"
119.54.65.93 - - [18/May/2012:15:33:10 +0800] "GET /music/moved200909/20090921.mp3 HTTP/1.1" 200 4828683 "-" "Mozilla/4.0 (compatible; MSIE 5.00; Windows 98)"
219.138.89.114 - - [18/May/2012:15:35:42 +0800] "GET /music/moved200909/20090918.mp3 HTTP/1.1" 200 6246400 "-" "NSPlayer/10.0.0.4078 WMFSDK/10.0"
218.29.47.58 - - [18/May/2012:15:35:35 +0800] "GET /music/moved200909/20090918.mp3 HTTP/1.1" 200 6246400 "-" "Mozilla/4.0 (compatible; MSIE 5.00; Windows 98)"
115.150.230.153 - - [18/May/2012:15:29:33 +0800] "GET /2008-07/%b9%fa%bc%ca%c8%d5%b1%be%d3%ef%c4%dc%c1%a6%bf%bc%ca%d490-99%c8%fd%bc%b6%cc%fd%c1%a6.rar HTTP/1.1" 206 27460775 "http://download.jptranslate.com/" "Mozilla/4.0 (compatible; MSIE 6.0; Windows NT 5.1; .NET CLR 2.0.50727)"
115.150.230.153 - - [18/May/2012:15:28:54 +0800] "GET /2008-07/%b9%fa%bc%ca%c8%d5%b1%be%d3%ef%c4%dc%c1%a6%bf%bc%ca%d490-99%c8%fd%bc%b6%cc%fd%c1%a6.rar HTTP/1.1" 206 96702791 "http://download.jptranslate.com/" "Mozilla/4.0 (compatible; MSIE 6.0; Windows NT 5.1; .NET CLR 2.0.50727)"
115.150.230.153 - - [18/May/2012:15:22:46 +0800] "GET /2008-07/%b9%fa%bc%ca%c8%d5%b1%be%d3%ef%c4%dc%c1%a6%bf%bc%ca%d490-99%c8%fd%bc%b6%cc%fd%c1%a6.rar HTTP/1.1" 206 155685191 "http://download.jptranslate.com/" "Mozilla/4.0 (compatible; MSIE 6.0; Windows NT 5.1; .NET CLR 2.0.50727)"
115.150.230.153 - - [18/May/2012:15:34:12 +0800] "GET /2008-07/%b9%fa%bc%ca%c8%d5%b1%be%d3%ef%c4%dc%c1%a6%bf%bc%ca%d490-99%c8%fd%bc%b6%cc%fd%c1%a6.rar HTTP/1.1" 206 189239623 "http://download.jptranslate.com/" "Mozilla/4.0 (compatible; MSIE 6.0; Windows NT 5.1; .NET CLR 2.0.50727)"
115.150.230.153 - - [18/May/2012:15:29:41 +0800] "GET /2008-07/%b9%fa%bc%ca%c8%d5%b1%be%d3%ef%c4%dc%c1%a6%bf%bc%ca%d490-99%c8%fd%bc%b6%cc%fd%c1%a6.rar HTTP/1.1" 206 74158407 "http://download.jptranslate.com/" "Mozilla/4.0 (compatible; MSIE 6.0; Windows NT 5.1; .NET CLR 2.0.50727)"
115.62.121.145 - - [18/May/2012:15:35:06 +0800] "GET /music/moved200909/20090914.mp3 HTTP/1.1" 200 6635533 "-" "Mozilla/4.0 (compatible; MSIE 5.00; Windows 98)"
61.135.190.216 - - [18/May/2012:15:37:22 +0800] "GET /music/moved200909/20090930.mp3? HTTP/1.0" 200 4239744 "-" "NSPlayer/10.0.0.4072 WMFSDK/10.0"
180.120.51.73 - - [18/May/2012:15:37:47 +0800] "GET /music/moved200909/20090918.mp3 HTTP/1.1" 200 6246400 "http://box.zhangmen.baidu.com/flash/fmp.swf?v=20110519a&r=0.2616072443779558&r=0.12684508273378015&r=0.9834600184112787&r=0.9129504899028689&r=0.7359071045648307&r=0.40083983447402716&r=0.6617830069735646&r=0.8957817498594522&r=0.9262714337091893&r=0.3557758165989071&r=0.2732037422247231&r=0.9566669042687863&r=0.5739311350043863&r=0.6081574452109635" "Mozilla/5.0 (Windows NT 5.1) AppleWebKit/535.11 (KHTML, like Gecko) Chrome/17.0.963.15 Safari/535.11 QQBrowser/6.12.12934.201"
38.107.179.234 - - [18/May/2012:15:39:53 +0800] "GET /2008-08/%c8%d5%d3%ef%c9%fa%bb%ee%d6%d0%d7%ee%b3%a3%cb%b5%b5%c4900%be%e4%a3%a81-32%c6%da%a3%a9.rar HTTP/1.1" 200 12056210 "-" "CCBot/1.0 (+http://www.commoncrawl.org/bot.html)"
218.87.171.76 - - [18/May/2012:15:41:33 +0800] "GET /music/moved200909/20090921.mp3 HTTP/1.1" 200 4828683 "http://download.jptranslate.com/" "Mozilla/4.0 (compatible; MSIE 8.0; Windows NT 5.1; Microsoft Windows Media Center PC 6.0; .NET CLR 2.0.50727)"
218.87.171.76 - - [18/May/2012:15:41:35 +0800] "GET /music/moved200909/20090921.mp3 HTTP/1.1" 206 175627 "http://download.jptranslate.com/" "Mozilla/4.0 (compatible; MSIE 8.0; Windows NT 5.1; Microsoft Windows Media Center PC 6.0; .NET CLR 2.0.50727)"
218.87.171.76 - - [18/May/2012:15:41:35 +0800] "GET /music/moved200909/20090921.mp3 HTTP/1.1" 206 175627 "http://download.jptranslate.com/" "Mozilla/4.0 (compatible; MSIE 8.0; Windows NT 5.1; Microsoft Windows Media Center PC 6.0; .NET CLR 2.0.50727)"
218.87.171.76 - - [18/May/2012:15:41:36 +0800] "GET /music/moved200909/20090921.mp3 HTTP/1.1" 206 175627 "http://download.jptranslate.com/" "Mozilla/4.0 (compatible; MSIE 8.0; Windows NT 5.1; Microsoft Windows Media Center PC 6.0; .NET CLR 2.0.50727)"
218.87.171.76 - - [18/May/2012:15:41:35 +0800] "GET /music/moved200909/20090921.mp3 HTTP/1.1" 206 175627 "http://download.jptranslate.com/" "Mozilla/4.0 (compatible; MSIE 8.0; Windows NT 5.1; Microsoft Windows Media Center PC 6.0; .NET CLR 2.0.50727)"
218.87.171.76 - - [18/May/2012:15:41:37 +0800] "GET /music/moved200909/20090921.mp3 HTTP/1.1" 503 466 "http://download.jptranslate.com/" "Mozilla/4.0 (compatible; MSIE 8.0; Windows NT 5.1; Microsoft Windows Media Center PC 6.0; .NET CLR 2.0.50727)"
218.87.171.76 - - [18/May/2012:15:41:35 +0800] "GET /music/moved200909/20090921.mp3 HTTP/1.1" 206 175627 "http://download.jptranslate.com/" "Mozilla/4.0 (compatible; MSIE 8.0; Windows NT 5.1; Microsoft Windows Media Center PC 6.0; .NET CLR 2.0.50727)"
218.87.171.76 - - [18/May/2012:15:41:37 +0800] "GET /music/moved200909/20090921.mp3 HTTP/1.1" 206 110091 "http://download.jptranslate.com/" "Mozilla/4.0 (compatible; MSIE 8.0; Windows NT 5.1; Microsoft Windows Media Center PC 6.0; .NET CLR 2.0.50727)"
218.87.171.76 - - [18/May/2012:15:41:37 +0800] "GET /music/moved200909/20090921.mp3 HTTP/1.1" 206 110091 "http://download.jptranslate.com/" "Mozilla/4.0 (compatible; MSIE 8.0; Windows NT 5.1; Microsoft Windows Media Center PC 6.0; .NET CLR 2.0.50727)"
218.87.171.76 - - [18/May/2012:15:41:37 +0800] "GET /music/moved200909/20090921.mp3 HTTP/1.1" 206 110091 "http://download.jptranslate.com/" "Mozilla/4.0 (compatible; MSIE 8.0; Windows NT 5.1; Microsoft Windows Media Center PC 6.0; .NET CLR 2.0.50727)"
218.87.171.76 - - [18/May/2012:15:41:37 +0800] "GET /music/moved200909/20090921.mp3 HTTP/1.1" 206 110091 "http://download.jptranslate.com/" "Mozilla/4.0 (compatible; MSIE 8.0; Windows NT 5.1; Microsoft Windows Media Center PC 6.0; .NET CLR 2.0.50727)"
218.87.171.76 - - [18/May/2012:15:41:39 +0800] "GET /music/moved200909/20090921.mp3 HTTP/1.1" 206 44555 "http://download.jptranslate.com/" "Mozilla/4.0 (compatible; MSIE 8.0; Windows NT 5.1; Microsoft Windows Media Center PC 6.0; .NET CLR 2.0.50727)"
218.87.171.76 - - [18/May/2012:15:41:39 +0800] "GET /music/moved200909/20090921.mp3 HTTP/1.1" 206 44555 "http://download.jptranslate.com/" "Mozilla/4.0 (compatible; MSIE 8.0; Windows NT 5.1; Microsoft Windows Media Center PC 6.0; .NET CLR 2.0.50727)"
218.87.171.76 - - [18/May/2012:15:41:39 +0800] "GET /music/moved200909/20090921.mp3 HTTP/1.1" 206 44555 "http://download.jptranslate.com/" "Mozilla/4.0 (compatible; MSIE 8.0; Windows NT 5.1; Microsoft Windows Media Center PC 6.0; .NET CLR 2.0.50727)"
218.87.171.76 - - [18/May/2012:15:41:39 +0800] "GET /music/moved200909/20090921.mp3 HTTP/1.1" 206 44555 "http://download.jptranslate.com/" "Mozilla/4.0 (compatible; MSIE 8.0; Windows NT 5.1; Microsoft Windows Media Center PC 6.0; .NET CLR 2.0.50727)"
218.87.171.76 - - [18/May/2012:15:41:39 +0800] "GET /music/moved200909/20090921.mp3 HTTP/1.1" 206 44555 "http://download.jptranslate.com/" "Mozilla/4.0 (compatible; MSIE 8.0; Windows NT 5.1; Microsoft Windows Media Center PC 6.0; .NET CLR 2.0.50727)"
218.87.171.76 - - [18/May/2012:15:41:41 +0800] "GET /music/moved200909/20090921.mp3 HTTP/1.1" 503 466 "http://download.jptranslate.com/" "Mozilla/4.0 (compatible; MSIE 8.0; Windows NT 5.1; Microsoft Windows Media Center PC 6.0; .NET CLR 2.0.50727)"
218.87.171.76 - - [18/May/2012:15:41:41 +0800] "GET /music/moved200909/20090921.mp3 HTTP/1.1" 206 4763147 "http://download.jptranslate.com/" "Mozilla/4.0 (compatible; MSIE 8.0; Windows NT 5.1; Microsoft Windows Media Center PC 6.0; .NET CLR 2.0.50727)"
218.87.171.76 - - [18/May/2012:15:41:41 +0800] "GET /music/moved200909/20090921.mp3 HTTP/1.1" 206 4763147 "http://download.jptranslate.com/" "Mozilla/4.0 (compatible; MSIE 8.0; Windows NT 5.1; Microsoft Windows Media Center PC 6.0; .NET CLR 2.0.50727)"
218.87.171.76 - - [18/May/2012:15:41:41 +0800] "GET /music/moved200909/20090921.mp3 HTTP/1.1" 206 4763147 "http://download.jptranslate.com/" "Mozilla/4.0 (compatible; MSIE 8.0; Windows NT 5.1; Microsoft Windows Media Center PC 6.0; .NET CLR 2.0.50727)"
218.87.171.76 - - [18/May/2012:15:41:44 +0800] "GET /music/moved200909/20090921.mp3 HTTP/1.1" 206 4697611 "http://download.jptranslate.com/" "Mozilla/4.0 (compatible; MSIE 8.0; Windows NT 5.1; Microsoft Windows Media Center PC 6.0; .NET CLR 2.0.50727)"
218.87.171.76 - - [18/May/2012:15:41:44 +0800] "GET /music/moved200909/20090921.mp3 HTTP/1.1" 206 4697611 "http://download.jptranslate.com/" "Mozilla/4.0 (compatible; MSIE 8.0; Windows NT 5.1; Microsoft Windows Media Center PC 6.0; .NET CLR 2.0.50727)"
218.87.171.76 - - [18/May/2012:15:41:45 +0800] "GET /music/moved200909/20090921.mp3 HTTP/1.1" 503 466 "http://download.jptranslate.com/" "Mozilla/4.0 (compatible; MSIE 8.0; Windows NT 5.1; Microsoft Windows Media Center PC 6.0; .NET CLR 2.0.50727)"
218.87.171.76 - - [18/May/2012:15:41:44 +0800] "GET /music/moved200909/20090921.mp3 HTTP/1.1" 206 4697611 "http://download.jptranslate.com/" "Mozilla/4.0 (compatible; MSIE 8.0; Windows NT 5.1; Microsoft Windows Media Center PC 6.0; .NET CLR 2.0.50727)"
218.87.171.76 - - [18/May/2012:15:41:45 +0800] "GET /music/moved200909/20090921.mp3 HTTP/1.1" 206 4632075 "http://download.jptranslate.com/" "Mozilla/4.0 (compatible; MSIE 8.0; Windows NT 5.1; Microsoft Windows Media Center PC 6.0; .NET CLR 2.0.50727)"
218.87.171.76 - - [18/May/2012:15:41:45 +0800] "GET /music/moved200909/20090921.mp3 HTTP/1.1" 206 4632075 "http://download.jptranslate.com/" "Mozilla/4.0 (compatible; MSIE 8.0; Windows NT 5.1; Microsoft Windows Media Center PC 6.0; .NET CLR 2.0.50727)"
218.87.171.76 - - [18/May/2012:15:41:47 +0800] "GET /music/moved200909/20090921.mp3 HTTP/1.1" 503 466 "http://download.jptranslate.com/" "Mozilla/4.0 (compatible; MSIE 8.0; Windows NT 5.1; Microsoft Windows Media Center PC 6.0; .NET CLR 2.0.50727)"
218.87.171.76 - - [18/May/2012:15:41:45 +0800] "GET /music/moved200909/20090921.mp3 HTTP/1.1" 206 4632075 "http://download.jptranslate.com/" "Mozilla/4.0 (compatible; MSIE 8.0; Windows NT 5.1; Microsoft Windows Media Center PC 6.0; .NET CLR 2.0.50727)"
218.87.171.76 - - [18/May/2012:15:41:41 +0800] "GET /music/moved200909/20090921.mp3 HTTP/1.1" 206 4763147 "http://download.jptranslate.com/" "Mozilla/4.0 (compatible; MSIE 8.0; Windows NT 5.1; Microsoft Windows Media Center PC 6.0; .NET CLR 2.0.50727)"
218.87.171.76 - - [18/May/2012:15:41:47 +0800] "GET /music/moved200909/20090921.mp3 HTTP/1.1" 206 4435467 "http://download.jptranslate.com/" "Mozilla/4.0 (compatible; MSIE 8.0; Windows NT 5.1; Microsoft Windows Media Center PC 6.0; .NET CLR 2.0.50727)"
218.87.171.76 - - [18/May/2012:15:41:47 +0800] "GET /music/moved200909/20090921.mp3 HTTP/1.1" 206 4566539 "http://download.jptranslate.com/" "Mozilla/4.0 (compatible; MSIE 8.0; Windows NT 5.1; Microsoft Windows Media Center PC 6.0; .NET CLR 2.0.50727)"
218.87.171.76 - - [18/May/2012:15:41:51 +0800] "GET /music/moved200909/20090921.mp3 HTTP/1.1" 503 466 "http://download.jptranslate.com/" "Mozilla/4.0 (compatible; MSIE 8.0; Windows NT 5.1; Microsoft Windows Media Center PC 6.0; .NET CLR 2.0.50727)"
218.87.171.76 - - [18/May/2012:15:41:49 +0800] "GET /music/moved200909/20090921.mp3 HTTP/1.1" 206 4304395 "http://download.jptranslate.com/" "Mozilla/4.0 (compatible; MSIE 8.0; Windows NT 5.1; Microsoft Windows Media Center PC 6.0; .NET CLR 2.0.50727)"
218.87.171.76 - - [18/May/2012:15:41:50 +0800] "GET /music/moved200909/20090921.mp3 HTTP/1.1" 206 4238859 "http://download.jptranslate.com/" "Mozilla/4.0 (compatible; MSIE 8.0; Windows NT 5.1; Microsoft Windows Media Center PC 6.0; .NET CLR 2.0.50727)"
218.87.171.76 - - [18/May/2012:15:41:51 +0800] "GET /music/moved200909/20090921.mp3 HTTP/1.1" 206 4173323 "http://download.jptranslate.com/" "Mozilla/4.0 (compatible; MSIE 8.0; Windows NT 5.1; Microsoft Windows Media Center PC 6.0; .NET CLR 2.0.50727)"
218.87.171.76 - - [18/May/2012:15:41:47 +0800] "GET /music/moved200909/20090921.mp3 HTTP/1.1" 206 4369931 "http://download.jptranslate.com/" "Mozilla/4.0 (compatible; MSIE 8.0; Windows NT 5.1; Microsoft Windows Media Center PC 6.0; .NET CLR 2.0.50727)"
218.87.171.76 - - [18/May/2012:15:41:54 +0800] "GET /music/moved200909/20090921.mp3 HTTP/1.1" 206 3911179 "http://download.jptranslate.com/" "Mozilla/4.0 (compatible; MSIE 8.0; Windows NT 5.1; Microsoft Windows Media Center PC 6.0; .NET CLR 2.0.50727)"
218.87.171.76 - - [18/May/2012:15:41:53 +0800] "GET /music/moved200909/20090921.mp3 HTTP/1.1" 206 3976715 "http://download.jptranslate.com/" "Mozilla/4.0 (compatible; MSIE 8.0; Windows NT 5.1; Microsoft Windows Media Center PC 6.0; .NET CLR 2.0.50727)"
218.87.171.76 - - [18/May/2012:15:41:56 +0800] "GET /music/moved200909/20090921.mp3 HTTP/1.1" 503 466 "http://download.jptranslate.com/" "Mozilla/4.0 (compatible; MSIE 8.0; Windows NT 5.1; Microsoft Windows Media Center PC 6.0; .NET CLR 2.0.50727)"
218.87.171.76 - - [18/May/2012:15:41:51 +0800] "GET /music/moved200909/20090921.mp3 HTTP/1.1" 206 4107787 "http://download.jptranslate.com/" "Mozilla/4.0 (compatible; MSIE 8.0; Windows NT 5.1; Microsoft Windows Media Center PC 6.0; .NET CLR 2.0.50727)"
218.87.171.76 - - [18/May/2012:15:41:56 +0800] "GET /music/moved200909/20090921.mp3 HTTP/1.1" 206 3714571 "http://download.jptranslate.com/" "Mozilla/4.0 (compatible; MSIE 8.0; Windows NT 5.1; Microsoft Windows Media Center PC 6.0; .NET CLR 2.0.50727)"
218.87.171.76 - - [18/May/2012:15:41:54 +0800] "GET /music/moved200909/20090921.mp3 HTTP/1.1" 206 3780107 "http://download.jptranslate.com/" "Mozilla/4.0 (compatible; MSIE 8.0; Windows NT 5.1; Microsoft Windows Media Center PC 6.0; .NET CLR 2.0.50727)"
218.87.171.76 - - [18/May/2012:15:41:54 +0800] "GET /music/moved200909/20090921.mp3 HTTP/1.1" 206 3845643 "http://download.jptranslate.com/" "Mozilla/4.0 (compatible; MSIE 8.0; Windows NT 5.1; Microsoft Windows Media Center PC 6.0; .NET CLR 2.0.50727)"
218.87.171.76 - - [18/May/2012:15:41:59 +0800] "GET /music/moved200909/20090921.mp3 HTTP/1.1" 206 3321355 "http://download.jptranslate.com/" "Mozilla/4.0 (compatible; MSIE 8.0; Windows NT 5.1; Microsoft Windows Media Center PC 6.0; .NET CLR 2.0.50727)"
218.87.171.76 - - [18/May/2012:15:42:00 +0800] "GET /music/moved200909/20090921.mp3 HTTP/1.1" 206 3583499 "http://download.jptranslate.com/" "Mozilla/4.0 (compatible; MSIE 8.0; Windows NT 5.1; Microsoft Windows Media Center PC 6.0; .NET CLR 2.0.50727)"
218.87.171.76 - - [18/May/2012:15:41:59 +0800] "GET /music/moved200909/20090921.mp3 HTTP/1.1" 206 3255819 "http://download.jptranslate.com/" "Mozilla/4.0 (compatible; MSIE 8.0; Windows NT 5.1; Microsoft Windows Media Center PC 6.0; .NET CLR 2.0.50727)"
218.87.171.76 - - [18/May/2012:15:42:01 +0800] "GET /music/moved200909/20090921.mp3 HTTP/1.1" 206 2862603 "http://download.jptranslate.com/" "Mozilla/4.0 (compatible; MSIE 8.0; Windows NT 5.1; Microsoft Windows Media Center PC 6.0; .NET CLR 2.0.50727)"
218.87.171.76 - - [18/May/2012:15:42:01 +0800] "GET /music/moved200909/20090921.mp3 HTTP/1.1" 206 2928139 "http://download.jptranslate.com/" "Mozilla/4.0 (compatible; MSIE 8.0; Windows NT 5.1; Microsoft Windows Media Center PC 6.0; .NET CLR 2.0.50727)"
218.87.171.76 - - [18/May/2012:15:42:03 +0800] "GET /music/moved200909/20090921.mp3 HTTP/1.1" 206 2469387 "http://download.jptranslate.com/" "Mozilla/4.0 (compatible; MSIE 8.0; Windows NT 5.1; Microsoft Windows Media Center PC 6.0; .NET CLR 2.0.50727)"
218.87.171.76 - - [18/May/2012:15:41:56 +0800] "GET /music/moved200909/20090921.mp3 HTTP/1.1" 206 3649035 "http://download.jptranslate.com/" "Mozilla/4.0 (compatible; MSIE 8.0; Windows NT 5.1; Microsoft Windows Media Center PC 6.0; .NET CLR 2.0.50727)"
218.87.171.76 - - [18/May/2012:15:42:06 +0800] "GET /music/moved200909/20090921.mp3 HTTP/1.1" 206 2076171 "http://download.jptranslate.com/" "Mozilla/4.0 (compatible; MSIE 8.0; Windows NT 5.1; Microsoft Windows Media Center PC 6.0; .NET CLR 2.0.50727)"
218.87.171.76 - - [18/May/2012:15:42:04 +0800] "GET /music/moved200909/20090921.mp3 HTTP/1.1" 206 2403851 "http://download.jptranslate.com/" "Mozilla/4.0 (compatible; MSIE 8.0; Windows NT 5.1; Microsoft Windows Media Center PC 6.0; .NET CLR 2.0.50727)"
218.87.171.76 - - [18/May/2012:15:42:02 +0800] "GET /music/moved200909/20090921.mp3 HTTP/1.1" 206 2797067 "http://download.jptranslate.com/" "Mozilla/4.0 (compatible; MSIE 8.0; Windows NT 5.1; Microsoft Windows Media Center PC 6.0; .NET CLR 2.0.50727)"
218.87.171.76 - - [18/May/2012:15:42:10 +0800] "GET /music/moved200909/20090921.mp3 HTTP/1.1" 206 2993675 "http://download.jptranslate.com/" "Mozilla/4.0 (compatible; MSIE 8.0; Windows NT 5.1; Microsoft Windows Media Center PC 6.0; .NET CLR 2.0.50727)"
218.87.171.76 - - [18/May/2012:15:42:09 +0800] "GET /music/moved200909/20090921.mp3 HTTP/1.1" 206 3059211 "http://download.jptranslate.com/" "Mozilla/4.0 (compatible; MSIE 8.0; Windows NT 5.1; Microsoft Windows Media Center PC 6.0; .NET CLR 2.0.50727)"
218.87.171.76 - - [18/May/2012:15:42:00 +0800] "GET /music/moved200909/20090921.mp3 HTTP/1.1" 206 3190283 "http://download.jptranslate.com/" "Mozilla/4.0 (compatible; MSIE 8.0; Windows NT 5.1; Microsoft Windows Media Center PC 6.0; .NET CLR 2.0.50727)"
218.87.171.76 - - [18/May/2012:15:42:15 +0800] "GET /music/moved200909/20090921.mp3 HTTP/1.1" 503 466 "http://download.jptranslate.com/" "Mozilla/4.0 (compatible; MSIE 8.0; Windows NT 5.1; Microsoft Windows Media Center PC 6.0; .NET CLR 2.0.50727)"
218.87.171.76 - - [18/May/2012:15:42:12 +0800] "GET /music/moved200909/20090921.mp3 HTTP/1.1" 206 2338315 "http://download.jptranslate.com/" "Mozilla/4.0 (compatible; MSIE 8.0; Windows NT 5.1; Microsoft Windows Media Center PC 6.0; .NET CLR 2.0.50727)"
218.87.171.76 - - [18/May/2012:15:42:13 +0800] "GET /music/moved200909/20090921.mp3 HTTP/1.1" 206 2141707 "http://download.jptranslate.com/" "Mozilla/4.0 (compatible; MSIE 8.0; Windows NT 5.1; Microsoft Windows Media Center PC 6.0; .NET CLR 2.0.50727)"
218.87.171.76 - - [18/May/2012:15:42:13 +0800] "GET /music/moved200909/20090921.mp3 HTTP/1.1" 206 2272779 "http://download.jptranslate.com/" "Mozilla/4.0 (compatible; MSIE 8.0; Windows NT 5.1; Microsoft Windows Media Center PC 6.0; .NET CLR 2.0.50727)"
218.87.171.76 - - [18/May/2012:15:42:13 +0800] "GET /music/moved200909/20090921.mp3 HTTP/1.1" 206 2207243 "http://download.jptranslate.com/" "Mozilla/4.0 (compatible; MSIE 8.0; Windows NT 5.1; Microsoft Windows Media Center PC 6.0; .NET CLR 2.0.50727)"
218.87.171.76 - - [18/May/2012:15:42:17 +0800] "GET /music/moved200909/20090921.mp3 HTTP/1.1" 206 1486347 "http://download.jptranslate.com/" "Mozilla/4.0 (compatible; MSIE 8.0; Windows NT 5.1; Microsoft Windows Media Center PC 6.0; .NET CLR 2.0.50727)"
218.87.171.76 - - [18/May/2012:15:42:17 +0800] "GET /music/moved200909/20090921.mp3 HTTP/1.1" 206 1551883 "http://download.jptranslate.com/" "Mozilla/4.0 (compatible; MSIE 8.0; Windows NT 5.1; Microsoft Windows Media Center PC 6.0; .NET CLR 2.0.50727)"
218.87.171.76 - - [18/May/2012:15:42:19 +0800] "GET /music/moved200909/20090921.mp3 HTTP/1.1" 206 1617419 "http://download.jptranslate.com/" "Mozilla/4.0 (compatible; MSIE 8.0; Windows NT 5.1; Microsoft Windows Media Center PC 6.0; .NET CLR 2.0.50727)"
218.87.171.76 - - [18/May/2012:15:42:20 +0800] "GET /music/moved200909/20090921.mp3 HTTP/1.1" 206 896523 "http://download.jptranslate.com/" "Mozilla/4.0 (compatible; MSIE 8.0; Windows NT 5.1; Microsoft Windows Media Center PC 6.0; .NET CLR 2.0.50727)"
218.87.171.76 - - [18/May/2012:15:42:22 +0800] "GET /music/moved200909/20090921.mp3 HTTP/1.1" 503 466 "http://download.jptranslate.com/" "Mozilla/4.0 (compatible; MSIE 8.0; Windows NT 5.1; Microsoft Windows Media Center PC 6.0; .NET CLR 2.0.50727)"
218.87.171.76 - - [18/May/2012:15:42:20 +0800] "GET /music/moved200909/20090921.mp3 HTTP/1.1" 206 830987 "http://download.jptranslate.com/" "Mozilla/4.0 (compatible; MSIE 8.0; Windows NT 5.1; Microsoft Windows Media Center PC 6.0; .NET CLR 2.0.50727)"
218.87.171.76 - - [18/May/2012:15:42:20 +0800] "GET /music/moved200909/20090921.mp3 HTTP/1.1" 206 962059 "http://download.jptranslate.com/" "Mozilla/4.0 (compatible; MSIE 8.0; Windows NT 5.1; Microsoft Windows Media Center PC 6.0; .NET CLR 2.0.50727)"
218.87.171.76 - - [18/May/2012:15:42:22 +0800] "GET /music/moved200909/20090921.mp3 HTTP/1.1" 206 1617419 "http://download.jptranslate.com/" "Mozilla/4.0 (compatible; MSIE 8.0; Windows NT 5.1; Microsoft Windows Media Center PC 6.0; .NET CLR 2.0.50727)"
218.87.171.76 - - [18/May/2012:15:42:07 +0800] "GET /music/moved200909/20090921.mp3 HTTP/1.1" 206 2010635 "http://download.jptranslate.com/" "Mozilla/4.0 (compatible; MSIE 8.0; Windows NT 5.1; Microsoft Windows Media Center PC 6.0; .NET CLR 2.0.50727)"
218.87.171.76 - - [18/May/2012:15:42:24 +0800] "GET /music/moved200909/20090921.mp3 HTTP/1.1" 206 372235 "http://download.jptranslate.com/" "Mozilla/4.0 (compatible; MSIE 8.0; Windows NT 5.1; Microsoft Windows Media Center PC 6.0; .NET CLR 2.0.50727)"
218.87.171.76 - - [18/May/2012:15:42:26 +0800] "GET /music/moved200909/20090921.mp3 HTTP/1.1" 206 503307 "http://download.jptranslate.com/" "Mozilla/4.0 (compatible; MSIE 8.0; Windows NT 5.1; Microsoft Windows Media Center PC 6.0; .NET CLR 2.0.50727)"
218.87.171.76 - - [18/May/2012:15:42:23 +0800] "GET /music/moved200909/20090921.mp3 HTTP/1.1" 206 437771 "http://download.jptranslate.com/" "Mozilla/4.0 (compatible; MSIE 8.0; Windows NT 5.1; Microsoft Windows Media Center PC 6.0; .NET CLR 2.0.50727)"
218.87.171.76 - - [18/May/2012:15:42:26 +0800] "GET /music/moved200909/20090921.mp3 HTTP/1.1" 206 1027595 "http://download.jptranslate.com/" "Mozilla/4.0 (compatible; MSIE 8.0; Windows NT 5.1; Microsoft Windows Media Center PC 6.0; .NET CLR 2.0.50727)"
218.87.171.76 - - [18/May/2012:15:42:17 +0800] "GET /music/moved200909/20090921.mp3 HTTP/1.1" 206 1420811 "http://download.jptranslate.com/" "Mozilla/4.0 (compatible; MSIE 8.0; Windows NT 5.1; Microsoft Windows Media Center PC 6.0; .NET CLR 2.0.50727)"
218.87.171.76 - - [18/May/2012:15:42:27 +0800] "GET /music/moved200909/20090921.mp3 HTTP/1.1" 206 241163 "http://download.jptranslate.com/" "Mozilla/4.0 (compatible; MSIE 8.0; Windows NT 5.1; Microsoft Windows Media Center PC 6.0; .NET CLR 2.0.50727)"
218.87.171.76 - - [18/May/2012:15:42:29 +0800] "GET /music/moved200909/20090921.mp3 HTTP/1.1" 206 634379 "http://download.jptranslate.com/" "Mozilla/4.0 (compatible; MSIE 8.0; Windows NT 5.1; Microsoft Windows Media Center PC 6.0; .NET CLR 2.0.50727)"
