124.165.213.35 - - [18/May/2012:14:28:12 +0800] "GET /music/moved200909/20090914.mp3 HTTP/1.1" 503 466 "http://download.jptranslate.com/" "Mozilla/4.0 (compatible; MSIE 9.0; Windows NT 6.1; SLCC2; .NET CLR 2.0.50727; .NET CLR 3.5.30729; .NET CLR 3.0.30729; .NET4.0C; MATP; Media Center PC 6.0; MATP; doyo 2.0.3)"
124.165.213.35 - - [18/May/2012:14:28:12 +0800] "GET /music/moved200909/20090914.mp3 HTTP/1.1" 503 466 "http://download.jptranslate.com/" "Mozilla/4.0 (compatible; MSIE 9.0; Windows NT 6.1; SLCC2; .NET CLR 2.0.50727; .NET CLR 3.5.30729; .NET CLR 3.0.30729; .NET4.0C; MATP; Media Center PC 6.0; MATP; doyo 2.0.3)"
124.165.213.35 - - [18/May/2012:14:28:12 +0800] "GET /music/moved200909/20090914.mp3 HTTP/1.1" 503 466 "http://download.jptranslate.com/" "Mozilla/4.0 (compatible; MSIE 9.0; Windows NT 6.1; SLCC2; .NET CLR 2.0.50727; .NET CLR 3.5.30729; .NET CLR 3.0.30729; .NET4.0C; MATP; Media Center PC 6.0; MATP; doyo 2.0.3)"
124.165.213.35 - - [18/May/2012:14:28:12 +0800] "GET /music/moved200909/20090914.mp3 HTTP/1.1" 503 466 "http://download.jptranslate.com/" "Mozilla/4.0 (compatible; MSIE 9.0; Windows NT 6.1; SLCC2; .NET CLR 2.0.50727; .NET CLR 3.5.30729; .NET CLR 3.0.30729; .NET4.0C; MATP; Media Center PC 6.0; MATP; doyo 2.0.3)"
124.165.213.35 - - [18/May/2012:14:28:11 +0800] "GET /music/moved200909/20090914.mp3 HTTP/1.1" 206 81933 "http://download.jptranslate.com/" "Mozilla/4.0 (compatible; MSIE 9.0; Windows NT 6.1; SLCC2; .NET CLR 2.0.50727; .NET CLR 3.5.30729; .NET CLR 3.0.30729; .NET4.0C; MATP; Media Center PC 6.0; MATP; doyo 2.0.3)"
124.165.213.35 - - [18/May/2012:14:28:11 +0800] "GET /music/moved200909/20090914.mp3 HTTP/1.1" 206 81933 "http://download.jptranslate.com/" "Mozilla/4.0 (compatible; MSIE 9.0; Windows NT 6.1; SLCC2; .NET CLR 2.0.50727; .NET CLR 3.5.30729; .NET CLR 3.0.30729; .NET4.0C; MATP; Media Center PC 6.0; MATP; doyo 2.0.3)"
124.165.213.35 - - [18/May/2012:14:28:11 +0800] "GET /music/moved200909/20090914.mp3 HTTP/1.1" 206 81933 "http://download.jptranslate.com/" "Mozilla/4.0 (compatible; MSIE 9.0; Windows NT 6.1; SLCC2; .NET CLR 2.0.50727; .NET CLR 3.5.30729; .NET CLR 3.0.30729; .NET4.0C; MATP; Media Center PC 6.0; MATP; doyo 2.0.3)"
124.165.213.35 - - [18/May/2012:14:28:11 +0800] "GET /music/moved200909/20090914.mp3 HTTP/1.1" 206 81933 "http://download.jptranslate.com/" "Mozilla/4.0 (compatible; MSIE 9.0; Windows NT 6.1; SLCC2; .NET CLR 2.0.50727; .NET CLR 3.5.30729; .NET CLR 3.0.30729; .NET4.0C; MATP; Media Center PC 6.0; MATP; doyo 2.0.3)"
124.165.213.35 - - [18/May/2012:14:28:10 +0800] "GET /music/moved200909/20090914.mp3 HTTP/1.1" 206 81933 "http://download.jptranslate.com/" "Mozilla/4.0 (compatible; MSIE 9.0; Windows NT 6.1; SLCC2; .NET CLR 2.0.50727; .NET CLR 3.5.30729; .NET CLR 3.0.30729; .NET4.0C; MATP; Media Center PC 6.0; MATP; doyo 2.0.3)"
1.85.17.130 - - [18/May/2012:14:28:11 +0800] "GET /2008-07/%d0%c2%c8%d5%b1%be%d3%ef%d3%ef%b7%a8%c9%cf%cf%c2%b2%e1.rar HTTP/1.1" 206 3475233 "http://download.jptranslate.com/" "Mozilla/4.0 (compatible; MSIE 6.0; Windows NT 5.1; .NET CLR 2.0.50727; .NET CLR 3.0.04506.648; .NET CLR 3.5.21022; InfoPath.3; .NET CLR 3.0.4506.2152; .NET CLR 3.5.30729)"
124.165.213.35 - - [18/May/2012:14:28:16 +0800] "GET /music/moved200909/20090914.mp3 HTTP/1.1" 206 16397 "http://download.jptranslate.com/" "Mozilla/4.0 (compatible; MSIE 9.0; Windows NT 6.1; SLCC2; .NET CLR 2.0.50727; .NET CLR 3.5.30729; .NET CLR 3.0.30729; .NET4.0C; MATP; Media Center PC 6.0; MATP; doyo 2.0.3)"
124.165.213.35 - - [18/May/2012:14:28:16 +0800] "GET /music/moved200909/20090914.mp3 HTTP/1.1" 206 16397 "http://download.jptranslate.com/" "Mozilla/4.0 (compatible; MSIE 9.0; Windows NT 6.1; SLCC2; .NET CLR 2.0.50727; .NET CLR 3.5.30729; .NET CLR 3.0.30729; .NET4.0C; MATP; Media Center PC 6.0; MATP; doyo 2.0.3)"
124.165.213.35 - - [18/May/2012:14:28:16 +0800] "GET /music/moved200909/20090914.mp3 HTTP/1.1" 206 16397 "http://download.jptranslate.com/" "Mozilla/4.0 (compatible; MSIE 9.0; Windows NT 6.1; SLCC2; .NET CLR 2.0.50727; .NET CLR 3.5.30729; .NET CLR 3.0.30729; .NET4.0C; MATP; Media Center PC 6.0; MATP; doyo 2.0.3)"
124.165.213.35 - - [18/May/2012:14:28:16 +0800] "GET /music/moved200909/20090914.mp3 HTTP/1.1" 206 16397 "http://download.jptranslate.com/" "Mozilla/4.0 (compatible; MSIE 9.0; Windows NT 6.1; SLCC2; .NET CLR 2.0.50727; .NET CLR 3.5.30729; .NET CLR 3.0.30729; .NET4.0C; MATP; Media Center PC 6.0; MATP; doyo 2.0.3)"
124.165.213.35 - - [18/May/2012:14:28:16 +0800] "GET /music/moved200909/20090914.mp3 HTTP/1.1" 206 16397 "http://download.jptranslate.com/" "Mozilla/4.0 (compatible; MSIE 9.0; Windows NT 6.1; SLCC2; .NET CLR 2.0.50727; .NET CLR 3.5.30729; .NET CLR 3.0.30729; .NET4.0C; MATP; Media Center PC 6.0; MATP; doyo 2.0.3)"
124.165.213.35 - - [18/May/2012:14:28:17 +0800] "GET /music/moved200909/20090914.mp3 HTTP/1.1" 206 16397 "http://download.jptranslate.com/" "Mozilla/4.0 (compatible; MSIE 9.0; Windows NT 6.1; SLCC2; .NET CLR 2.0.50727; .NET CLR 3.5.30729; .NET CLR 3.0.30729; .NET4.0C; MATP; Media Center PC 6.0; MATP; doyo 2.0.3)"
1.85.17.130 - - [18/May/2012:14:28:19 +0800] "GET /2008-07/%E6%96%B0%E6%97%A5%E6%9C%AC%E8%AF%AD%E8%AF%AD%E6%B3%95%E4%B8%8A%E4%B8%8B%E5%86%8C.rar HTTP/1.1" 404 380 "http://download.jptranslate.com/" "Mozilla/4.0 (compatible; MSIE 6.0; Windows NT 5.1; .NET CLR 2.0.50727; .NET CLR 3.0.04506.648; .NET CLR 3.5.21022; InfoPath.3; .NET CLR 3.0.4506.2152; .NET CLR 3.5.30729)"
124.165.213.35 - - [18/May/2012:14:28:21 +0800] "GET /music/moved200909/20090914.mp3 HTTP/1.1" 503 466 "http://download.jptranslate.com/" "Mozilla/4.0 (compatible; MSIE 9.0; Windows NT 6.1; SLCC2; .NET CLR 2.0.50727; .NET CLR 3.5.30729; .NET CLR 3.0.30729; .NET4.0C; MATP; Media Center PC 6.0; MATP; doyo 2.0.3)"
124.165.213.35 - - [18/May/2012:14:28:21 +0800] "GET /music/moved200909/20090914.mp3 HTTP/1.1" 503 466 "http://download.jptranslate.com/" "Mozilla/4.0 (compatible; MSIE 9.0; Windows NT 6.1; SLCC2; .NET CLR 2.0.50727; .NET CLR 3.5.30729; .NET CLR 3.0.30729; .NET4.0C; MATP; Media Center PC 6.0; MATP; doyo 2.0.3)"
124.165.213.35 - - [18/May/2012:14:28:21 +0800] "GET /music/moved200909/20090914.mp3 HTTP/1.1" 503 466 "http://download.jptranslate.com/" "Mozilla/4.0 (compatible; MSIE 9.0; Windows NT 6.1; SLCC2; .NET CLR 2.0.50727; .NET CLR 3.5.30729; .NET CLR 3.0.30729; .NET4.0C; MATP; Media Center PC 6.0; MATP; doyo 2.0.3)"
124.165.213.35 - - [18/May/2012:14:28:21 +0800] "GET /music/moved200909/20090914.mp3 HTTP/1.1" 503 466 "http://download.jptranslate.com/" "Mozilla/4.0 (compatible; MSIE 9.0; Windows NT 6.1; SLCC2; .NET CLR 2.0.50727; .NET CLR 3.5.30729; .NET CLR 3.0.30729; .NET4.0C; MATP; Media Center PC 6.0; MATP; doyo 2.0.3)"
124.165.213.35 - - [18/May/2012:14:28:20 +0800] "GET /music/moved200909/20090914.mp3 HTTP/1.1" 206 6569997 "http://download.jptranslate.com/" "Mozilla/4.0 (compatible; MSIE 9.0; Windows NT 6.1; SLCC2; .NET CLR 2.0.50727; .NET CLR 3.5.30729; .NET CLR 3.0.30729; .NET4.0C; MATP; Media Center PC 6.0; MATP; doyo 2.0.3)"
124.165.213.35 - - [18/May/2012:14:28:20 +0800] "GET /music/moved200909/20090914.mp3 HTTP/1.1" 206 6569997 "http://download.jptranslate.com/" "Mozilla/4.0 (compatible; MSIE 9.0; Windows NT 6.1; SLCC2; .NET CLR 2.0.50727; .NET CLR 3.5.30729; .NET CLR 3.0.30729; .NET4.0C; MATP; Media Center PC 6.0; MATP; doyo 2.0.3)"
124.165.213.35 - - [18/May/2012:14:28:20 +0800] "GET /music/moved200909/20090914.mp3 HTTP/1.1" 206 6569997 "http://download.jptranslate.com/" "Mozilla/4.0 (compatible; MSIE 9.0; Windows NT 6.1; SLCC2; .NET CLR 2.0.50727; .NET CLR 3.5.30729; .NET CLR 3.0.30729; .NET4.0C; MATP; Media Center PC 6.0; MATP; doyo 2.0.3)"
124.165.213.35 - - [18/May/2012:14:28:20 +0800] "GET /music/moved200909/20090914.mp3 HTTP/1.1" 206 6569997 "http://download.jptranslate.com/" "Mozilla/4.0 (compatible; MSIE 9.0; Windows NT 6.1; SLCC2; .NET CLR 2.0.50727; .NET CLR 3.5.30729; .NET CLR 3.0.30729; .NET4.0C; MATP; Media Center PC 6.0; MATP; doyo 2.0.3)"
1.85.17.130 - - [18/May/2012:14:27:38 +0800] "GET /2008-07/%d0%c2%c8%d5%b1%be%d3%ef%d3%ef%b7%a8%c9%cf%cf%c2%b2%e1.rar HTTP/1.1" 206 3523039 "http://download.jptranslate.com/" "Mozilla/4.0 (compatible; MSIE 6.0; Windows NT 5.1; .NET CLR 2.0.50727; .NET CLR 3.0.04506.648; .NET CLR 3.5.21022; InfoPath.3; .NET CLR 3.0.4506.2152; .NET CLR 3.5.30729)"
1.85.17.130 - - [18/May/2012:14:27:04 +0800] "GET /2008-07/%d0%c2%c8%d5%b1%be%d3%ef%d3%ef%b7%a8%c9%cf%cf%c2%b2%e1.rar HTTP/1.1" 206 335343 "http://download.jptranslate.com/" "Mozilla/4.0 (compatible; MSIE 6.0; Windows NT 5.1; .NET CLR 2.0.50727; .NET CLR 3.0.04506.648; .NET CLR 3.5.21022; InfoPath.3; .NET CLR 3.0.4506.2152; .NET CLR 3.5.30729)"
1.85.17.130 - - [18/May/2012:14:28:41 +0800] "GET /2008-07/%d0%c2%c8%d5%b1%be%d3%ef%d3%ef%b7%a8%c9%cf%cf%c2%b2%e1.rar HTTP/1.1" 206 8663719 "http://download.jptranslate.com/" "Mozilla/4.0 (compatible; MSIE 6.0; Windows NT 5.1; .NET CLR 2.0.50727; .NET CLR 3.0.04506.648; .NET CLR 3.5.21022; InfoPath.3; .NET CLR 3.0.4506.2152; .NET CLR 3.5.30729)"
1.85.17.130 - - [18/May/2012:14:27:34 +0800] "GET /2008-07/%d0%c2%c8%d5%b1%be%d3%ef%d3%ef%b7%a8%c9%cf%cf%c2%b2%e1.rar HTTP/1.1" 206 8768465 "http://download.jptranslate.com/" "Mozilla/4.0 (compatible; MSIE 6.0; Windows NT 5.1; .NET CLR 2.0.50727; .NET CLR 3.0.04506.648; .NET CLR 3.5.21022; InfoPath.3; .NET CLR 3.0.4506.2152; .NET CLR 3.5.30729)"
1.85.17.130 - - [18/May/2012:14:28:14 +0800] "GET /2008-07/%d0%c2%c8%d5%b1%be%d3%ef%d3%ef%b7%a8%c9%cf%cf%c2%b2%e1.rar HTTP/1.1" 206 23284251 "http://download.jptranslate.com/" "Mozilla/4.0 (compatible; MSIE 6.0; Windows NT 5.1; .NET CLR 2.0.50727; .NET CLR 3.0.04506.648; .NET CLR 3.5.21022; InfoPath.3; .NET CLR 3.0.4506.2152; .NET CLR 3.5.30729)"
1.85.17.130 - - [18/May/2012:14:29:03 +0800] "GET /2008-07/%d0%c2%c8%d5%b1%be%d3%ef%d3%ef%b7%a8%c9%cf%cf%c2%b2%e1.rar HTTP/1.1" 206 313816 "http://download.jptranslate.com/" "Mozilla/4.0 (compatible; MSIE 6.0; Windows NT 5.1; .NET CLR 2.0.50727; .NET CLR 3.0.04506.648; .NET CLR 3.5.21022; InfoPath.3; .NET CLR 3.0.4506.2152; .NET CLR 3.5.30729)"
1.85.17.130 - - [18/May/2012:14:29:06 +0800] "GET /2008-07/%d0%c2%c8%d5%b1%be%d3%ef%d3%ef%b7%a8%c9%cf%cf%c2%b2%e1.rar HTTP/1.1" 206 23169285 "http://download.jptranslate.com/" "Mozilla/4.0 (compatible; MSIE 6.0; Windows NT 5.1; .NET CLR 2.0.50727; .NET CLR 3.0.04506.648; .NET CLR 3.5.21022; InfoPath.3; .NET CLR 3.0.4506.2152; .NET CLR 3.5.30729)"
1.85.17.130 - - [18/May/2012:14:28:26 +0800] "GET /2008-07/%d0%c2%c8%d5%b1%be%d3%ef%d3%ef%b7%a8%c9%cf%cf%c2%b2%e1.rar HTTP/1.1" 206 335343 "http://download.jptranslate.com/" "Mozilla/4.0 (compatible; MSIE 6.0; Windows NT 5.1; .NET CLR 2.0.50727; .NET CLR 3.0.04506.648; .NET CLR 3.5.21022; InfoPath.3; .NET CLR 3.0.4506.2152; .NET CLR 3.5.30729)"
121.31.58.38 - - [18/May/2012:14:25:31 +0800] "GET /music/moved200909/20090921.mp3 HTTP/1.1" 200 4828683 "-" "Mozilla/4.0 (compatible; MSIE 5.00; Windows 98)"
1.85.17.130 - - [18/May/2012:14:29:36 +0800] "GET /2008-07/%d0%c2%c8%d5%b1%be%d3%ef%d3%ef%b7%a8%c9%cf%cf%c2%b2%e1.rar HTTP/1.1" 503 466 "http://download.jptranslate.com/" "Mozilla/4.0 (compatible; MSIE 6.0; Windows NT 5.1; .NET CLR 2.0.50727; .NET CLR 3.0.04506.648; .NET CLR 3.5.21022; InfoPath.3; .NET CLR 3.0.4506.2152; .NET CLR 3.5.30729)"
1.85.17.130 - - [18/May/2012:14:29:40 +0800] "GET /2008-07/%d0%c2%c8%d5%b1%be%d3%ef%d3%ef%b7%a8%c9%cf%cf%c2%b2%e1.rar HTTP/1.1" 503 466 "http://download.jptranslate.com/" "Mozilla/4.0 (compatible; MSIE 6.0; Windows NT 5.1; .NET CLR 2.0.50727; .NET CLR 3.0.04506.648; .NET CLR 3.5.21022; InfoPath.3; .NET CLR 3.0.4506.2152; .NET CLR 3.5.30729)"
38.107.179.234 - - [18/May/2012:14:28:53 +0800] "GET /2008-08/%a1%be%cd%bb%c6%c6%a3%a1%c8%d5%bc%ec4%bc%b6%cc%fd%c1%a6%a1%bf59-93.rar HTTP/1.1" 200 36567183 "-" "CCBot/1.0 (+http://www.commoncrawl.org/bot.html)"
1.85.17.130 - - [18/May/2012:14:29:03 +0800] "GET /2008-07/%d0%c2%c8%d5%b1%be%d3%ef%d3%ef%b7%a8%c9%cf%cf%c2%b2%e1.rar HTTP/1.1" 206 3394513 "http://download.jptranslate.com/" "Mozilla/4.0 (compatible; MSIE 6.0; Windows NT 5.1; .NET CLR 2.0.50727; .NET CLR 3.0.04506.648; .NET CLR 3.5.21022; InfoPath.3; .NET CLR 3.0.4506.2152; .NET CLR 3.5.30729)"
1.85.17.130 - - [18/May/2012:14:30:06 +0800] "GET /2008-07/%d0%c2%c8%d5%b1%be%d3%ef%d3%ef%b7%a8%c9%cf%cf%c2%b2%e1.rar HTTP/1.1" 206 741326 "http://download.jptranslate.com/" "Mozilla/4.0 (compatible; MSIE 6.0; Windows NT 5.1; .NET CLR 2.0.50727; .NET CLR 3.0.04506.648; .NET CLR 3.5.21022; InfoPath.3; .NET CLR 3.0.4506.2152; .NET CLR 3.5.30729)"
1.85.17.130 - - [18/May/2012:14:30:24 +0800] "GET /2008-07/%d0%c2%c8%d5%b1%be%d3%ef%d3%ef%b7%a8%c9%cf%cf%c2%b2%e1.rar HTTP/1.1" 503 466 "http://download.jptranslate.com/" "Mozilla/4.0 (compatible; MSIE 6.0; Windows NT 5.1; .NET CLR 2.0.50727; .NET CLR 3.0.04506.648; .NET CLR 3.5.21022; InfoPath.3; .NET CLR 3.0.4506.2152; .NET CLR 3.5.30729)"
1.85.17.130 - - [18/May/2012:14:30:08 +0800] "GET /2008-07/%d0%c2%c8%d5%b1%be%d3%ef%d3%ef%b7%a8%c9%cf%cf%c2%b2%e1.rar HTTP/1.1" 206 8663719 "http://download.jptranslate.com/" "Mozilla/4.0 (compatible; MSIE 6.0; Windows NT 5.1; .NET CLR 2.0.50727; .NET CLR 3.0.04506.648; .NET CLR 3.5.21022; InfoPath.3; .NET CLR 3.0.4506.2152; .NET CLR 3.5.30729)"
110.178.41.253 - - [18/May/2012:14:28:34 +0800] "GET /music/moved200909/20090921.mp3 HTTP/1.1" 200 4828683 "-" "Mozilla/4.0 (compatible; MSIE 5.00; Windows 98)"
1.85.17.130 - - [18/May/2012:14:28:33 +0800] "GET /2008-07/%d0%c2%c8%d5%b1%be%d3%ef%d3%ef%b7%a8%c9%cf%cf%c2%b2%e1.rar HTTP/1.1" 206 1952721 "http://download.jptranslate.com/" "Mozilla/4.0 (compatible; MSIE 6.0; Windows NT 5.1; .NET CLR 2.0.50727; .NET CLR 3.0.04506.648; .NET CLR 3.5.21022; InfoPath.3; .NET CLR 3.0.4506.2152; .NET CLR 3.5.30729)"
1.85.17.130 - - [18/May/2012:14:31:13 +0800] "GET /2008-07/%d0%c2%c8%d5%b1%be%d3%ef%d3%ef%b7%a8%c9%cf%cf%c2%b2%e1.rar HTTP/1.1" 503 466 "http://download.jptranslate.com/" "Mozilla/4.0 (compatible; MSIE 6.0; Windows NT 5.1; .NET CLR 2.0.50727; .NET CLR 3.0.04506.648; .NET CLR 3.5.21022; InfoPath.3; .NET CLR 3.0.4506.2152; .NET CLR 3.5.30729)"
124.165.213.35 - - [18/May/2012:14:31:13 +0800] "GET /music/moved200909/20090914.mp3 HTTP/1.1" 503 466 "http://download.jptranslate.com/" "Mozilla/4.0 (compatible; MSIE 9.0; Windows NT 6.1; SLCC2; .NET CLR 2.0.50727; .NET CLR 3.5.30729; .NET CLR 3.0.30729; .NET4.0C; MATP; Media Center PC 6.0; MATP; doyo 2.0.3)"
124.165.213.35 - - [18/May/2012:14:31:11 +0800] "GET /music/moved200909/20090914.mp3 HTTP/1.1" 206 1523725 "http://download.jptranslate.com/" "Mozilla/4.0 (compatible; MSIE 9.0; Windows NT 6.1; SLCC2; .NET CLR 2.0.50727; .NET CLR 3.5.30729; .NET CLR 3.0.30729; .NET4.0C; MATP; Media Center PC 6.0; MATP; doyo 2.0.3)"
124.165.213.35 - - [18/May/2012:14:31:12 +0800] "GET /music/moved200909/20090914.mp3 HTTP/1.1" 206 278541 "http://download.jptranslate.com/" "Mozilla/4.0 (compatible; MSIE 9.0; Windows NT 6.1; SLCC2; .NET CLR 2.0.50727; .NET CLR 3.5.30729; .NET CLR 3.0.30729; .NET4.0C; MATP; Media Center PC 6.0; MATP; doyo 2.0.3)"
124.165.213.35 - - [18/May/2012:14:31:12 +0800] "GET /music/moved200909/20090914.mp3 HTTP/1.1" 206 213005 "http://download.jptranslate.com/" "Mozilla/4.0 (compatible; MSIE 9.0; Windows NT 6.1; SLCC2; .NET CLR 2.0.50727; .NET CLR 3.5.30729; .NET CLR 3.0.30729; .NET4.0C; MATP; Media Center PC 6.0; MATP; doyo 2.0.3)"
124.165.213.35 - - [18/May/2012:14:31:17 +0800] "GET /music/moved200909/20090914.mp3 HTTP/1.1" 206 868365 "http://download.jptranslate.com/" "Mozilla/4.0 (compatible; MSIE 9.0; Windows NT 6.1; SLCC2; .NET CLR 2.0.50727; .NET CLR 3.5.30729; .NET CLR 3.0.30729; .NET4.0C; MATP; Media Center PC 6.0; MATP; doyo 2.0.3)"
1.85.17.130 - - [18/May/2012:14:31:07 +0800] "GET /2008-07/%d0%c2%c8%d5%b1%be%d3%ef%d3%ef%b7%a8%c9%cf%cf%c2%b2%e1.rar HTTP/1.1" 206 4967377 "http://download.jptranslate.com/" "Mozilla/4.0 (compatible; MSIE 6.0; Windows NT 5.1; .NET CLR 2.0.50727; .NET CLR 3.0.04506.648; .NET CLR 3.5.21022; InfoPath.3; .NET CLR 3.0.4506.2152; .NET CLR 3.5.30729)"
124.165.213.35 - - [18/May/2012:14:31:19 +0800] "GET /music/moved200909/20090914.mp3 HTTP/1.1" 503 466 "http://download.jptranslate.com/" "Mozilla/4.0 (compatible; MSIE 9.0; Windows NT 6.1; SLCC2; .NET CLR 2.0.50727; .NET CLR 3.5.30729; .NET CLR 3.0.30729; .NET4.0C; MATP; Media Center PC 6.0; MATP; doyo 2.0.3)"
124.165.213.35 - - [18/May/2012:14:31:17 +0800] "GET /music/moved200909/20090914.mp3 HTTP/1.1" 206 1392653 "http://download.jptranslate.com/" "Mozilla/4.0 (compatible; MSIE 9.0; Windows NT 6.1; SLCC2; .NET CLR 2.0.50727; .NET CLR 3.5.30729; .NET CLR 3.0.30729; .NET4.0C; MATP; Media Center PC 6.0; MATP; doyo 2.0.3)"
124.165.213.35 - - [18/May/2012:14:31:18 +0800] "GET /music/moved200909/20090914.mp3 HTTP/1.1" 206 1327117 "http://download.jptranslate.com/" "Mozilla/4.0 (compatible; MSIE 9.0; Windows NT 6.1; SLCC2; .NET CLR 2.0.50727; .NET CLR 3.5.30729; .NET CLR 3.0.30729; .NET4.0C; MATP; Media Center PC 6.0; MATP; doyo 2.0.3)"
124.165.213.35 - - [18/May/2012:14:28:19 +0800] "GET /music/moved200909/20090914.mp3 HTTP/1.1" 206 6569997 "http://download.jptranslate.com/" "Mozilla/4.0 (compatible; MSIE 9.0; Windows NT 6.1; SLCC2; .NET CLR 2.0.50727; .NET CLR 3.5.30729; .NET CLR 3.0.30729; .NET4.0C; MATP; Media Center PC 6.0; MATP; doyo 2.0.3)"
1.85.17.130 - - [18/May/2012:14:31:22 +0800] "GET /2008-07/%d0%c2%c8%d5%b1%be%d3%ef%d3%ef%b7%a8%c9%cf%cf%c2%b2%e1.rar HTTP/1.1" 206 4287571 "http://download.jptranslate.com/" "Mozilla/4.0 (compatible; MSIE 6.0; Windows NT 5.1; .NET CLR 2.0.50727; .NET CLR 3.0.04506.648; .NET CLR 3.5.21022; InfoPath.3; .NET CLR 3.0.4506.2152; .NET CLR 3.5.30729)"
124.165.213.35 - - [18/May/2012:14:31:12 +0800] "GET /music/moved200909/20090914.mp3 HTTP/1.1" 206 802829 "http://download.jptranslate.com/" "Mozilla/4.0 (compatible; MSIE 9.0; Windows NT 6.1; SLCC2; .NET CLR 2.0.50727; .NET CLR 3.5.30729; .NET CLR 3.0.30729; .NET4.0C; MATP; Media Center PC 6.0; MATP; doyo 2.0.3)"
124.165.213.35 - - [18/May/2012:14:31:18 +0800] "GET /music/moved200909/20090914.mp3 HTTP/1.1" 206 1261581 "http://download.jptranslate.com/" "Mozilla/4.0 (compatible; MSIE 9.0; Windows NT 6.1; SLCC2; .NET CLR 2.0.50727; .NET CLR 3.5.30729; .NET CLR 3.0.30729; .NET4.0C; MATP; Media Center PC 6.0; MATP; doyo 2.0.3)"
124.165.213.35 - - [18/May/2012:14:31:32 +0800] "GET /music/moved200909/20090914.mp3 HTTP/1.1" 206 868365 "http://download.jptranslate.com/" "Mozilla/4.0 (compatible; MSIE 9.0; Windows NT 6.1; SLCC2; .NET CLR 2.0.50727; .NET CLR 3.5.30729; .NET CLR 3.0.30729; .NET4.0C; MATP; Media Center PC 6.0; MATP; doyo 2.0.3)"
1.85.17.130 - - [18/May/2012:14:28:45 +0800] "GET /2008-07/%d0%c2%c8%d5%b1%be%d3%ef%d3%ef%b7%a8%c9%cf%cf%c2%b2%e1.rar HTTP/1.1" 206 8663719 "http://download.jptranslate.com/" "Mozilla/4.0 (compatible; MSIE 6.0; Windows NT 5.1; .NET CLR 2.0.50727; .NET CLR 3.0.04506.648; .NET CLR 3.5.21022; InfoPath.3; .NET CLR 3.0.4506.2152; .NET CLR 3.5.30729)"
1.85.17.130 - - [18/May/2012:14:32:12 +0800] "GET /2008-07/%d0%c2%c8%d5%b1%be%d3%ef%d3%ef%b7%a8%c9%cf%cf%c2%b2%e1.rar HTTP/1.1" 503 466 "http://download.jptranslate.com/" "Mozilla/4.0 (compatible; MSIE 6.0; Windows NT 5.1; .NET CLR 2.0.50727; .NET CLR 3.0.04506.648; .NET CLR 3.5.21022; InfoPath.3; .NET CLR 3.0.4506.2152; .NET CLR 3.5.30729)"
1.85.17.130 - - [18/May/2012:14:32:16 +0800] "GET /2008-07/%d0%c2%c8%d5%b1%be%d3%ef%d3%ef%b7%a8%c9%cf%cf%c2%b2%e1.rar HTTP/1.1" 503 466 "http://download.jptranslate.com/" "Mozilla/4.0 (compatible; MSIE 6.0; Windows NT 5.1; .NET CLR 2.0.50727; .NET CLR 3.0.04506.648; .NET CLR 3.5.21022; InfoPath.3; .NET CLR 3.0.4506.2152; .NET CLR 3.5.30729)"
1.85.17.130 - - [18/May/2012:14:32:16 +0800] "GET /2008-07/%d0%c2%c8%d5%b1%be%d3%ef%d3%ef%b7%a8%c9%cf%cf%c2%b2%e1.rar HTTP/1.1" 503 466 "http://download.jptranslate.com/" "Mozilla/4.0 (compatible; MSIE 6.0; Windows NT 5.1; .NET CLR 2.0.50727; .NET CLR 3.0.04506.648; .NET CLR 3.5.21022; InfoPath.3; .NET CLR 3.0.4506.2152; .NET CLR 3.5.30729)"
1.85.17.130 - - [18/May/2012:14:32:23 +0800] "GET /2008-07/%d0%c2%c8%d5%b1%be%d3%ef%d3%ef%b7%a8%c9%cf%cf%c2%b2%e1.rar HTTP/1.1" 503 466 "http://download.jptranslate.com/" "Mozilla/4.0 (compatible; MSIE 6.0; Windows NT 5.1; .NET CLR 2.0.50727; .NET CLR 3.0.04506.648; .NET CLR 3.5.21022; InfoPath.3; .NET CLR 3.0.4506.2152; .NET CLR 3.5.30729)"
1.85.17.130 - - [18/May/2012:14:32:26 +0800] "GET /2008-07/%E6%96%B0%E6%97%A5%E6%9C%AC%E8%AF%AD%E8%AF%AD%E6%B3%95%E4%B8%8A%E4%B8%8B%E5%86%8C.rar HTTP/1.1" 503 466 "http://download.jptranslate.com/" "Mozilla/4.0 (compatible; MSIE 6.0; Windows NT 5.1; .NET CLR 2.0.50727; .NET CLR 3.0.04506.648; .NET CLR 3.5.21022; InfoPath.3; .NET CLR 3.0.4506.2152; .NET CLR 3.5.30729)"
1.85.17.130 - - [18/May/2012:14:32:36 +0800] "GET /2008-07/%d0%c2%c8%d5%b1%be%d3%ef%d3%ef%b7%a8%c9%cf%cf%c2%b2%e1.rar HTTP/1.1" 503 466 "http://download.jptranslate.com/" "Mozilla/4.0 (compatible; MSIE 6.0; Windows NT 5.1; .NET CLR 2.0.50727; .NET CLR 3.0.04506.648; .NET CLR 3.5.21022; InfoPath.3; .NET CLR 3.0.4506.2152; .NET CLR 3.5.30729)"
1.85.17.130 - - [18/May/2012:14:32:44 +0800] "GET /2008-07/%d0%c2%c8%d5%b1%be%d3%ef%d3%ef%b7%a8%c9%cf%cf%c2%b2%e1.rar HTTP/1.1" 503 466 "http://download.jptranslate.com/" "Mozilla/4.0 (compatible; MSIE 6.0; Windows NT 5.1; .NET CLR 2.0.50727; .NET CLR 3.0.04506.648; .NET CLR 3.5.21022; InfoPath.3; .NET CLR 3.0.4506.2152; .NET CLR 3.5.30729)"
1.85.17.130 - - [18/May/2012:14:29:33 +0800] "GET /2008-07/%d0%c2%c8%d5%b1%be%d3%ef%d3%ef%b7%a8%c9%cf%cf%c2%b2%e1.rar HTTP/1.1" 206 3384667 "http://download.jptranslate.com/" "Mozilla/4.0 (compatible; MSIE 6.0; Windows NT 5.1; .NET CLR 2.0.50727; .NET CLR 3.0.04506.648; .NET CLR 3.5.21022; InfoPath.3; .NET CLR 3.0.4506.2152; .NET CLR 3.5.30729)"
1.85.17.130 - - [18/May/2012:14:29:19 +0800] "GET /2008-07/%d0%c2%c8%d5%b1%be%d3%ef%d3%ef%b7%a8%c9%cf%cf%c2%b2%e1.rar HTTP/1.1" 206 773073 "http://download.jptranslate.com/" "Mozilla/4.0 (compatible; MSIE 6.0; Windows NT 5.1; .NET CLR 2.0.50727; .NET CLR 3.0.04506.648; .NET CLR 3.5.21022; InfoPath.3; .NET CLR 3.0.4506.2152; .NET CLR 3.5.30729)"
1.85.17.130 - - [18/May/2012:14:33:11 +0800] "GET /2008-07/%d0%c2%c8%d5%b1%be%d3%ef%d3%ef%b7%a8%c9%cf%cf%c2%b2%e1.rar HTTP/1.1" 206 1690577 "http://download.jptranslate.com/" "Mozilla/4.0 (compatible; MSIE 6.0; Windows NT 5.1; .NET CLR 2.0.50727; .NET CLR 3.0.04506.648; .NET CLR 3.5.21022; InfoPath.3; .NET CLR 3.0.4506.2152; .NET CLR 3.5.30729)"
1.85.17.130 - - [18/May/2012:14:33:04 +0800] "GET /2008-07/%d0%c2%c8%d5%b1%be%d3%ef%d3%ef%b7%a8%c9%cf%cf%c2%b2%e1.rar HTTP/1.1" 206 15846353 "http://download.jptranslate.com/" "Mozilla/4.0 (compatible; MSIE 6.0; Windows NT 5.1; .NET CLR 2.0.50727; .NET CLR 3.0.04506.648; .NET CLR 3.5.21022; InfoPath.3; .NET CLR 3.0.4506.2152; .NET CLR 3.5.30729)"
220.181.51.217 - - [18/May/2012:14:33:49 +0800] "GET /music/moved200909/20090930.mp3? HTTP/1.0" 200 4239744 "-" "NSPlayer/10.0.0.4072 WMFSDK/10.0"
221.206.36.29 - - [18/May/2012:14:33:39 +0800] "GET /music/moved200909/20090921.mp3 HTTP/1.1" 200 4828683 "-" "Mozilla/4.0 (compatible; MSIE 5.00; Windows 98)"
113.88.7.188 - - [18/May/2012:14:31:55 +0800] "GET /music/moved200909/20090925.mp3 HTTP/1.1" 200 4126639 "-" "Mozilla/4.0 (compatible; MSIE 5.00; Windows 98)"
38.107.179.230 - - [18/May/2012:14:33:37 +0800] "GET /2008-08/%a1%be%cd%bb%c6%c6%a3%a1%c8%d5%bc%ec4%bc%b6%cc%fd%c1%a6%a1%bf94-133.rar HTTP/1.1" 200 43506056 "-" "CCBot/1.0 (+http://www.commoncrawl.org/bot.html)"
221.206.36.29 - - [18/May/2012:14:34:12 +0800] "GET /music/moved200909/20090921.mp3 HTTP/1.1" 200 4828683 "-" "Mozilla/4.0 (compatible; MSIE 5.00; Windows 98)"
1.85.17.130 - - [18/May/2012:14:31:01 +0800] "GET /2008-07/%d0%c2%c8%d5%b1%be%d3%ef%d3%ef%b7%a8%c9%cf%cf%c2%b2%e1.rar HTTP/1.1" 206 4312017 "http://download.jptranslate.com/" "Mozilla/4.0 (compatible; MSIE 6.0; Windows NT 5.1; .NET CLR 2.0.50727; .NET CLR 3.0.04506.648; .NET CLR 3.5.21022; InfoPath.3; .NET CLR 3.0.4506.2152; .NET CLR 3.5.30729)"
1.85.17.130 - - [18/May/2012:14:32:00 +0800] "GET /2008-07/%d0%c2%c8%d5%b1%be%d3%ef%d3%ef%b7%a8%c9%cf%cf%c2%b2%e1.rar HTTP/1.1" 206 313816 "http://download.jptranslate.com/" "Mozilla/4.0 (compatible; MSIE 6.0; Windows NT 5.1; .NET CLR 2.0.50727; .NET CLR 3.0.04506.648; .NET CLR 3.5.21022; InfoPath.3; .NET CLR 3.0.4506.2152; .NET CLR 3.5.30729)"
1.85.17.130 - - [18/May/2012:14:34:44 +0800] "GET /2008-07/%d0%c2%c8%d5%b1%be%d3%ef%d3%ef%b7%a8%c9%cf%cf%c2%b2%e1.rar HTTP/1.1" 206 21482449 "http://download.jptranslate.com/" "Mozilla/4.0 (compatible; MSIE 6.0; Windows NT 5.1; .NET CLR 2.0.50727; .NET CLR 3.0.04506.648; .NET CLR 3.5.21022; InfoPath.3; .NET CLR 3.0.4506.2152; .NET CLR 3.5.30729)"
1.85.17.130 - - [18/May/2012:14:35:01 +0800] "GET /2008-07/%d0%c2%c8%d5%b1%be%d3%ef%d3%ef%b7%a8%c9%cf%cf%c2%b2%e1.rar HTTP/1.1" 206 14793772 "http://download.jptranslate.com/" "Mozilla/4.0 (compatible; MSIE 6.0; Windows NT 5.1; .NET CLR 2.0.50727; .NET CLR 3.0.04506.648; .NET CLR 3.5.21022; InfoPath.3; .NET CLR 3.0.4506.2152; .NET CLR 3.5.30729)"
1.85.17.130 - - [18/May/2012:14:34:56 +0800] "GET /2008-07/%d0%c2%c8%d5%b1%be%d3%ef%d3%ef%b7%a8%c9%cf%cf%c2%b2%e1.rar HTTP/1.1" 206 4287571 "http://download.jptranslate.com/" "Mozilla/4.0 (compatible; MSIE 6.0; Windows NT 5.1; .NET CLR 2.0.50727; .NET CLR 3.0.04506.648; .NET CLR 3.5.21022; InfoPath.3; .NET CLR 3.0.4506.2152; .NET CLR 3.5.30729)"
1.85.17.130 - - [18/May/2012:14:32:11 +0800] "GET /2008-07/%d0%c2%c8%d5%b1%be%d3%ef%d3%ef%b7%a8%c9%cf%cf%c2%b2%e1.rar HTTP/1.1" 206 14797777 "http://download.jptranslate.com/" "Mozilla/4.0 (compatible; MSIE 6.0; Windows NT 5.1; .NET CLR 2.0.50727; .NET CLR 3.0.04506.648; .NET CLR 3.5.21022; InfoPath.3; .NET CLR 3.0.4506.2152; .NET CLR 3.5.30729)"
1.85.17.130 - - [18/May/2012:14:35:26 +0800] "GET /2008-07/%d0%c2%c8%d5%b1%be%d3%ef%d3%ef%b7%a8%c9%cf%cf%c2%b2%e1.rar HTTP/1.1" 206 25544594 "http://download.jptranslate.com/" "Mozilla/4.0 (compatible; MSIE 6.0; Windows NT 5.1; .NET CLR 2.0.50727; .NET CLR 3.0.04506.648; .NET CLR 3.5.21022; InfoPath.3; .NET CLR 3.0.4506.2152; .NET CLR 3.5.30729)"
1.85.17.130 - - [18/May/2012:14:34:54 +0800] "GET /2008-07/%d0%c2%c8%d5%b1%be%d3%ef%d3%ef%b7%a8%c9%cf%cf%c2%b2%e1.rar HTTP/1.1" 206 25545681 "http://download.jptranslate.com/" "Mozilla/4.0 (compatible; MSIE 6.0; Windows NT 5.1; .NET CLR 2.0.50727; .NET CLR 3.0.04506.648; .NET CLR 3.5.21022; InfoPath.3; .NET CLR 3.0.4506.2152; .NET CLR 3.5.30729)"
1.85.17.130 - - [18/May/2012:14:35:47 +0800] "GET /2008-07/%d0%c2%c8%d5%b1%be%d3%ef%d3%ef%b7%a8%c9%cf%cf%c2%b2%e1.rar HTTP/1.1" 206 1713933 "http://download.jptranslate.com/" "Mozilla/4.0 (compatible; MSIE 6.0; Windows NT 5.1; .NET CLR 2.0.50727; .NET CLR 3.0.04506.648; .NET CLR 3.5.21022; InfoPath.3; .NET CLR 3.0.4506.2152; .NET CLR 3.5.30729)"
1.85.17.130 - - [18/May/2012:14:35:02 +0800] "GET /2008-07/%d0%c2%c8%d5%b1%be%d3%ef%d3%ef%b7%a8%c9%cf%cf%c2%b2%e1.rar HTTP/1.1" 206 4287571 "http://download.jptranslate.com/" "Mozilla/4.0 (compatible; MSIE 6.0; Windows NT 5.1; .NET CLR 2.0.50727; .NET CLR 3.0.04506.648; .NET CLR 3.5.21022; InfoPath.3; .NET CLR 3.0.4506.2152; .NET CLR 3.5.30729)"
1.85.17.130 - - [18/May/2012:14:36:06 +0800] "GET /2008-07/%d0%c2%c8%d5%b1%be%d3%ef%d3%ef%b7%a8%c9%cf%cf%c2%b2%e1.rar HTTP/1.1" 206 23841745 "http://download.jptranslate.com/" "Mozilla/4.0 (compatible; MSIE 6.0; Windows NT 5.1; .NET CLR 2.0.50727; .NET CLR 3.0.04506.648; .NET CLR 3.5.21022; InfoPath.3; .NET CLR 3.0.4506.2152; .NET CLR 3.5.30729)"
1.85.17.130 - - [18/May/2012:14:36:07 +0800] "GET /2008-07/%d0%c2%c8%d5%b1%be%d3%ef%d3%ef%b7%a8%c9%cf%cf%c2%b2%e1.rar HTTP/1.1" 206 1713933 "http://download.jptranslate.com/" "Mozilla/4.0 (compatible; MSIE 6.0; Windows NT 5.1; .NET CLR 2.0.50727; .NET CLR 3.0.04506.648; .NET CLR 3.5.21022; InfoPath.3; .NET CLR 3.0.4506.2152; .NET CLR 3.5.30729)"
180.51.54.219 - - [18/May/2012:14:35:07 +0800] "GET /music/moved200909/20090916.mp3 HTTP/1.1" 200 6705864 "-" "Mozilla/4.0 (compatible; MSIE 5.00; Windows 98)"
1.85.17.130 - - [18/May/2012:14:36:00 +0800] "GET /2008-07/%d0%c2%c8%d5%b1%be%d3%ef%d3%ef%b7%a8%c9%cf%cf%c2%b2%e1.rar HTTP/1.1" 206 24366033 "http://download.jptranslate.com/" "Mozilla/4.0 (compatible; MSIE 6.0; Windows NT 5.1; .NET CLR 2.0.50727; .NET CLR 3.0.04506.648; .NET CLR 3.5.21022; InfoPath.3; .NET CLR 3.0.4506.2152; .NET CLR 3.5.30729)"
1.85.17.130 - - [18/May/2012:14:36:45 +0800] "GET /2008-07/%d0%c2%c8%d5%b1%be%d3%ef%d3%ef%b7%a8%c9%cf%cf%c2%b2%e1.rar HTTP/1.1" 206 24300707 "http://download.jptranslate.com/" "Mozilla/4.0 (compatible; MSIE 6.0; Windows NT 5.1; .NET CLR 2.0.50727; .NET CLR 3.0.04506.648; .NET CLR 3.5.21022; InfoPath.3; .NET CLR 3.0.4506.2152; .NET CLR 3.5.30729)"
1.85.17.130 - - [18/May/2012:14:36:25 +0800] "GET /2008-07/%d0%c2%c8%d5%b1%be%d3%ef%d3%ef%b7%a8%c9%cf%cf%c2%b2%e1.rar HTTP/1.1" 206 22137809 "http://download.jptranslate.com/" "Mozilla/4.0 (compatible; MSIE 6.0; Windows NT 5.1; .NET CLR 2.0.50727; .NET CLR 3.0.04506.648; .NET CLR 3.5.21022; InfoPath.3; .NET CLR 3.0.4506.2152; .NET CLR 3.5.30729)"
1.85.17.130 - - [18/May/2012:14:36:47 +0800] "GET /2008-07/%d0%c2%c8%d5%b1%be%d3%ef%d3%ef%b7%a8%c9%cf%cf%c2%b2%e1.rar HTTP/1.1" 206 22135263 "http://download.jptranslate.com/" "Mozilla/4.0 (compatible; MSIE 6.0; Windows NT 5.1; .NET CLR 2.0.50727; .NET CLR 3.0.04506.648; .NET CLR 3.5.21022; InfoPath.3; .NET CLR 3.0.4506.2152; .NET CLR 3.5.30729)"
1.85.17.130 - - [18/May/2012:14:37:06 +0800] "GET /2008-07/%d0%c2%c8%d5%b1%be%d3%ef%d3%ef%b7%a8%c9%cf%cf%c2%b2%e1.rar HTTP/1.1" 503 466 "http://download.jptranslate.com/" "Mozilla/4.0 (compatible; MSIE 6.0; Windows NT 5.1; .NET CLR 2.0.50727; .NET CLR 3.0.04506.648; .NET CLR 3.5.21022; InfoPath.3; .NET CLR 3.0.4506.2152; .NET CLR 3.5.30729)"
1.85.17.130 - - [18/May/2012:14:37:07 +0800] "GET /2008-07/%d0%c2%c8%d5%b1%be%d3%ef%d3%ef%b7%a8%c9%cf%cf%c2%b2%e1.rar HTTP/1.1" 503 466 "http://download.jptranslate.com/" "Mozilla/4.0 (compatible; MSIE 6.0; Windows NT 5.1; .NET CLR 2.0.50727; .NET CLR 3.0.04506.648; .NET CLR 3.5.21022; InfoPath.3; .NET CLR 3.0.4506.2152; .NET CLR 3.5.30729)"
1.85.17.130 - - [18/May/2012:14:37:09 +0800] "GET /2008-07/%d0%c2%c8%d5%b1%be%d3%ef%d3%ef%b7%a8%c9%cf%cf%c2%b2%e1.rar HTTP/1.1" 503 466 "http://download.jptranslate.com/" "Mozilla/4.0 (compatible; MSIE 6.0; Windows NT 5.1; .NET CLR 2.0.50727; .NET CLR 3.0.04506.648; .NET CLR 3.5.21022; InfoPath.3; .NET CLR 3.0.4506.2152; .NET CLR 3.5.30729)"
1.85.17.130 - - [18/May/2012:14:37:10 +0800] "GET /2008-07/%E6%96%B0%E6%97%A5%E6%9C%AC%E8%AF%AD%E8%AF%AD%E6%B3%95%E4%B8%8A%E4%B8%8B%E5%86%8C.rar HTTP/1.1" 503 466 "http://download.jptranslate.com/" "Mozilla/4.0 (compatible; MSIE 6.0; Windows NT 5.1; .NET CLR 2.0.50727; .NET CLR 3.0.04506.648; .NET CLR 3.5.21022; InfoPath.3; .NET CLR 3.0.4506.2152; .NET CLR 3.5.30729)"
1.85.17.130 - - [18/May/2012:14:37:12 +0800] "GET /2008-07/%E6%96%B0%E6%97%A5%E6%9C%AC%E8%AF%AD%E8%AF%AD%E6%B3%95%E4%B8%8A%E4%B8%8B%E5%86%8C.rar HTTP/1.1" 503 466 "http://download.jptranslate.com/" "Mozilla/4.0 (compatible; MSIE 6.0; Windows NT 5.1; .NET CLR 2.0.50727; .NET CLR 3.0.04506.648; .NET CLR 3.5.21022; InfoPath.3; .NET CLR 3.0.4506.2152; .NET CLR 3.5.30729)"
61.135.190.215 - - [18/May/2012:14:37:16 +0800] "GET /music/moved200909/20090930.mp3? HTTP/1.0" 200 4239744 "-" "NSPlayer/10.0.0.4072 WMFSDK/10.0"
1.85.17.130 - - [18/May/2012:14:37:24 +0800] "GET /2008-07/%d0%c2%c8%d5%b1%be%d3%ef%d3%ef%b7%a8%c9%cf%cf%c2%b2%e1.rar HTTP/1.1" 503 466 "http://download.jptranslate.com/" "Mozilla/4.0 (compatible; MSIE 6.0; Windows NT 5.1; .NET CLR 2.0.50727; .NET CLR 3.0.04506.648; .NET CLR 3.5.21022; InfoPath.3; .NET CLR 3.0.4506.2152; .NET CLR 3.5.30729)"
1.85.17.130 - - [18/May/2012:14:37:25 +0800] "GET /2008-07/%d0%c2%c8%d5%b1%be%d3%ef%d3%ef%b7%a8%c9%cf%cf%c2%b2%e1.rar HTTP/1.1" 503 466 "http://download.jptranslate.com/" "Mozilla/4.0 (compatible; MSIE 6.0; Windows NT 5.1; .NET CLR 2.0.50727; .NET CLR 3.0.04506.648; .NET CLR 3.5.21022; InfoPath.3; .NET CLR 3.0.4506.2152; .NET CLR 3.5.30729)"
1.85.17.130 - - [18/May/2012:14:37:28 +0800] "GET /2008-07/%E6%96%B0%E6%97%A5%E6%9C%AC%E8%AF%AD%E8%AF%AD%E6%B3%95%E4%B8%8A%E4%B8%8B%E5%86%8C.rar HTTP/1.1" 503 466 "http://download.jptranslate.com/" "Mozilla/4.0 (compatible; MSIE 6.0; Windows NT 5.1; .NET CLR 2.0.50727; .NET CLR 3.0.04506.648; .NET CLR 3.5.21022; InfoPath.3; .NET CLR 3.0.4506.2152; .NET CLR 3.5.30729)"
1.85.17.130 - - [18/May/2012:14:36:48 +0800] "GET /2008-07/%d0%c2%c8%d5%b1%be%d3%ef%d3%ef%b7%a8%c9%cf%cf%c2%b2%e1.rar HTTP/1.1" 206 24234961 "http://download.jptranslate.com/" "Mozilla/4.0 (compatible; MSIE 6.0; Windows NT 5.1; .NET CLR 2.0.50727; .NET CLR 3.0.04506.648; .NET CLR 3.5.21022; InfoPath.3; .NET CLR 3.0.4506.2152; .NET CLR 3.5.30729)"
1.85.17.130 - - [18/May/2012:14:35:57 +0800] "GET /2008-07/%d0%c2%c8%d5%b1%be%d3%ef%d3%ef%b7%a8%c9%cf%cf%c2%b2%e1.rar HTTP/1.1" 206 25544594 "http://download.jptranslate.com/" "Mozilla/4.0 (compatible; MSIE 6.0; Windows NT 5.1; .NET CLR 2.0.50727; .NET CLR 3.0.04506.648; .NET CLR 3.5.21022; InfoPath.3; .NET CLR 3.0.4506.2152; .NET CLR 3.5.30729)"
1.85.17.130 - - [18/May/2012:14:36:03 +0800] "GET /2008-07/%d0%c2%c8%d5%b1%be%d3%ef%d3%ef%b7%a8%c9%cf%cf%c2%b2%e1.rar HTTP/1.1" 206 25544594 "http://download.jptranslate.com/" "Mozilla/4.0 (compatible; MSIE 6.0; Windows NT 5.1; .NET CLR 2.0.50727; .NET CLR 3.0.04506.648; .NET CLR 3.5.21022; InfoPath.3; .NET CLR 3.0.4506.2152; .NET CLR 3.5.30729)"
1.85.17.130 - - [18/May/2012:14:36:54 +0800] "GET /2008-07/%d0%c2%c8%d5%b1%be%d3%ef%d3%ef%b7%a8%c9%cf%cf%c2%b2%e1.rar HTTP/1.1" 206 24890321 "http://download.jptranslate.com/" "Mozilla/4.0 (compatible; MSIE 6.0; Windows NT 5.1; .NET CLR 2.0.50727; .NET CLR 3.0.04506.648; .NET CLR 3.5.21022; InfoPath.3; .NET CLR 3.0.4506.2152; .NET CLR 3.5.30729)"
180.76.5.64 - - [18/May/2012:14:37:40 +0800] "GET / HTTP/1.1" 200 1418 "-" "Mozilla/5.0 (compatible; Baiduspider/2.0; +http://www.baidu.com/search/spider.html)"
1.85.17.130 - - [18/May/2012:14:37:35 +0800] "GET /2008-07/%d0%c2%c8%d5%b1%be%d3%ef%d3%ef%b7%a8%c9%cf%cf%c2%b2%e1.rar HTTP/1.1" 206 21219219 "http://download.jptranslate.com/" "Mozilla/4.0 (compatible; MSIE 6.0; Windows NT 5.1; .NET CLR 2.0.50727; .NET CLR 3.0.04506.648; .NET CLR 3.5.21022; InfoPath.3; .NET CLR 3.0.4506.2152; .NET CLR 3.5.30729)"
1.85.17.130 - - [18/May/2012:14:38:00 +0800] "GET /2008-07/%d0%c2%c8%d5%b1%be%d3%ef%d3%ef%b7%a8%c9%cf%cf%c2%b2%e1.rar HTTP/1.1" 206 14666705 "http://download.jptranslate.com/" "Mozilla/4.0 (compatible; MSIE 6.0; Windows NT 5.1; .NET CLR 2.0.50727; .NET CLR 3.0.04506.648; .NET CLR 3.5.21022; InfoPath.3; .NET CLR 3.0.4506.2152; .NET CLR 3.5.30729)"
110.178.41.253 - - [18/May/2012:14:37:02 +0800] "GET /music/moved200909/20090921.mp3 HTTP/1.1" 200 4828683 "-" "Mozilla/4.0 (compatible; MSIE 5.00; Windows 98)"
1.85.17.130 - - [18/May/2012:14:37:57 +0800] "GET /2008-07/%d0%c2%c8%d5%b1%be%d3%ef%d3%ef%b7%a8%c9%cf%cf%c2%b2%e1.rar HTTP/1.1" 206 24226575 "http://download.jptranslate.com/" "Mozilla/4.0 (compatible; MSIE 6.0; Windows NT 5.1; .NET CLR 2.0.50727; .NET CLR 3.0.04506.648; .NET CLR 3.5.21022; InfoPath.3; .NET CLR 3.0.4506.2152; .NET CLR 3.5.30729)"
1.85.17.130 - - [18/May/2012:14:38:26 +0800] "GET /2008-07/%d0%c2%c8%d5%b1%be%d3%ef%d3%ef%b7%a8%c9%cf%cf%c2%b2%e1.rar HTTP/1.1" 206 24759249 "http://download.jptranslate.com/" "Mozilla/4.0 (compatible; MSIE 6.0; Windows NT 5.1; .NET CLR 2.0.50727; .NET CLR 3.0.04506.648; .NET CLR 3.5.21022; InfoPath.3; .NET CLR 3.0.4506.2152; .NET CLR 3.5.30729)"
1.85.17.130 - - [18/May/2012:14:38:10 +0800] "GET /2008-07/%d0%c2%c8%d5%b1%be%d3%ef%d3%ef%b7%a8%c9%cf%cf%c2%b2%e1.rar HTTP/1.1" 206 25544594 "http://download.jptranslate.com/" "Mozilla/4.0 (compatible; MSIE 6.0; Windows NT 5.1; .NET CLR 2.0.50727; .NET CLR 3.0.04506.648; .NET CLR 3.5.21022; InfoPath.3; .NET CLR 3.0.4506.2152; .NET CLR 3.5.30729)"
49.141.100.84 - - [18/May/2012:14:38:44 +0800] "GET /music/moved200912/20091213.mp3 HTTP/1.1" 404 371 "-" "Mozilla/4.0 (compatible; MSIE 5.00; Windows 98)"
49.141.100.84 - - [18/May/2012:14:38:45 +0800] "GET /music/moved200912/20091213.mp3 HTTP/1.1" 404 371 "-" "Mozilla/4.0 (compatible; MSIE 5.00; Windows 98)"
49.141.100.84 - - [18/May/2012:14:38:48 +0800] "GET /music/moved200912/20091213.mp3 HTTP/1.1" 404 371 "-" "Mozilla/4.0 (compatible; MSIE 5.00; Windows 98)"
49.141.100.84 - - [18/May/2012:14:38:48 +0800] "GET /music/moved200912/20091213.mp3 HTTP/1.1" 404 371 "-" "Mozilla/4.0 (compatible; MSIE 5.00; Windows 98)"
38.107.179.231 - - [18/May/2012:14:38:30 +0800] "GET /2008-08/%a4%b9%a4%b0%ca%b9%a4%a8%a4%eb%c8%d5%b1%be%d5Z120%a3%a81-52%c6%da%a3%a9.rar HTTP/1.1" 200 5319314 "-" "CCBot/1.0 (+http://www.commoncrawl.org/bot.html)"
14.118.193.128 - - [18/May/2012:14:38:42 +0800] "GET /music/moved200909/20090921.mp3 HTTP/1.1" 200 4828683 "-" "Mozilla/4.0 (compatible; MSIE 5.00; Windows 98)"
1.85.17.130 - - [18/May/2012:14:38:48 +0800] "GET /2008-07/%d0%c2%c8%d5%b1%be%d3%ef%d3%ef%b7%a8%c9%cf%cf%c2%b2%e1.rar HTTP/1.1" 206 14666705 "http://download.jptranslate.com/" "Mozilla/4.0 (compatible; MSIE 6.0; Windows NT 5.1; .NET CLR 2.0.50727; .NET CLR 3.0.04506.648; .NET CLR 3.5.21022; InfoPath.3; .NET CLR 3.0.4506.2152; .NET CLR 3.5.30729)"
1.85.17.130 - - [18/May/2012:14:36:35 +0800] "GET /2008-07/%d0%c2%c8%d5%b1%be%d3%ef%d3%ef%b7%a8%c9%cf%cf%c2%b2%e1.rar HTTP/1.1" 206 21220305 "http://download.jptranslate.com/" "Mozilla/4.0 (compatible; MSIE 6.0; Windows NT 5.1; .NET CLR 2.0.50727; .NET CLR 3.0.04506.648; .NET CLR 3.5.21022; InfoPath.3; .NET CLR 3.0.4506.2152; .NET CLR 3.5.30729)"
1.85.17.130 - - [18/May/2012:14:38:12 +0800] "GET /2008-07/%d0%c2%c8%d5%b1%be%d3%ef%d3%ef%b7%a8%c9%cf%cf%c2%b2%e1.rar HTTP/1.1" 206 25544594 "http://download.jptranslate.com/" "Mozilla/4.0 (compatible; MSIE 6.0; Windows NT 5.1; .NET CLR 2.0.50727; .NET CLR 3.0.04506.648; .NET CLR 3.5.21022; InfoPath.3; .NET CLR 3.0.4506.2152; .NET CLR 3.5.30729)"
1.85.17.130 - - [18/May/2012:14:39:29 +0800] "GET /2008-07/%d0%c2%c8%d5%b1%be%d3%ef%d3%ef%b7%a8%c9%cf%cf%c2%b2%e1.rar HTTP/1.1" 206 13091017 "http://download.jptranslate.com/" "Mozilla/4.0 (compatible; MSIE 6.0; Windows NT 5.1; .NET CLR 2.0.50727; .NET CLR 3.0.04506.648; .NET CLR 3.5.21022; InfoPath.3; .NET CLR 3.0.4506.2152; .NET CLR 3.5.30729)"
1.85.17.130 - - [18/May/2012:14:39:46 +0800] "GET /2008-07/%d0%c2%c8%d5%b1%be%d3%ef%d3%ef%b7%a8%c9%cf%cf%c2%b2%e1.rar HTTP/1.1" 206 13088472 "http://download.jptranslate.com/" "Mozilla/4.0 (compatible; MSIE 6.0; Windows NT 5.1; .NET CLR 2.0.50727; .NET CLR 3.0.04506.648; .NET CLR 3.5.21022; InfoPath.3; .NET CLR 3.0.4506.2152; .NET CLR 3.5.30729)"
1.85.17.130 - - [18/May/2012:14:39:46 +0800] "GET /2008-07/%d0%c2%c8%d5%b1%be%d3%ef%d3%ef%b7%a8%c9%cf%cf%c2%b2%e1.rar HTTP/1.1" 206 13981060 "http://download.jptranslate.com/" "Mozilla/4.0 (compatible; MSIE 6.0; Windows NT 5.1; .NET CLR 2.0.50727; .NET CLR 3.0.04506.648; .NET CLR 3.5.21022; InfoPath.3; .NET CLR 3.0.4506.2152; .NET CLR 3.5.30729)"
1.85.17.130 - - [18/May/2012:14:39:44 +0800] "GET /2008-07/%d0%c2%c8%d5%b1%be%d3%ef%d3%ef%b7%a8%c9%cf%cf%c2%b2%e1.rar HTTP/1.1" 206 13088472 "http://download.jptranslate.com/" "Mozilla/4.0 (compatible; MSIE 6.0; Windows NT 5.1; .NET CLR 2.0.50727; .NET CLR 3.0.04506.648; .NET CLR 3.5.21022; InfoPath.3; .NET CLR 3.0.4506.2152; .NET CLR 3.5.30729)"
114.132.128.51 - - [18/May/2012:14:41:04 +0800] "GET /music/moved200909/20090918.mp3 HTTP/1.1" 200 6246400 "-" "NSPlayer/12.00.7600.16597 WMFSDK/12.00.7600.16597"
211.102.172.34 - - [18/May/2012:14:41:04 +0800] "GET /music/moved200909/20090918.mp3 HTTP/1.0" 200 6246400 "" "NSPlayer/12.00.7600.16597 WMFSDK/12.00.7600.16597"
58.59.137.211 - - [18/May/2012:14:39:27 +0800] "GET /music/moved200909/20090918.mp3 HTTP/1.1" 200 6246400 "-" "Mozilla/4.0 (compatible; MSIE 5.00; Windows 98)"
182.136.226.221 - - [18/May/2012:14:41:21 +0800] "GET /music/moved200910/20091016.mp3 HTTP/1.1" 404 371 "-" "Mozilla/4.0 (compatible; MSIE 5.00; Windows 98)"
182.136.226.221 - - [18/May/2012:14:41:21 +0800] "GET /music/moved200910/20091016.mp3 HTTP/1.1" 404 371 "-" "Mozilla/4.0 (compatible; MSIE 5.00; Windows 98)"
182.136.226.221 - - [18/May/2012:14:41:21 +0800] "GET /music/moved200910/20091016.mp3 HTTP/1.1" 404 371 "-" "Mozilla/4.0 (compatible; MSIE 5.00; Windows 98)"
182.136.226.221 - - [18/May/2012:14:41:22 +0800] "GET /music/moved200910/20091016.mp3 HTTP/1.1" 404 371 "-" "Mozilla/4.0 (compatible; MSIE 5.00; Windows 98)"
1.85.17.130 - - [18/May/2012:14:38:39 +0800] "GET /2008-07/%d0%c2%c8%d5%b1%be%d3%ef%d3%ef%b7%a8%c9%cf%cf%c2%b2%e1.rar HTTP/1.1" 206 14011345 "http://download.jptranslate.com/" "Mozilla/4.0 (compatible; MSIE 6.0; Windows NT 5.1; .NET CLR 2.0.50727; .NET CLR 3.0.04506.648; .NET CLR 3.5.21022; InfoPath.3; .NET CLR 3.0.4506.2152; .NET CLR 3.5.30729)"
1.85.17.130 - - [18/May/2012:14:42:02 +0800] "GET /2008-07/%d0%c2%c8%d5%b1%be%d3%ef%d3%ef%b7%a8%c9%cf%cf%c2%b2%e1.rar HTTP/1.1" 206 13187765 "http://download.jptranslate.com/" "Mozilla/4.0 (compatible; MSIE 6.0; Windows NT 5.1; .NET CLR 2.0.50727; .NET CLR 3.0.04506.648; .NET CLR 3.5.21022; InfoPath.3; .NET CLR 3.0.4506.2152; .NET CLR 3.5.30729)"
38.107.179.232 - - [18/May/2012:14:41:26 +0800] "GET /2008-08/%a5%d3%a5%b8%a5%cd%a5%b9%a5%de%a5%f3%ce%ef%d5Z(1-50)End.rar HTTP/1.1" 200 52281918 "-" "CCBot/1.0 (+http://www.commoncrawl.org/bot.html)"
14.118.193.128 - - [18/May/2012:14:39:33 +0800] "GET /music/moved200909/20090921.mp3 HTTP/1.1" 200 4828683 "-" "Mozilla/4.0 (compatible; MSIE 5.00; Windows 98)"
1.85.17.130 - - [18/May/2012:14:42:00 +0800] "GET /2008-07/%d0%c2%c8%d5%b1%be%d3%ef%d3%ef%b7%a8%c9%cf%cf%c2%b2%e1.rar HTTP/1.1" 206 13187765 "http://download.jptranslate.com/" "Mozilla/4.0 (compatible; MSIE 6.0; Windows NT 5.1; .NET CLR 2.0.50727; .NET CLR 3.0.04506.648; .NET CLR 3.5.21022; InfoPath.3; .NET CLR 3.0.4506.2152; .NET CLR 3.5.30729)"
1.85.17.130 - - [18/May/2012:14:41:38 +0800] "GET /2008-07/%d0%c2%c8%d5%b1%be%d3%ef%d3%ef%b7%a8%c9%cf%cf%c2%b2%e1.rar HTTP/1.1" 206 13224913 "http://download.jptranslate.com/" "Mozilla/4.0 (compatible; MSIE 6.0; Windows NT 5.1; .NET CLR 2.0.50727; .NET CLR 3.0.04506.648; .NET CLR 3.5.21022; InfoPath.3; .NET CLR 3.0.4506.2152; .NET CLR 3.5.30729)"
1.85.17.130 - - [18/May/2012:14:42:54 +0800] "GET /2008-07/%d0%c2%c8%d5%b1%be%d3%ef%d3%ef%b7%a8%c9%cf%cf%c2%b2%e1.rar HTTP/1.1" 206 13618129 "http://download.jptranslate.com/" "Mozilla/4.0 (compatible; MSIE 6.0; Windows NT 5.1; .NET CLR 2.0.50727; .NET CLR 3.0.04506.648; .NET CLR 3.5.21022; InfoPath.3; .NET CLR 3.0.4506.2152; .NET CLR 3.5.30729)"
58.59.137.211 - - [18/May/2012:14:43:07 +0800] "GET /music/moved200909/20090918.mp3 HTTP/1.1" 200 6246400 "-" "Mozilla/4.0 (compatible; MSIE 5.00; Windows 98)"
58.59.137.211 - - [18/May/2012:14:43:24 +0800] "GET /music/moved200909/20090918.mp3 HTTP/1.1" 200 6246400 "-" "Mozilla/4.0 (compatible; MSIE 5.00; Windows 98)"
1.85.17.130 - - [18/May/2012:14:43:15 +0800] "GET /2008-07/%d0%c2%c8%d5%b1%be%d3%ef%d3%ef%b7%a8%c9%cf%cf%c2%b2%e1.rar HTTP/1.1" 206 13618129 "http://download.jptranslate.com/" "Mozilla/4.0 (compatible; MSIE 6.0; Windows NT 5.1; .NET CLR 2.0.50727; .NET CLR 3.0.04506.648; .NET CLR 3.5.21022; InfoPath.3; .NET CLR 3.0.4506.2152; .NET CLR 3.5.30729)"
123.125.67.180 - - [18/May/2012:14:44:12 +0800] "GET /speaker_wv.swf HTTP/1.0" 200 2904 "-" "Mozilla/4.0 (compatible; MSIE 6.0; Windows NT 5.1; SV1)"
114.132.128.51 - - [18/May/2012:14:40:57 +0800] "GET /music/moved200909/20090918.mp3 HTTP/1.1" 200 6246400 "-" "NSPlayer/12.00.7600.16597 WMFSDK/12.00.7600.16597"
60.171.207.46 - - [18/May/2012:14:43:43 +0800] "GET /music/moved200909/20090921.mp3 HTTP/1.1" 200 4828683 "-" "Mozilla/4.0 (compatible; MSIE 5.00; Windows 98)"
1.85.17.130 - - [18/May/2012:14:41:38 +0800] "GET /2008-07/%d0%c2%c8%d5%b1%be%d3%ef%d3%ef%b7%a8%c9%cf%cf%c2%b2%e1.rar HTTP/1.1" 206 13224913 "http://download.jptranslate.com/" "Mozilla/4.0 (compatible; MSIE 6.0; Windows NT 5.1; .NET CLR 2.0.50727; .NET CLR 3.0.04506.648; .NET CLR 3.5.21022; InfoPath.3; .NET CLR 3.0.4506.2152; .NET CLR 3.5.30729)"
111.124.2.111 - - [18/May/2012:14:44:46 +0800] "GET /music/moved200909/20090916.mp3 HTTP/1.1" 206 348872 "http://download.jptranslate.com/" "Mozilla/4.0 (compatible; MSIE 6.0; Windows NT 5.1; .NET CLR 3.5.20706)"
38.107.179.233 - - [18/May/2012:14:44:35 +0800] "GET /2008-08/%b3%c9%d3%ef%d1%e8%d3%ef%e5%de%bc%b8%be%e4.rar HTTP/1.1" 200 10142128 "-" "CCBot/1.0 (+http://www.commoncrawl.org/bot.html)"
1.85.17.130 - - [18/May/2012:14:43:36 +0800] "GET /2008-07/\xd0\xc2\xb1\xe0\xc8\xd5\xd3\xef1-4\xb2\xe1\xce\xc4\xb1\xbe.rar HTTP/1.1" 206 17199164 "http://download.jptranslate.com/2008-07/" "Mozilla/4.0 (compatible; MSIE 6.0; Windows NT 5.1; .NET CLR 2.0.50727; .NET CLR 3.0.04506.648; .NET CLR 3.5.21022; InfoPath.3; .NET CLR 3.0.4506.2152; .NET CLR 3.5.30729)"
180.114.247.132 - - [18/May/2012:14:46:57 +0800] "GET /music/moved200911/20091125.mp3 HTTP/1.1" 404 371 "-" "Mozilla/4.0 (compatible; MSIE 5.00; Windows 98)"
58.20.53.2 - - [18/May/2012:14:46:57 +0800] "GET /music/moved200909/20090930.mp3 HTTP/1.1" 206 176512 "http://download.jptranslate.com/" "Mozilla/4.0 (compatible; MSIE 8.0; Windows NT 5.1; .NET CLR 2.0.50727)"
180.114.247.132 - - [18/May/2012:14:46:58 +0800] "GET /music/moved200911/20091125.mp3 HTTP/1.1" 404 371 "-" "Mozilla/4.0 (compatible; MSIE 5.00; Windows 98)"
180.114.247.132 - - [18/May/2012:14:46:58 +0800] "GET /music/moved200911/20091125.mp3 HTTP/1.1" 404 371 "-" "Mozilla/4.0 (compatible; MSIE 5.00; Windows 98)"
58.20.53.2 - - [18/May/2012:14:46:58 +0800] "GET /music/moved200909/20090930.mp3 HTTP/1.1" 206 110976 "http://download.jptranslate.com/" "Mozilla/4.0 (compatible; MSIE 8.0; Windows NT 5.1; .NET CLR 2.0.50727)"
58.20.53.2 - - [18/May/2012:14:46:59 +0800] "GET /music/moved200909/20090930.mp3 HTTP/1.1" 206 45440 "http://download.jptranslate.com/" "Mozilla/4.0 (compatible; MSIE 8.0; Windows NT 5.1; .NET CLR 2.0.50727)"
1.85.17.130 - - [18/May/2012:14:46:15 +0800] "GET /2008-07/\xd0\xc2\xb1\xe0\xc8\xd5\xd3\xef1-4\xb2\xe1\xce\xc4\xb1\xbe.rar HTTP/1.1" 206 10776636 "http://download.jptranslate.com/2008-07/" "Mozilla/4.0 (compatible; MSIE 6.0; Windows NT 5.1; .NET CLR 2.0.50727; .NET CLR 3.0.04506.648; .NET CLR 3.5.21022; InfoPath.3; .NET CLR 3.0.4506.2152; .NET CLR 3.5.30729)"
58.20.53.2 - - [18/May/2012:14:47:00 +0800] "GET /music/moved200909/20090930.mp3 HTTP/1.1" 206 4174208 "http://download.jptranslate.com/" "Mozilla/4.0 (compatible; MSIE 8.0; Windows NT 5.1; .NET CLR 2.0.50727)"
1.202.187.19 - - [18/May/2012:14:48:16 +0800] "GET /music/moved200909/20090918.mp3 HTTP/1.1" 304 - "-" "NSPlayer/12.00.7601.17514 WMFSDK/12.00.7601.17514"
1.85.17.130 - - [18/May/2012:14:47:33 +0800] "GET /2008-07/\xd0\xc2\xb1\xe0\xc8\xd5\xd3\xef1-4\xb2\xe1\xce\xc4\xb1\xbe.rar HTTP/1.1" 206 11273660 "http://download.jptranslate.com/2008-07/" "Mozilla/4.0 (compatible; MSIE 6.0; Windows NT 5.1; .NET CLR 2.0.50727; .NET CLR 3.0.04506.648; .NET CLR 3.5.21022; InfoPath.3; .NET CLR 3.0.4506.2152; .NET CLR 3.5.30729)"
1.85.17.130 - - [18/May/2012:14:49:09 +0800] "GET /2008-07/\xd0\xc2\xb1\xe0\xc8\xd5\xd3\xef1-4\xb2\xe1\xce\xc4\xb1\xbe.rar HTTP/1.1" 206 9990204 "http://download.jptranslate.com/2008-07/" "Mozilla/4.0 (compatible; MSIE 6.0; Windows NT 5.1; .NET CLR 2.0.50727; .NET CLR 3.0.04506.648; .NET CLR 3.5.21022; InfoPath.3; .NET CLR 3.0.4506.2152; .NET CLR 3.5.30729)"
1.85.17.130 - - [18/May/2012:14:49:13 +0800] "GET /2008-07/\xd0\xc2\xb1\xe0\xc8\xd5\xd3\xef1-4\xb2\xe1\xce\xc4\xb1\xbe.rar HTTP/1.1" 206 15626300 "http://download.jptranslate.com/2008-07/" "Mozilla/4.0 (compatible; MSIE 6.0; Windows NT 5.1; .NET CLR 2.0.50727; .NET CLR 3.0.04506.648; .NET CLR 3.5.21022; InfoPath.3; .NET CLR 3.0.4506.2152; .NET CLR 3.5.30729)"
1.85.17.130 - - [18/May/2012:14:49:21 +0800] "GET /2008-07/\xd0\xc2\xb1\xe0\xc8\xd5\xd3\xef1-4\xb2\xe1\xce\xc4\xb1\xbe.rar HTTP/1.1" 200 25063484 "http://download.jptranslate.com/2008-07/" "Mozilla/4.0 (compatible; MSIE 6.0; Windows NT 5.1; .NET CLR 2.0.50727; .NET CLR 3.0.04506.648; .NET CLR 3.5.21022; InfoPath.3; .NET CLR 3.0.4506.2152; .NET CLR 3.5.30729)"
58.42.246.7 - - [18/May/2012:14:49:47 +0800] "GET /music/moved200909/20090921.mp3 HTTP/1.1" 200 4828683 "-" "Mozilla/4.0 (compatible; MSIE 5.00; Windows 98)"
114.251.216.82 - - [18/May/2012:14:48:19 +0800] "GET /music/moved200909/20090918.mp3 HTTP/1.1" 200 6246400 "-" "NSPlayer/12.00.7601.17514 WMFSDK/12.00.7601.17514"
58.20.53.2 - - [18/May/2012:14:46:56 +0800] "GET /music/moved200909/20090930.mp3 HTTP/1.1" 200 4239744 "http://download.jptranslate.com/" "Mozilla/4.0 (compatible; MSIE 8.0; Windows NT 5.1; .NET CLR 2.0.50727)"
61.178.40.2 - - [18/May/2012:14:48:53 +0800] "GET /music/moved200909/20090921.mp3 HTTP/1.1" 200 4828683 "-" "Mozilla/4.0 (compatible; MSIE 5.00; Windows 98)"
220.181.51.155 - - [18/May/2012:14:49:34 +0800] "GET /music/moved200909/20090911.mp3 HTTP/1.0" 200 6916096 "-" "NSPlayer/10.0.0.4072 WMFSDK/10.0"
210.14.142.29 - - [18/May/2012:14:50:46 +0800] "GET /music/moved200909/20090921.mp3 HTTP/1.1" 206 2 "-" "AppleCoreMedia/1.0.0.11E53 (Macintosh; U; Intel Mac OS X 10_7_4; zh_cn)"
210.14.142.29 - - [18/May/2012:14:50:46 +0800] "GET /music/moved200909/20090921.mp3 HTTP/1.1" 206 4828683 "-" "AppleCoreMedia/1.0.0.11E53 (Macintosh; U; Intel Mac OS X 10_7_4; zh_cn)"
210.14.142.29 - - [18/May/2012:14:50:47 +0800] "GET /music/moved200909/20090921.mp3 HTTP/1.1" 304 - "-" "AppleCoreMedia/1.0.0.11E53 (Macintosh; U; Intel Mac OS X 10_7_4; zh_cn)"
210.14.142.29 - - [18/May/2012:14:50:47 +0800] "GET /music/moved200909/20090921.mp3 HTTP/1.1" 206 2 "-" "AppleCoreMedia/1.0.0.11E53 (Macintosh; U; Intel Mac OS X 10_7_4; zh_cn)"
1.85.17.130 - - [18/May/2012:14:48:51 +0800] "GET /2008-07/\xd0\xc2\xb1\xe0\xc8\xd5\xd3\xef1-4\xb2\xe1\xce\xc4\xb1\xbe.rar HTTP/1.1" 206 10514492 "http://download.jptranslate.com/2008-07/" "Mozilla/4.0 (compatible; MSIE 6.0; Windows NT 5.1; .NET CLR 2.0.50727; .NET CLR 3.0.04506.648; .NET CLR 3.5.21022; InfoPath.3; .NET CLR 3.0.4506.2152; .NET CLR 3.5.30729)"
