27.115.55.82 - - [18/May/2012:16:26:33 +0800] "GET /music/moved200909/20090918.mp3 HTTP/1.1" 503 466 "http://download.jptranslate.com/music/moved200909" "Mozilla/4.0 (compatible; MSIE 6.0; Windows NT 5.1; SV1; InfoPath.2; .NET CLR 1.1.4322; .NET CLR 2.0.50727)"
27.115.55.82 - - [18/May/2012:16:26:35 +0800] "GET /music/moved200909/20090918.mp3 HTTP/1.1" 503 466 "http://download.jptranslate.com/music/moved200909" "Mozilla/4.0 (compatible; MSIE 6.0; Windows NT 5.1; SV1; InfoPath.2; .NET CLR 1.1.4322; .NET CLR 2.0.50727)"
27.115.55.82 - - [18/May/2012:16:26:35 +0800] "GET /music/moved200909/20090918.mp3 HTTP/1.1" 503 466 "-" "Mozilla/4.0 (compatible; MSIE 6.0; Windows NT 5.1; SV1; InfoPath.2; .NET CLR 1.1.4322; .NET CLR 2.0.50727)"
27.115.55.82 - - [18/May/2012:16:26:35 +0800] "GET /music/moved200909/20090918.mp3 HTTP/1.1" 503 466 "http://download.jptranslate.com/music/moved200909" "Mozilla/4.0 (compatible; MSIE 6.0; Windows NT 5.1; SV1; InfoPath.2; .NET CLR 1.1.4322; .NET CLR 2.0.50727)"
27.115.55.82 - - [18/May/2012:16:26:36 +0800] "GET /music/moved200909/20090918.mp3 HTTP/1.1" 503 466 "http://download.jptranslate.com/music/moved200909" "Mozilla/4.0 (compatible; MSIE 6.0; Windows NT 5.1; SV1; InfoPath.2; .NET CLR 1.1.4322; .NET CLR 2.0.50727)"
27.115.55.82 - - [18/May/2012:16:26:36 +0800] "GET /music/moved200909/20090918.mp3 HTTP/1.1" 503 466 "-" "Mozilla/4.0 (compatible; MSIE 6.0; Windows NT 5.1; SV1; InfoPath.2; .NET CLR 1.1.4322; .NET CLR 2.0.50727)"
27.115.55.82 - - [18/May/2012:16:26:36 +0800] "GET /music/moved200909/20090918.mp3 HTTP/1.1" 503 466 "http://download.jptranslate.com/music/moved200909" "Mozilla/4.0 (compatible; MSIE 6.0; Windows NT 5.1; SV1; InfoPath.2; .NET CLR 1.1.4322; .NET CLR 2.0.50727)"
27.115.55.82 - - [18/May/2012:16:26:41 +0800] "GET /music/moved200909/20090918.mp3 HTTP/1.1" 503 466 "http://download.jptranslate.com/music/moved200909" "Mozilla/4.0 (compatible; MSIE 6.0; Windows NT 5.1; SV1; InfoPath.2; .NET CLR 1.1.4322; .NET CLR 2.0.50727)"
27.115.55.82 - - [18/May/2012:16:26:44 +0800] "GET /music/moved200909/20090918.mp3 HTTP/1.1" 503 466 "-" "Mozilla/4.0 (compatible; MSIE 6.0; Windows NT 5.1; SV1; InfoPath.2; .NET CLR 1.1.4322; .NET CLR 2.0.50727)"
27.115.55.82 - - [18/May/2012:16:26:44 +0800] "GET /music/moved200909/20090918.mp3 HTTP/1.1" 503 466 "http://download.jptranslate.com/music/moved200909" "Mozilla/4.0 (compatible; MSIE 6.0; Windows NT 5.1; SV1; InfoPath.2; .NET CLR 1.1.4322; .NET CLR 2.0.50727)"
27.115.55.82 - - [18/May/2012:16:26:44 +0800] "GET /music/moved200909/20090918.mp3 HTTP/1.1" 503 466 "http://download.jptranslate.com/music/moved200909" "Mozilla/4.0 (compatible; MSIE 6.0; Windows NT 5.1; SV1; InfoPath.2; .NET CLR 1.1.4322; .NET CLR 2.0.50727)"
27.115.55.82 - - [18/May/2012:16:26:47 +0800] "GET /music/moved200909/20090918.mp3 HTTP/1.1" 503 466 "http://download.jptranslate.com/music/moved200909" "Mozilla/4.0 (compatible; MSIE 6.0; Windows NT 5.1; SV1; InfoPath.2; .NET CLR 1.1.4322; .NET CLR 2.0.50727)"
27.115.55.82 - - [18/May/2012:16:26:51 +0800] "GET /music/moved200909/20090918.mp3 HTTP/1.1" 503 466 "-" "Mozilla/4.0 (compatible; MSIE 6.0; Windows NT 5.1; SV1; InfoPath.2; .NET CLR 1.1.4322; .NET CLR 2.0.50727)"
27.115.55.82 - - [18/May/2012:16:26:51 +0800] "GET /music/moved200909/20090918.mp3 HTTP/1.1" 503 466 "http://download.jptranslate.com/music/moved200909" "Mozilla/4.0 (compatible; MSIE 6.0; Windows NT 5.1; SV1; InfoPath.2; .NET CLR 1.1.4322; .NET CLR 2.0.50727)"
27.115.55.82 - - [18/May/2012:16:26:52 +0800] "GET /music/moved200909/20090918.mp3 HTTP/1.1" 503 466 "http://download.jptranslate.com/music/moved200909" "Mozilla/4.0 (compatible; MSIE 6.0; Windows NT 5.1; SV1; InfoPath.2; .NET CLR 1.1.4322; .NET CLR 2.0.50727)"
27.115.55.82 - - [18/May/2012:16:26:55 +0800] "GET /music/moved200909/20090918.mp3 HTTP/1.1" 503 466 "-" "Mozilla/4.0 (compatible; MSIE 6.0; Windows NT 5.1; SV1; InfoPath.2; .NET CLR 1.1.4322; .NET CLR 2.0.50727)"
27.115.55.82 - - [18/May/2012:16:26:56 +0800] "GET /music/moved200909/20090918.mp3 HTTP/1.1" 503 466 "-" "Mozilla/4.0 (compatible; MSIE 6.0; Windows NT 5.1; SV1; InfoPath.2; .NET CLR 1.1.4322; .NET CLR 2.0.50727)"
27.115.55.82 - - [18/May/2012:16:26:57 +0800] "GET /music/moved200909/20090918.mp3 HTTP/1.1" 503 466 "http://download.jptranslate.com/music/moved200909" "Mozilla/4.0 (compatible; MSIE 6.0; Windows NT 5.1; SV1; InfoPath.2; .NET CLR 1.1.4322; .NET CLR 2.0.50727)"
27.115.55.82 - - [18/May/2012:16:26:58 +0800] "GET /music/moved200909/20090918.mp3 HTTP/1.1" 503 466 "http://download.jptranslate.com/music/moved200909" "Mozilla/4.0 (compatible; MSIE 6.0; Windows NT 5.1; SV1; InfoPath.2; .NET CLR 1.1.4322; .NET CLR 2.0.50727)"
27.115.55.82 - - [18/May/2012:16:26:59 +0800] "GET /music/moved200909/20090918.mp3 HTTP/1.1" 503 466 "http://download.jptranslate.com/music/moved200909" "Mozilla/4.0 (compatible; MSIE 6.0; Windows NT 5.1; SV1; InfoPath.2; .NET CLR 1.1.4322; .NET CLR 2.0.50727)"
27.115.55.82 - - [18/May/2012:16:26:59 +0800] "GET /music/moved200909/20090918.mp3 HTTP/1.1" 503 466 "http://download.jptranslate.com/music/moved200909" "Mozilla/4.0 (compatible; MSIE 6.0; Windows NT 5.1; SV1; InfoPath.2; .NET CLR 1.1.4322; .NET CLR 2.0.50727)"
27.115.55.82 - - [18/May/2012:16:26:59 +0800] "GET /music/moved200909/20090918.mp3 HTTP/1.1" 503 466 "-" "Mozilla/4.0 (compatible; MSIE 6.0; Windows NT 5.1; SV1; InfoPath.2; .NET CLR 1.1.4322; .NET CLR 2.0.50727)"
27.115.55.82 - - [18/May/2012:16:26:59 +0800] "GET /music/moved200909/20090918.mp3 HTTP/1.1" 503 466 "-" "Mozilla/4.0 (compatible; MSIE 6.0; Windows NT 5.1; SV1; InfoPath.2; .NET CLR 1.1.4322; .NET CLR 2.0.50727)"
27.115.55.82 - - [18/May/2012:16:27:00 +0800] "GET /music/moved200909/20090918.mp3 HTTP/1.1" 503 466 "-" "Mozilla/4.0 (compatible; MSIE 6.0; Windows NT 5.1; SV1; InfoPath.2; .NET CLR 1.1.4322; .NET CLR 2.0.50727)"
27.115.55.82 - - [18/May/2012:16:27:00 +0800] "GET /music/moved200909/20090918.mp3 HTTP/1.1" 503 466 "http://download.jptranslate.com/music/moved200909" "Mozilla/4.0 (compatible; MSIE 6.0; Windows NT 5.1; SV1; InfoPath.2; .NET CLR 1.1.4322; .NET CLR 2.0.50727)"
27.115.55.82 - - [18/May/2012:16:23:53 +0800] "GET /music/moved200909/20090918.mp3 HTTP/1.1" 206 1231257 "http://download.jptranslate.com/music/moved200909" "Mozilla/4.0 (compatible; MSIE 6.0; Windows NT 5.1; SV1; InfoPath.2; .NET CLR 1.1.4322; .NET CLR 2.0.50727)"
27.115.55.82 - - [18/May/2012:16:27:11 +0800] "GET /music/moved200909/20090918.mp3 HTTP/1.1" 503 466 "http://download.jptranslate.com/music/moved200909" "Mozilla/4.0 (compatible; MSIE 6.0; Windows NT 5.1; SV1; InfoPath.2; .NET CLR 1.1.4322; .NET CLR 2.0.50727)"
27.115.55.82 - - [18/May/2012:16:27:11 +0800] "GET /music/moved200909/20090918.mp3 HTTP/1.1" 503 466 "-" "Mozilla/4.0 (compatible; MSIE 6.0; Windows NT 5.1; SV1; InfoPath.2; .NET CLR 1.1.4322; .NET CLR 2.0.50727)"
27.115.55.82 - - [18/May/2012:16:27:11 +0800] "GET /music/moved200909/20090918.mp3 HTTP/1.1" 503 466 "http://download.jptranslate.com/music/moved200909" "Mozilla/4.0 (compatible; MSIE 6.0; Windows NT 5.1; SV1; InfoPath.2; .NET CLR 1.1.4322; .NET CLR 2.0.50727)"
27.115.55.82 - - [18/May/2012:16:27:12 +0800] "GET /music/moved200909/20090918.mp3 HTTP/1.1" 503 466 "http://download.jptranslate.com/music/moved200909" "Mozilla/4.0 (compatible; MSIE 6.0; Windows NT 5.1; SV1; InfoPath.2; .NET CLR 1.1.4322; .NET CLR 2.0.50727)"
27.115.55.82 - - [18/May/2012:16:27:12 +0800] "GET /music/moved200909/20090918.mp3 HTTP/1.1" 503 466 "http://download.jptranslate.com/music/moved200909" "Mozilla/4.0 (compatible; MSIE 6.0; Windows NT 5.1; SV1; InfoPath.2; .NET CLR 1.1.4322; .NET CLR 2.0.50727)"
27.115.55.82 - - [18/May/2012:16:27:12 +0800] "GET /music/moved200909/20090918.mp3 HTTP/1.1" 503 466 "-" "Mozilla/4.0 (compatible; MSIE 6.0; Windows NT 5.1; SV1; InfoPath.2; .NET CLR 1.1.4322; .NET CLR 2.0.50727)"
27.115.55.82 - - [18/May/2012:16:27:12 +0800] "GET /music/moved200909/20090918.mp3 HTTP/1.1" 503 466 "http://download.jptranslate.com/music/moved200909" "Mozilla/4.0 (compatible; MSIE 6.0; Windows NT 5.1; SV1; InfoPath.2; .NET CLR 1.1.4322; .NET CLR 2.0.50727)"
27.115.55.82 - - [18/May/2012:16:23:53 +0800] "GET /music/moved200909/20090918.mp3 HTTP/1.1" 206 2462514 "http://download.jptranslate.com/music/moved200909" "Mozilla/4.0 (compatible; MSIE 6.0; Windows NT 5.1; SV1; InfoPath.2; .NET CLR 1.1.4322; .NET CLR 2.0.50727)"
27.115.55.82 - - [18/May/2012:16:23:53 +0800] "GET /music/moved200909/20090918.mp3 HTTP/1.1" 206 1231257 "http://download.jptranslate.com/music/moved200909" "Mozilla/4.0 (compatible; MSIE 6.0; Windows NT 5.1; SV1; InfoPath.2; .NET CLR 1.1.4322; .NET CLR 2.0.50727)"
27.115.55.82 - - [18/May/2012:16:23:53 +0800] "GET /music/moved200909/20090918.mp3 HTTP/1.1" 206 1231257 "http://download.jptranslate.com/music/moved200909" "Mozilla/4.0 (compatible; MSIE 6.0; Windows NT 5.1; SV1; InfoPath.2; .NET CLR 1.1.4322; .NET CLR 2.0.50727)"
27.115.55.82 - - [18/May/2012:16:23:51 +0800] "GET /music/moved200909/20090918.mp3 HTTP/1.1" 200 6246400 "http://download.jptranslate.com/music/moved200909" "Mozilla/4.0 (compatible; MSIE 6.0; Windows NT 5.1; SV1; InfoPath.2; .NET CLR 1.1.4322; .NET CLR 2.0.50727)"
27.115.55.82 - - [18/May/2012:16:27:20 +0800] "GET /music/moved200909/20090918.mp3 HTTP/1.1" 503 466 "http://download.jptranslate.com/music/moved200909" "Mozilla/4.0 (compatible; MSIE 6.0; Windows NT 5.1; SV1; InfoPath.2; .NET CLR 1.1.4322; .NET CLR 2.0.50727)"
27.42.153.163 - - [18/May/2012:16:27:29 +0800] "GET /music/moved200909/20090918.mp3 HTTP/1.1" 200 6246400 "-" "Mozilla/4.0 (compatible; MSIE 6.0; Windows NT 5.1)"
117.86.93.154 - - [18/May/2012:16:26:08 +0800] "GET /music/moved200909/20090930.mp3 HTTP/1.1" 206 4174208 "http://download.jptranslate.com/" "Mozilla/4.0 (compatible; MSIE 6.0; Windows NT 5.1; .NET CLR 2.0.50727)"
117.86.93.154 - - [18/May/2012:16:25:58 +0800] "GET /music/moved200909/20090930.mp3 HTTP/1.1" 200 4239744 "http://download.jptranslate.com/" "Mozilla/4.0 (compatible; MSIE 6.0; Windows NT 5.1; .NET CLR 2.0.50727)"
119.112.127.43 - - [18/May/2012:16:29:26 +0800] "GET /music/moved200909/20090914.mp3 HTTP/1.1" 200 6635533 "-" "Mozilla/4.0 (compatible; MSIE 5.00; Windows 98)"
27.115.55.82 - - [18/May/2012:16:27:07 +0800] "GET /music/moved200909/20090918.mp3 HTTP/1.1" 206 201522 "http://download.jptranslate.com/music/moved200909" "Mozilla/4.0 (compatible; MSIE 6.0; Windows NT 5.1; SV1; InfoPath.2; .NET CLR 1.1.4322; .NET CLR 2.0.50727)"
27.115.55.82 - - [18/May/2012:16:27:20 +0800] "GET /music/moved200909/20090918.mp3 HTTP/1.1" 206 169164 "http://download.jptranslate.com/music/moved200909" "Mozilla/4.0 (compatible; MSIE 6.0; Windows NT 5.1; SV1; InfoPath.2; .NET CLR 1.1.4322; .NET CLR 2.0.50727)"
27.115.55.82 - - [18/May/2012:16:27:20 +0800] "GET /music/moved200909/20090918.mp3 HTTP/1.1" 206 95527 "http://download.jptranslate.com/music/moved200909" "Mozilla/4.0 (compatible; MSIE 6.0; Windows NT 5.1; SV1; InfoPath.2; .NET CLR 1.1.4322; .NET CLR 2.0.50727)"
27.115.55.82 - - [18/May/2012:16:27:20 +0800] "GET /music/moved200909/20090918.mp3 HTTP/1.1" 206 414174 "http://download.jptranslate.com/music/moved200909" "Mozilla/4.0 (compatible; MSIE 6.0; Windows NT 5.1; SV1; InfoPath.2; .NET CLR 1.1.4322; .NET CLR 2.0.50727)"
27.115.55.82 - - [18/May/2012:16:27:20 +0800] "GET /music/moved200909/20090918.mp3 HTTP/1.1" 206 276116 "http://download.jptranslate.com/music/moved200909" "Mozilla/4.0 (compatible; MSIE 6.0; Windows NT 5.1; SV1; InfoPath.2; .NET CLR 1.1.4322; .NET CLR 2.0.50727)"
119.112.127.43 - - [18/May/2012:16:30:18 +0800] "GET /music/moved200909/20090914.mp3 HTTP/1.1" 200 6635533 "-" "Mozilla/4.0 (compatible; MSIE 5.00; Windows 98)"
117.91.3.235 - - [18/May/2012:16:31:15 +0800] "GET /music/moved200909/20090918.mp3 HTTP/1.1" 200 6246400 "-" "NSPlayer/10.0.0.4078 WMFSDK/10.0"
117.91.3.235 - - [18/May/2012:16:31:19 +0800] "GET /music/moved200909/20090918.mp3 HTTP/1.1" 206 6243831 "-" "NSPlayer/10.0.0.4078 WMFSDK/10.0"
38.107.179.232 - - [18/May/2012:16:31:13 +0800] "GET /2008-08/DanDan%c8%d5%d3%ef%d1%a7%cc%c3(21-30).rar HTTP/1.1" 200 97578823 "-" "CCBot/1.0 (+http://www.commoncrawl.org/bot.html)"
117.24.43.131 - - [18/May/2012:16:31:32 +0800] "GET /music/moved200909/20090921.mp3 HTTP/1.1" 200 4828683 "-" "NSPlayer/10.0.0.4078 WMFSDK/10.0"
38.107.179.233 - - [18/May/2012:16:32:29 +0800] "GET /2008-08/DanDan%c8%d5%d3%ef%d1%a7%cc%c3.rar HTTP/1.1" 200 73191977 "-" "CCBot/1.0 (+http://www.commoncrawl.org/bot.html)"
119.161.235.19 - - [18/May/2012:16:33:23 +0800] "GET /music/moved200909/20090914.mp3 HTTP/1.1" 200 6635533 "-" "Mozilla/4.0 (compatible; MSIE 5.00; Windows 98)"
125.74.63.154 - - [18/May/2012:16:34:48 +0800] "GET /music/moved200912/20091217.mp3 HTTP/1.1" 404 371 "-" "Mozilla/4.0 (compatible; MSIE 5.00; Windows 98)"
125.74.63.154 - - [18/May/2012:16:34:48 +0800] "GET /music/moved200912/20091217.mp3 HTTP/1.1" 404 371 "-" "Mozilla/4.0 (compatible; MSIE 5.00; Windows 98)"
125.74.63.154 - - [18/May/2012:16:34:49 +0800] "GET /music/moved200912/20091217.mp3 HTTP/1.1" 404 371 "-" "Mozilla/4.0 (compatible; MSIE 5.00; Windows 98)"
125.74.63.154 - - [18/May/2012:16:34:50 +0800] "GET /music/moved200912/20091217.mp3 HTTP/1.1" 404 371 "-" "Mozilla/4.0 (compatible; MSIE 5.00; Windows 98)"
220.181.51.218 - - [18/May/2012:16:34:50 +0800] "GET /music/moved200909/20090930.mp3? HTTP/1.0" 200 4239744 "-" "NSPlayer/10.0.0.4072 WMFSDK/10.0"
119.119.94.45 - - [18/May/2012:16:35:14 +0800] "GET /music/moved200910/20091006.mp3 HTTP/1.1" 404 371 "-" "Mozilla/4.0 (compatible; MSIE 5.00; Windows 98)"
119.119.94.45 - - [18/May/2012:16:35:14 +0800] "GET /music/moved200910/20091006.mp3 HTTP/1.1" 404 371 "-" "Mozilla/4.0 (compatible; MSIE 5.00; Windows 98)"
119.119.94.45 - - [18/May/2012:16:35:15 +0800] "GET /music/moved200910/20091006.mp3 HTTP/1.1" 404 371 "-" "Mozilla/4.0 (compatible; MSIE 5.00; Windows 98)"
119.119.94.45 - - [18/May/2012:16:35:15 +0800] "GET /music/moved200910/20091006.mp3 HTTP/1.1" 404 371 "-" "Mozilla/4.0 (compatible; MSIE 5.00; Windows 98)"
121.22.161.75 - - [18/May/2012:16:34:58 +0800] "GET /music/moved200909/20090921.mp3 HTTP/1.1" 200 4828683 "-" "Mozilla/4.0 (compatible; MSIE 5.00; Windows 98)"
218.107.18.153 - - [18/May/2012:16:35:44 +0800] "GET /music/moved200909/20090914.mp3 HTTP/1.0" 200 6635533 "" "Mozilla/4.0 (compatible; MSIE 5.00; Windows 98)"
180.76.5.97 - - [18/May/2012:16:35:57 +0800] "GET / HTTP/1.1" 200 1418 "-" "Mozilla/5.0 (compatible; Baiduspider/2.0; +http://www.baidu.com/search/spider.html)"
121.22.161.75 - - [18/May/2012:16:36:01 +0800] "GET /music/moved200909/20090921.mp3 HTTP/1.1" 200 4828683 "-" "Mozilla/4.0 (compatible; MSIE 5.00; Windows 98)"
121.22.161.75 - - [18/May/2012:16:36:18 +0800] "GET /music/moved200909/20090921.mp3 HTTP/1.1" 200 4828683 "-" "Mozilla/4.0 (compatible; MSIE 5.00; Windows 98)"
221.4.201.246 - - [18/May/2012:16:36:12 +0800] "GET /music/moved200909/20090914.mp3 HTTP/1.1" 200 6635533 "-" "Mozilla/4.0 (compatible; MSIE 5.00; Windows 98)"
61.135.190.87 - - [18/May/2012:16:37:30 +0800] "GET /music/moved200909/20090930.mp3? HTTP/1.0" 200 4239744 "-" "NSPlayer/10.0.0.4072 WMFSDK/10.0"
119.6.126.103 - - [18/May/2012:16:37:41 +0800] "GET /music/moved200909/20090921.mp3 HTTP/1.1" 200 4828683 "-" "Mozilla/4.0 (compatible; MSIE 5.00; Windows 98)"
123.135.120.109 - - [18/May/2012:16:37:05 +0800] "GET /music/moved200909/20090911.mp3 HTTP/1.1" 200 6916096 "-" "NSPlayer/10.0.0.4054 WMFSDK/10.0"
221.4.201.246 - - [18/May/2012:16:35:44 +0800] "GET /music/moved200909/20090914.mp3 HTTP/1.1" 200 6635533 "-" "Mozilla/4.0 (compatible; MSIE 5.00; Windows 98)"
38.107.179.234 - - [18/May/2012:16:39:36 +0800] "GET /2008-08/HikaruNoGo(31-60).rar HTTP/1.1" 200 49996752 "-" "CCBot/1.0 (+http://www.commoncrawl.org/bot.html)"
38.107.179.230 - - [18/May/2012:16:40:35 +0800] "GET /2008-08/JLPT1-grammar(151-210).rar HTTP/1.1" 200 19551193 "-" "CCBot/1.0 (+http://www.commoncrawl.org/bot.html)"
116.113.93.2 - - [18/May/2012:16:41:45 +0800] "GET /music/moved200909/20090921.mp3 HTTP/1.1" 200 4828683 "-" "Mozilla/4.0 (compatible; MSIE 5.00; Windows 98)"
222.184.253.137 - - [18/May/2012:16:42:04 +0800] "GET /music/moved200909/20090918.mp3 HTTP/1.1" 200 6246400 "-" "NSPlayer/12.00.7601.17514 WMFSDK/12.00.7601.17514"
119.118.191.177 - - [18/May/2012:16:42:16 +0800] "GET /music/moved200909/20090909.mp3 HTTP/1.1" 200 4650675 "-" "Mozilla/4.0 (compatible; MSIE 5.00; Windows 98)"
38.107.179.231 - - [18/May/2012:16:43:29 +0800] "GET /2008-08/JLPT1L1991-2007.rar HTTP/1.1" 200 1024494 "-" "CCBot/1.0 (+http://www.commoncrawl.org/bot.html)"
38.107.179.232 - - [18/May/2012:16:44:28 +0800] "GET /2008-08/Level3and4Grammer(01-51).rar HTTP/1.1" 200 378493 "-" "CCBot/1.0 (+http://www.commoncrawl.org/bot.html)"
123.125.67.180 - - [18/May/2012:16:44:53 +0800] "GET /speaker_wv.swf HTTP/1.0" 200 2904 "-" "Mozilla/4.0 (compatible; MSIE 6.0; Windows NT 5.1; SV1)"
221.11.6.10 - - [18/May/2012:16:42:54 +0800] "GET /music/moved200909/20090914.mp3 HTTP/1.1" 200 6635533 "-" "Mozilla/4.0 (compatible; MSIE 5.00; Windows 98)"
116.113.120.112 - - [18/May/2012:16:45:20 +0800] "GET /music/moved200909/20090921.mp3 HTTP/1.1" 200 4828683 "-" "Mozilla/4.0 (compatible; MSIE 5.00; Windows 98)"
38.107.179.233 - - [18/May/2012:16:45:04 +0800] "GET /2008-08/SaintSeiya(01-15).rar HTTP/1.1" 200 184253518 "-" "CCBot/1.0 (+http://www.commoncrawl.org/bot.html)"
114.104.24.18 - - [18/May/2012:16:46:47 +0800] "GET /music/moved200909/20090921.mp3 HTTP/1.1" 200 4828683 "-" "Mozilla/4.0 (compatible; MSIE 5.00; Windows 98)"
124.239.75.246 - - [18/May/2012:16:46:52 +0800] "GET /music/moved200909/20090921.mp3 HTTP/1.1" 200 4828683 "-" "Mozilla/4.0 (compatible; MSIE 5.00; Windows 98)"
113.117.7.227 - - [18/May/2012:16:47:19 +0800] "GET /music/moved200909/20090918.mp3 HTTP/1.1" 200 6246400 "-" "Mozilla/4.0 (compatible; MSIE 5.00; Windows 98)"
118.186.204.146 - - [18/May/2012:16:48:03 +0800] "GET /favicon.ico HTTP/1.1" 404 352 "-" "Mozilla/4.0 (compatible; MSIE 8.0; Windows NT 6.1; Trident/4.0; QQDownload 680; SLCC2; .NET CLR 2.0.50727; .NET CLR 3.5.30729; .NET CLR 3.0.30729; Media Center PC 6.0; Tablet PC 2.0; .NET4.0C; .NET4.0E; 360SE)"
221.235.230.93 - - [18/May/2012:16:47:48 +0800] "GET /music/moved200909/20090916.mp3 HTTP/1.1" 200 6705864 "http://m435.mail.qq.com/zh_CN/htmledition/swf/audioplayer.swf?rand=0.9717347227924675" "Mozilla/4.0 (compatible; MSIE 7.0; Windows NT 5.1; Trident/4.0; 360SE)"
118.186.204.146 - - [18/May/2012:16:48:06 +0800] "GET /favicon.ico HTTP/1.1" 404 352 "-" "360se"
1.195.210.128 - - [18/May/2012:16:48:20 +0800] "GET /music/moved200911/20091121.mp3 HTTP/1.1" 404 371 "-" "Mozilla/4.0 (compatible; MSIE 5.00; Windows 98)"
1.195.210.128 - - [18/May/2012:16:48:20 +0800] "GET /music/moved200911/20091121.mp3 HTTP/1.1" 404 371 "-" "Mozilla/4.0 (compatible; MSIE 5.00; Windows 98)"
1.195.210.128 - - [18/May/2012:16:48:21 +0800] "GET /music/moved200911/20091121.mp3 HTTP/1.1" 404 371 "-" "Mozilla/4.0 (compatible; MSIE 5.00; Windows 98)"
221.11.6.10 - - [18/May/2012:16:47:28 +0800] "GET /music/moved200909/20090914.mp3 HTTP/1.1" 200 6635533 "-" "Mozilla/4.0 (compatible; MSIE 5.00; Windows 98)"
1.195.210.128 - - [18/May/2012:16:48:21 +0800] "GET /music/moved200911/20091121.mp3 HTTP/1.1" 404 371 "-" "Mozilla/4.0 (compatible; MSIE 5.00; Windows 98)"
180.76.6.35 - - [18/May/2012:16:48:23 +0800] "GET /music/?C=M;O=A HTTP/1.1" 200 632 "-" "Mozilla/5.0 (compatible; Baiduspider/2.0; +http://www.baidu.com/search/spider.html)"
118.186.204.146 - - [18/May/2012:16:48:02 +0800] "GET /music/moved200909/20090909.mp3 HTTP/1.1" 200 4650675 "http://box.zhangmen.baidu.com/m?word=mp3,,,[sunset+-love+is+all-]&cat=0&ct=134217728&tn=baidusg,sunrise+%7Elove+is+all%7E++&si=sunrise+%7Elove+is+all%7E;;%B1%F5%C6%E9%B2%BD;;0;;0&lm=-1&sgid=1&size=4194304&attr=0,0&titlekey=3560807569,1316312062" "Mozilla/4.0 (compatible; MSIE 8.0; Windows NT 6.1; Trident/4.0; QQDownload 680; SLCC2; .NET CLR 2.0.50727; .NET CLR 3.5.30729; .NET CLR 3.0.30729; Media Center PC 6.0; Tablet PC 2.0; .NET4.0C; .NET4.0E; 360SE)"
114.102.35.252 - - [18/May/2012:16:49:18 +0800] "GET /music/moved200909/20090914.mp3 HTTP/1.1" 200 6635533 "-" "Mozilla/4.0 (compatible; MSIE 5.00; Windows 98)"
113.117.7.227 - - [18/May/2012:16:49:21 +0800] "GET /music/moved200909/20090918.mp3 HTTP/1.1" 200 6246400 "-" "Mozilla/4.0 (compatible; MSIE 5.00; Windows 98)"
113.117.7.227 - - [18/May/2012:16:49:36 +0800] "GET /music/moved200909/20090918.mp3 HTTP/1.1" 200 6246400 "-" "Mozilla/4.0 (compatible; MSIE 5.00; Windows 98)"
221.11.6.10 - - [18/May/2012:16:46:05 +0800] "GET /music/moved200909/20090914.mp3 HTTP/1.1" 200 6635533 "-" "Mozilla/4.0 (compatible; MSIE 5.00; Windows 98)"
220.181.51.155 - - [18/May/2012:16:51:16 +0800] "GET /music/moved200909/20090911.mp3 HTTP/1.0" 200 6916096 "-" "NSPlayer/10.0.0.4072 WMFSDK/10.0"
115.200.132.225 - - [18/May/2012:16:48:51 +0800] "GET /music/moved200909/20090921.mp3 HTTP/1.1" 200 4828683 "-" "Mozilla/4.0 (compatible; MSIE 5.00; Windows 98)"
125.221.125.172 - - [18/May/2012:16:45:26 +0800] "GET /music/moved200909/20090916.mp3 HTTP/1.1" 200 6705864 "-" "Mozilla/4.0 (compatible; MSIE 5.00; Windows 98)"
49.73.202.113 - - [18/May/2012:16:52:13 +0800] "GET /music/moved200910/20091016.mp3 HTTP/1.1" 404 371 "-" "Mozilla/4.0 (compatible; MSIE 5.00; Windows 98)"
49.73.202.113 - - [18/May/2012:16:52:13 +0800] "GET /music/moved200910/20091016.mp3 HTTP/1.1" 404 371 "-" "Mozilla/4.0 (compatible; MSIE 5.00; Windows 98)"
49.73.202.113 - - [18/May/2012:16:52:14 +0800] "GET /music/moved200910/20091016.mp3 HTTP/1.1" 404 371 "-" "Mozilla/4.0 (compatible; MSIE 5.00; Windows 98)"
49.73.202.113 - - [18/May/2012:16:52:14 +0800] "GET /music/moved200910/20091016.mp3 HTTP/1.1" 404 371 "-" "Mozilla/4.0 (compatible; MSIE 5.00; Windows 98)"
218.61.139.226 - - [18/May/2012:16:52:14 +0800] "GET /music/moved200909/20090930.mp3 HTTP/1.1" 200 4239744 "http://download.jptranslate.com/" "Mozilla/4.0 (compatible; MSIE 8.0; Windows NT 5.1; .NET CLR 2.0.50727; Microsoft Windows Media Center PC 6.0)"
218.61.139.226 - - [18/May/2012:16:52:15 +0800] "GET /music/moved200909/20090930.mp3 HTTP/1.1" 206 176512 "http://download.jptranslate.com/" "Mozilla/4.0 (compatible; MSIE 8.0; Windows NT 5.1; .NET CLR 2.0.50727; Microsoft Windows Media Center PC 6.0)"
218.61.139.226 - - [18/May/2012:16:52:16 +0800] "GET /music/moved200909/20090930.mp3 HTTP/1.1" 206 110976 "http://download.jptranslate.com/" "Mozilla/4.0 (compatible; MSIE 8.0; Windows NT 5.1; .NET CLR 2.0.50727; Microsoft Windows Media Center PC 6.0)"
218.61.139.226 - - [18/May/2012:16:52:17 +0800] "GET /music/moved200909/20090930.mp3 HTTP/1.1" 206 45440 "http://download.jptranslate.com/" "Mozilla/4.0 (compatible; MSIE 8.0; Windows NT 5.1; .NET CLR 2.0.50727; Microsoft Windows Media Center PC 6.0)"
38.107.179.234 - - [18/May/2012:16:52:21 +0800] "GET /2008-08/TBSNews(401-500).rar HTTP/1.1" 200 176069081 "-" "CCBot/1.0 (+http://www.commoncrawl.org/bot.html)"
116.113.120.112 - - [18/May/2012:16:52:56 +0800] "GET /music/moved200909/20090921.mp3 HTTP/1.1" 200 4828683 "-" "Mozilla/4.0 (compatible; MSIE 5.00; Windows 98)"
218.61.139.226 - - [18/May/2012:16:52:18 +0800] "GET /music/moved200909/20090930.mp3 HTTP/1.1" 206 4174208 "http://download.jptranslate.com/" "Mozilla/4.0 (compatible; MSIE 8.0; Windows NT 5.1; .NET CLR 2.0.50727; Microsoft Windows Media Center PC 6.0)"
114.104.24.18 - - [18/May/2012:16:52:48 +0800] "GET /music/moved200909/20090921.mp3 HTTP/1.1" 200 4828683 "-" "Mozilla/4.0 (compatible; MSIE 5.00; Windows 98)"
221.11.6.10 - - [18/May/2012:16:48:34 +0800] "GET /music/moved200909/20090914.mp3 HTTP/1.1" 200 6635533 "-" "Mozilla/4.0 (compatible; MSIE 5.00; Windows 98)"
113.117.7.227 - - [18/May/2012:16:49:49 +0800] "GET /music/moved200909/20090918.mp3 HTTP/1.1" 200 6246400 "-" "Mozilla/4.0 (compatible; MSIE 5.00; Windows 98)"
38.107.179.230 - - [18/May/2012:16:55:08 +0800] "GET /2008-08/WhatDayTheDay_All%20.rar HTTP/1.1" 200 11799546 "-" "CCBot/1.0 (+http://www.commoncrawl.org/bot.html)"
124.160.188.70 - - [18/May/2012:16:55:55 +0800] "GET /music/moved200909/20090918.mp3 HTTP/1.1" 200 6246400 "http://box.zhangmen.baidu.com/flash/fmp.swf?v=20110519a&r=0.11151218740269542&r=0.1157798080239445&r=0.5215703877620399" "Mozilla/5.0 (Windows NT 5.1) AppleWebKit/535.11 (KHTML, like Gecko) Chrome/17.0.963.83 Safari/535.11 QIHU 360EE"
124.160.188.70 - - [18/May/2012:16:55:58 +0800] "GET /music/moved200909/20090918.mp3 HTTP/1.1" 206 1 "http://box.zhangmen.baidu.com/flash/fmp.swf?v=20110519a&r=0.11151218740269542&r=0.1157798080239445&r=0.5215703877620399&r=0.2585158145520836&r=0.420815545367077" "Mozilla/5.0 (Windows NT 5.1) AppleWebKit/535.11 (KHTML, like Gecko) Chrome/17.0.963.83 Safari/535.11 QIHU 360EE"
38.107.179.231 - - [18/May/2012:16:56:04 +0800] "GET /2008-08/cjrysss(31-60).rar HTTP/1.1" 200 37074797 "-" "CCBot/1.0 (+http://www.commoncrawl.org/bot.html)"
1.202.218.8 - - [18/May/2012:16:56:32 +0800] "GET /robots.txt HTTP/1.0" 404 351 "-" "\"Mozilla/5.0"
124.160.188.70 - - [18/May/2012:16:55:58 +0800] "GET /music/moved200909/20090918.mp3 HTTP/1.1" 206 6066176 "http://box.zhangmen.baidu.com/flash/fmp.swf?v=20110519a&r=0.11151218740269542&r=0.1157798080239445&r=0.5215703877620399&r=0.2585158145520836&r=0.420815545367077" "Mozilla/5.0 (Windows NT 5.1) AppleWebKit/535.11 (KHTML, like Gecko) Chrome/17.0.963.83 Safari/535.11 QIHU 360EE"
124.160.188.70 - - [18/May/2012:16:56:32 +0800] "GET /favicon.ico HTTP/1.1" 404 352 "-" "Mozilla/5.0 (Windows NT 5.1) AppleWebKit/535.11 (KHTML, like Gecko) Chrome/17.0.963.83 Safari/535.11 QIHU 360EE"
124.160.188.70 - - [18/May/2012:16:56:32 +0800] "GET /music/moved200909/20090918.mp3 HTTP/1.1" 206 6246400 "http://download.jptranslate.com/music/moved200909/20090918.mp3" "Mozilla/5.0 (Windows NT 5.1) AppleWebKit/535.11 (KHTML, like Gecko) Chrome/17.0.963.83 Safari/535.11 QIHU 360EE"
58.244.82.10 - - [18/May/2012:16:57:18 +0800] "GET /music/moved200912/20091203.mp3 HTTP/1.1" 404 371 "-" "Mozilla/4.0 (compatible; MSIE 5.00; Windows 98)"
58.244.82.10 - - [18/May/2012:16:57:19 +0800] "GET /music/moved200912/20091203.mp3 HTTP/1.1" 404 371 "-" "Mozilla/4.0 (compatible; MSIE 5.00; Windows 98)"
58.244.82.10 - - [18/May/2012:16:57:19 +0800] "GET /music/moved200912/20091203.mp3 HTTP/1.1" 404 371 "-" "Mozilla/4.0 (compatible; MSIE 5.00; Windows 98)"
58.244.82.10 - - [18/May/2012:16:57:19 +0800] "GET /music/moved200912/20091203.mp3 HTTP/1.1" 404 371 "-" "Mozilla/4.0 (compatible; MSIE 5.00; Windows 98)"
121.206.95.199 - - [18/May/2012:16:57:00 +0800] "GET /music/moved200909/20090909.mp3 HTTP/1.1" 200 4650675 "-" "Mozilla/4.0 (compatible; MSIE 5.00; Windows 98)"
38.107.179.232 - - [18/May/2012:16:57:34 +0800] "GET /2008-08/conan07b_mp3.rar HTTP/1.1" 200 54022467 "-" "CCBot/1.0 (+http://www.commoncrawl.org/bot.html)"
116.3.81.216 - - [18/May/2012:16:57:22 +0800] "GET /music/moved200909/20090925.mp3 HTTP/1.1" 200 4126639 "-" "Mozilla/4.0 (compatible; MSIE 5.00; Windows 98)"
218.61.139.226 - - [18/May/2012:16:59:18 +0800] "GET /music/moved200909/20090930.mp3 HTTP/1.1" 503 466 "http://download.jptranslate.com/" "Mozilla/4.0 (compatible; MSIE 8.0; Windows NT 5.1; .NET CLR 2.0.50727; Microsoft Windows Media Center PC 6.0)"
218.61.139.226 - - [18/May/2012:16:59:15 +0800] "GET /music/moved200909/20090930.mp3 HTTP/1.1" 200 4239744 "http://download.jptranslate.com/" "Mozilla/4.0 (compatible; MSIE 8.0; Windows NT 5.1; .NET CLR 2.0.50727; Microsoft Windows Media Center PC 6.0)"
121.10.176.166 - - [18/May/2012:16:59:21 +0800] "GET /music/moved200909/20090925.mp3 HTTP/1.1" 200 4126639 "http://download.jptranslate.com/" "Mozilla/4.0 (compatible; MSIE 8.0; Windows NT 5.1; .NET CLR 3.5.20706)"
121.10.176.166 - - [18/May/2012:16:59:21 +0800] "GET /music/moved200909/20090925.mp3 HTTP/1.1" 200 4126639 "http://download.jptranslate.com/" "Mozilla/4.0 (compatible; MSIE 8.0; Windows NT 5.1; .NET CLR 3.5.20706)"
123.10.162.74 - - [18/May/2012:16:58:37 +0800] "GET /music/moved200909/20090916.mp3 HTTP/1.1" 200 6705864 "-" "Mozilla/4.0 (compatible; MSIE 5.00; Windows 98)"
218.61.139.226 - - [18/May/2012:16:59:16 +0800] "GET /music/moved200909/20090930.mp3 HTTP/1.1" 206 4108672 "http://download.jptranslate.com/" "Mozilla/4.0 (compatible; MSIE 8.0; Windows NT 5.1; .NET CLR 2.0.50727; Microsoft Windows Media Center PC 6.0)"
218.61.139.226 - - [18/May/2012:16:59:16 +0800] "GET /music/moved200909/20090930.mp3 HTTP/1.1" 206 1028480 "http://download.jptranslate.com/" "Mozilla/4.0 (compatible; MSIE 8.0; Windows NT 5.1; .NET CLR 2.0.50727; Microsoft Windows Media Center PC 6.0)"
218.61.139.226 - - [18/May/2012:16:59:16 +0800] "GET /music/moved200909/20090930.mp3 HTTP/1.1" 206 3125632 "http://download.jptranslate.com/" "Mozilla/4.0 (compatible; MSIE 8.0; Windows NT 5.1; .NET CLR 2.0.50727; Microsoft Windows Media Center PC 6.0)"
218.61.139.226 - - [18/May/2012:16:59:16 +0800] "GET /music/moved200909/20090930.mp3 HTTP/1.1" 206 2077056 "http://download.jptranslate.com/" "Mozilla/4.0 (compatible; MSIE 8.0; Windows NT 5.1; .NET CLR 2.0.50727; Microsoft Windows Media Center PC 6.0)"
121.10.176.166 - - [18/May/2012:16:59:42 +0800] "GET /music/moved200909/20090925.mp3 HTTP/1.1" 206 194479 "http://download.jptranslate.com/" "Mozilla/4.0 (compatible; MSIE 8.0; Windows NT 5.1; .NET CLR 3.5.20706)"
121.10.176.166 - - [18/May/2012:16:59:52 +0800] "GET /music/moved200909/20090925.mp3 HTTP/1.1" 206 194479 "http://download.jptranslate.com/" "Mozilla/4.0 (compatible; MSIE 8.0; Windows NT 5.1; .NET CLR 3.5.20706)"
121.10.176.166 - - [18/May/2012:17:00:58 +0800] "GET /music/moved200909/20090925.mp3 HTTP/1.1" 206 194479 "http://download.jptranslate.com/" "Mozilla/4.0 (compatible; MSIE 8.0; Windows NT 5.1; .NET CLR 3.5.20706)"
121.10.176.166 - - [18/May/2012:17:01:22 +0800] "GET /music/moved200909/20090925.mp3 HTTP/1.1" 206 128943 "http://download.jptranslate.com/" "Mozilla/4.0 (compatible; MSIE 8.0; Windows NT 5.1; .NET CLR 3.5.20706)"
121.10.176.166 - - [18/May/2012:17:01:26 +0800] "GET /music/moved200909/20090925.mp3 HTTP/1.1" 206 128943 "http://download.jptranslate.com/" "Mozilla/4.0 (compatible; MSIE 8.0; Windows NT 5.1; .NET CLR 3.5.20706)"
121.10.176.166 - - [18/May/2012:17:01:27 +0800] "GET /music/moved200909/20090925.mp3 HTTP/1.1" 206 128943 "http://download.jptranslate.com/" "Mozilla/4.0 (compatible; MSIE 8.0; Windows NT 5.1; .NET CLR 3.5.20706)"
38.107.179.233 - - [18/May/2012:17:00:14 +0800] "GET /2008-08/conan07b_tv.rar HTTP/1.1" 200 275501105 "-" "CCBot/1.0 (+http://www.commoncrawl.org/bot.html)"
182.151.48.92 - - [18/May/2012:16:59:10 +0800] "GET /music/moved200909/20090928.mp3 HTTP/1.1" 200 7606325 "-" "Mozilla/4.0 (compatible; MSIE 5.00; Windows 98)"
116.113.120.112 - - [18/May/2012:17:01:27 +0800] "GET /music/moved200909/20090921.mp3 HTTP/1.1" 200 4828683 "-" "Mozilla/4.0 (compatible; MSIE 5.00; Windows 98)"
121.10.176.166 - - [18/May/2012:17:04:29 +0800] "GET /music/moved200909/20090925.mp3 HTTP/1.1" 206 4061103 "http://download.jptranslate.com/" "Mozilla/4.0 (compatible; MSIE 8.0; Windows NT 5.1; .NET CLR 3.5.20706)"
121.10.176.166 - - [18/May/2012:17:04:34 +0800] "GET /music/moved200909/20090925.mp3 HTTP/1.1" 206 4061103 "http://download.jptranslate.com/" "Mozilla/4.0 (compatible; MSIE 8.0; Windows NT 5.1; .NET CLR 3.5.20706)"
220.181.51.218 - - [18/May/2012:17:04:53 +0800] "GET /music/moved200909/20090930.mp3? HTTP/1.0" 200 4239744 "-" "NSPlayer/10.0.0.4072 WMFSDK/10.0"
121.10.176.166 - - [18/May/2012:17:05:30 +0800] "GET /music/moved200909/20090925.mp3 HTTP/1.1" 206 1046447 "http://download.jptranslate.com/" "Mozilla/4.0 (compatible; MSIE 8.0; Windows NT 5.1; .NET CLR 3.5.20706)"
111.173.76.96 - - [18/May/2012:17:06:03 +0800] "GET /music/moved200909/20090914.mp3 HTTP/1.1" 200 6635533 "-" "Mozilla/4.0 (compatible; MSIE 5.00; Windows 98)"
115.200.149.53 - - [18/May/2012:17:06:33 +0800] "GET /music/moved200909/20090914.mp3 HTTP/1.1" 200 6635533 "http://zhidao.baidu.com/question/178755472.html" "Mozilla/5.0 (compatible; MSIE 9.0; Windows NT 6.1; Trident/5.0)"
38.107.179.234 - - [18/May/2012:17:07:08 +0800] "GET /2008-08/conan07s_mp3.rar HTTP/1.1" 200 59654779 "-" "CCBot/1.0 (+http://www.commoncrawl.org/bot.html)"
61.135.190.216 - - [18/May/2012:17:07:42 +0800] "GET /music/moved200909/20090930.mp3? HTTP/1.0" 200 4239744 "-" "NSPlayer/10.0.0.4072 WMFSDK/10.0"
114.182.230.24 - - [18/May/2012:17:07:37 +0800] "GET /music/moved200909/20090930.mp3 HTTP/1.1" 200 4239744 "-" "Mozilla/4.0 (compatible; MSIE 5.00; Windows 98)"
182.150.175.133 - - [18/May/2012:17:07:19 +0800] "GET /music/moved200909/20090914.mp3 HTTP/1.1" 200 6635533 "-" "Mozilla/4.0 (compatible; MSIE 5.00; Windows 98)"
116.113.120.112 - - [18/May/2012:17:07:52 +0800] "GET /music/moved200909/20090921.mp3 HTTP/1.1" 200 4828683 "-" "Mozilla/4.0 (compatible; MSIE 5.00; Windows 98)"
38.107.179.230 - - [18/May/2012:17:08:51 +0800] "GET /2008-08/conan07s_tv.rar HTTP/1.1" 200 294462806 "-" "CCBot/1.0 (+http://www.commoncrawl.org/bot.html)"
61.51.144.46 - - [18/May/2012:17:07:56 +0800] "GET /music/moved200909/20090914.mp3 HTTP/1.1" 200 6635533 "-" "Mozilla/4.0 (compatible; MSIE 5.00; Windows 98)"
119.251.77.139 - - [18/May/2012:17:09:44 +0800] "GET /music/moved200909/20090916.mp3 HTTP/1.1" 200 6705864 "http://download.jptranslate.com/" "Mozilla/4.0 (compatible; MSIE 6.0; Windows NT 5.1; Media Center PC 6.0; Microsoft Windows Media Center PC 6.0)"
120.7.232.221 - - [18/May/2012:17:09:45 +0800] "GET /music/moved200909/20090916.mp3 HTTP/1.1" 206 152264 "http://download.jptranslate.com/" "Mozilla/4.0 (compatible; MSIE 6.0; Windows NT 5.1; Media Center PC 6.0; Microsoft Windows Media Center PC 6.0)"
120.7.232.221 - - [18/May/2012:17:09:45 +0800] "GET /music/moved200909/20090916.mp3 HTTP/1.1" 206 152264 "http://download.jptranslate.com/" "Mozilla/4.0 (compatible; MSIE 6.0; Windows NT 5.1; Media Center PC 6.0; Microsoft Windows Media Center PC 6.0)"
119.251.77.139 - - [18/May/2012:17:09:46 +0800] "GET /music/moved200909/20090916.mp3 HTTP/1.1" 206 152264 "http://download.jptranslate.com/" "Mozilla/4.0 (compatible; MSIE 6.0; Windows NT 5.1; Media Center PC 6.0; Microsoft Windows Media Center PC 6.0)"
119.251.77.139 - - [18/May/2012:17:09:46 +0800] "GET /music/moved200909/20090916.mp3 HTTP/1.1" 206 152264 "http://download.jptranslate.com/" "Mozilla/4.0 (compatible; MSIE 6.0; Windows NT 5.1; Media Center PC 6.0; Microsoft Windows Media Center PC 6.0)"
119.251.77.139 - - [18/May/2012:17:09:46 +0800] "GET /music/moved200909/20090916.mp3 HTTP/1.1" 206 152264 "http://download.jptranslate.com/" "Mozilla/4.0 (compatible; MSIE 6.0; Windows NT 5.1; Media Center PC 6.0; Microsoft Windows Media Center PC 6.0)"
120.7.232.221 - - [18/May/2012:17:09:47 +0800] "GET /music/moved200909/20090916.mp3 HTTP/1.1" 206 86728 "http://download.jptranslate.com/" "Mozilla/4.0 (compatible; MSIE 6.0; Windows NT 5.1; Media Center PC 6.0; Microsoft Windows Media Center PC 6.0)"
120.7.232.221 - - [18/May/2012:17:09:47 +0800] "GET /music/moved200909/20090916.mp3 HTTP/1.1" 206 86728 "http://download.jptranslate.com/" "Mozilla/4.0 (compatible; MSIE 6.0; Windows NT 5.1; Media Center PC 6.0; Microsoft Windows Media Center PC 6.0)"
120.7.232.221 - - [18/May/2012:17:09:47 +0800] "GET /music/moved200909/20090916.mp3 HTTP/1.1" 206 86728 "http://download.jptranslate.com/" "Mozilla/4.0 (compatible; MSIE 6.0; Windows NT 5.1; Media Center PC 6.0; Microsoft Windows Media Center PC 6.0)"
119.251.77.139 - - [18/May/2012:17:09:47 +0800] "GET /music/moved200909/20090916.mp3 HTTP/1.1" 206 86728 "http://download.jptranslate.com/" "Mozilla/4.0 (compatible; MSIE 6.0; Windows NT 5.1; Media Center PC 6.0; Microsoft Windows Media Center PC 6.0)"
119.251.77.139 - - [18/May/2012:17:09:47 +0800] "GET /music/moved200909/20090916.mp3 HTTP/1.1" 206 86728 "http://download.jptranslate.com/" "Mozilla/4.0 (compatible; MSIE 6.0; Windows NT 5.1; Media Center PC 6.0; Microsoft Windows Media Center PC 6.0)"
120.7.232.221 - - [18/May/2012:17:09:49 +0800] "GET /music/moved200909/20090916.mp3 HTTP/1.1" 206 21192 "http://download.jptranslate.com/" "Mozilla/4.0 (compatible; MSIE 6.0; Windows NT 5.1; Media Center PC 6.0; Microsoft Windows Media Center PC 6.0)"
120.7.232.221 - - [18/May/2012:17:09:49 +0800] "GET /music/moved200909/20090916.mp3 HTTP/1.1" 206 21192 "http://download.jptranslate.com/" "Mozilla/4.0 (compatible; MSIE 6.0; Windows NT 5.1; Media Center PC 6.0; Microsoft Windows Media Center PC 6.0)"
119.251.77.139 - - [18/May/2012:17:09:50 +0800] "GET /music/moved200909/20090916.mp3 HTTP/1.1" 206 21192 "http://download.jptranslate.com/" "Mozilla/4.0 (compatible; MSIE 6.0; Windows NT 5.1; Media Center PC 6.0; Microsoft Windows Media Center PC 6.0)"
119.251.77.139 - - [18/May/2012:17:09:49 +0800] "GET /music/moved200909/20090916.mp3 HTTP/1.1" 206 21192 "http://download.jptranslate.com/" "Mozilla/4.0 (compatible; MSIE 6.0; Windows NT 5.1; Media Center PC 6.0; Microsoft Windows Media Center PC 6.0)"
119.251.77.139 - - [18/May/2012:17:09:49 +0800] "GET /music/moved200909/20090916.mp3 HTTP/1.1" 206 21192 "http://download.jptranslate.com/" "Mozilla/4.0 (compatible; MSIE 6.0; Windows NT 5.1; Media Center PC 6.0; Microsoft Windows Media Center PC 6.0)"
119.251.77.139 - - [18/May/2012:17:09:50 +0800] "GET /music/moved200909/20090916.mp3 HTTP/1.1" 206 6640328 "http://download.jptranslate.com/" "Mozilla/4.0 (compatible; MSIE 6.0; Windows NT 5.1; Media Center PC 6.0; Microsoft Windows Media Center PC 6.0)"
119.251.77.139 - - [18/May/2012:17:09:50 +0800] "GET /music/moved200909/20090916.mp3 HTTP/1.1" 206 6640328 "http://download.jptranslate.com/" "Mozilla/4.0 (compatible; MSIE 6.0; Windows NT 5.1; Media Center PC 6.0; Microsoft Windows Media Center PC 6.0)"
119.251.77.139 - - [18/May/2012:17:09:50 +0800] "GET /music/moved200909/20090916.mp3 HTTP/1.1" 206 6640328 "http://download.jptranslate.com/" "Mozilla/4.0 (compatible; MSIE 6.0; Windows NT 5.1; Media Center PC 6.0; Microsoft Windows Media Center PC 6.0)"
120.7.232.221 - - [18/May/2012:17:10:01 +0800] "GET /music/moved200909/20090916.mp3 HTTP/1.1" 206 6116040 "http://download.jptranslate.com/" "Mozilla/4.0 (compatible; MSIE 6.0; Windows NT 5.1; Media Center PC 6.0; Microsoft Windows Media Center PC 6.0)"
120.7.232.221 - - [18/May/2012:17:09:50 +0800] "GET /music/moved200909/20090916.mp3 HTTP/1.1" 206 6640328 "http://download.jptranslate.com/" "Mozilla/4.0 (compatible; MSIE 6.0; Windows NT 5.1; Media Center PC 6.0; Microsoft Windows Media Center PC 6.0)"
119.251.77.139 - - [18/May/2012:17:10:01 +0800] "GET /music/moved200909/20090916.mp3 HTTP/1.1" 206 6181576 "http://download.jptranslate.com/" "Mozilla/4.0 (compatible; MSIE 6.0; Windows NT 5.1; Media Center PC 6.0; Microsoft Windows Media Center PC 6.0)"
120.7.232.221 - - [18/May/2012:17:09:50 +0800] "GET /music/moved200909/20090916.mp3 HTTP/1.1" 206 6640328 "http://download.jptranslate.com/" "Mozilla/4.0 (compatible; MSIE 6.0; Windows NT 5.1; Media Center PC 6.0; Microsoft Windows Media Center PC 6.0)"
120.7.232.221 - - [18/May/2012:17:10:03 +0800] "GET /music/moved200909/20090916.mp3 HTTP/1.1" 206 5919432 "http://download.jptranslate.com/" "Mozilla/4.0 (compatible; MSIE 6.0; Windows NT 5.1; Media Center PC 6.0; Microsoft Windows Media Center PC 6.0)"
120.7.232.221 - - [18/May/2012:17:10:03 +0800] "GET /music/moved200909/20090916.mp3 HTTP/1.1" 206 5984968 "http://download.jptranslate.com/" "Mozilla/4.0 (compatible; MSIE 6.0; Windows NT 5.1; Media Center PC 6.0; Microsoft Windows Media Center PC 6.0)"
119.251.77.139 - - [18/May/2012:17:10:03 +0800] "GET /music/moved200909/20090916.mp3 HTTP/1.1" 206 5853896 "http://download.jptranslate.com/" "Mozilla/4.0 (compatible; MSIE 6.0; Windows NT 5.1; Media Center PC 6.0; Microsoft Windows Media Center PC 6.0)"
120.7.232.221 - - [18/May/2012:17:10:01 +0800] "GET /music/moved200909/20090916.mp3 HTTP/1.1" 206 6050504 "http://download.jptranslate.com/" "Mozilla/4.0 (compatible; MSIE 6.0; Windows NT 5.1; Media Center PC 6.0; Microsoft Windows Media Center PC 6.0)"
120.7.232.221 - - [18/May/2012:17:10:05 +0800] "GET /music/moved200909/20090916.mp3 HTTP/1.1" 206 5591752 "http://download.jptranslate.com/" "Mozilla/4.0 (compatible; MSIE 6.0; Windows NT 5.1; Media Center PC 6.0; Microsoft Windows Media Center PC 6.0)"
119.251.77.139 - - [18/May/2012:17:10:05 +0800] "GET /music/moved200909/20090916.mp3 HTTP/1.1" 206 5657288 "http://download.jptranslate.com/" "Mozilla/4.0 (compatible; MSIE 6.0; Windows NT 5.1; Media Center PC 6.0; Microsoft Windows Media Center PC 6.0)"
119.251.77.139 - - [18/May/2012:17:10:05 +0800] "GET /music/moved200909/20090916.mp3 HTTP/1.1" 206 5722824 "http://download.jptranslate.com/" "Mozilla/4.0 (compatible; MSIE 6.0; Windows NT 5.1; Media Center PC 6.0; Microsoft Windows Media Center PC 6.0)"
119.251.77.139 - - [18/May/2012:17:10:03 +0800] "GET /music/moved200909/20090916.mp3 HTTP/1.1" 206 5788360 "http://download.jptranslate.com/" "Mozilla/4.0 (compatible; MSIE 6.0; Windows NT 5.1; Media Center PC 6.0; Microsoft Windows Media Center PC 6.0)"
120.7.232.221 - - [18/May/2012:17:10:07 +0800] "GET /music/moved200909/20090916.mp3 HTTP/1.1" 206 5133000 "http://download.jptranslate.com/" "Mozilla/4.0 (compatible; MSIE 6.0; Windows NT 5.1; Media Center PC 6.0; Microsoft Windows Media Center PC 6.0)"
120.7.232.221 - - [18/May/2012:17:10:08 +0800] "GET /music/moved200909/20090916.mp3 HTTP/1.1" 206 5001928 "http://download.jptranslate.com/" "Mozilla/4.0 (compatible; MSIE 6.0; Windows NT 5.1; Media Center PC 6.0; Microsoft Windows Media Center PC 6.0)"
119.251.77.139 - - [18/May/2012:17:10:08 +0800] "GET /music/moved200909/20090916.mp3 HTTP/1.1" 206 5067464 "http://download.jptranslate.com/" "Mozilla/4.0 (compatible; MSIE 6.0; Windows NT 5.1; Media Center PC 6.0; Microsoft Windows Media Center PC 6.0)"
119.251.77.139 - - [18/May/2012:17:10:08 +0800] "GET /music/moved200909/20090916.mp3 HTTP/1.1" 206 5460680 "http://download.jptranslate.com/" "Mozilla/4.0 (compatible; MSIE 6.0; Windows NT 5.1; Media Center PC 6.0; Microsoft Windows Media Center PC 6.0)"
120.7.232.221 - - [18/May/2012:17:10:09 +0800] "GET /music/moved200909/20090916.mp3 HTTP/1.1" 206 4608712 "http://download.jptranslate.com/" "Mozilla/4.0 (compatible; MSIE 6.0; Windows NT 5.1; Media Center PC 6.0; Microsoft Windows Media Center PC 6.0)"
119.251.77.139 - - [18/May/2012:17:10:10 +0800] "GET /music/moved200909/20090916.mp3 HTTP/1.1" 206 4543176 "http://download.jptranslate.com/" "Mozilla/4.0 (compatible; MSIE 6.0; Windows NT 5.1; Media Center PC 6.0; Microsoft Windows Media Center PC 6.0)"
119.251.77.139 - - [18/May/2012:17:10:11 +0800] "GET /music/moved200909/20090916.mp3 HTTP/1.1" 206 4477640 "http://download.jptranslate.com/" "Mozilla/4.0 (compatible; MSIE 6.0; Windows NT 5.1; Media Center PC 6.0; Microsoft Windows Media Center PC 6.0)"
120.7.232.221 - - [18/May/2012:17:10:10 +0800] "GET /music/moved200909/20090916.mp3 HTTP/1.1" 206 4412104 "http://download.jptranslate.com/" "Mozilla/4.0 (compatible; MSIE 6.0; Windows NT 5.1; Media Center PC 6.0; Microsoft Windows Media Center PC 6.0)"
119.251.77.139 - - [18/May/2012:17:10:11 +0800] "GET /music/moved200909/20090916.mp3 HTTP/1.1" 206 4084424 "http://download.jptranslate.com/" "Mozilla/4.0 (compatible; MSIE 6.0; Windows NT 5.1; Media Center PC 6.0; Microsoft Windows Media Center PC 6.0)"
120.7.232.221 - - [18/May/2012:17:10:12 +0800] "GET /music/moved200909/20090916.mp3 HTTP/1.1" 206 4149960 "http://download.jptranslate.com/" "Mozilla/4.0 (compatible; MSIE 6.0; Windows NT 5.1; Media Center PC 6.0; Microsoft Windows Media Center PC 6.0)"
119.251.77.139 - - [18/May/2012:17:10:12 +0800] "GET /music/moved200909/20090916.mp3 HTTP/1.1" 206 4018888 "http://download.jptranslate.com/" "Mozilla/4.0 (compatible; MSIE 6.0; Windows NT 5.1; Media Center PC 6.0; Microsoft Windows Media Center PC 6.0)"
120.7.232.221 - - [18/May/2012:17:10:05 +0800] "GET /music/moved200909/20090916.mp3 HTTP/1.1" 206 5526216 "http://download.jptranslate.com/" "Mozilla/4.0 (compatible; MSIE 6.0; Windows NT 5.1; Media Center PC 6.0; Microsoft Windows Media Center PC 6.0)"
120.7.232.221 - - [18/May/2012:17:10:12 +0800] "GET /music/moved200909/20090916.mp3 HTTP/1.1" 206 3953352 "http://download.jptranslate.com/" "Mozilla/4.0 (compatible; MSIE 6.0; Windows NT 5.1; Media Center PC 6.0; Microsoft Windows Media Center PC 6.0)"
119.251.77.139 - - [18/May/2012:17:10:13 +0800] "GET /music/moved200909/20090916.mp3 HTTP/1.1" 206 3691208 "http://download.jptranslate.com/" "Mozilla/4.0 (compatible; MSIE 6.0; Windows NT 5.1; Media Center PC 6.0; Microsoft Windows Media Center PC 6.0)"
119.251.77.139 - - [18/May/2012:17:10:15 +0800] "GET /music/moved200909/20090916.mp3 HTTP/1.1" 206 3363528 "http://download.jptranslate.com/" "Mozilla/4.0 (compatible; MSIE 6.0; Windows NT 5.1; Media Center PC 6.0; Microsoft Windows Media Center PC 6.0)"
120.7.232.221 - - [18/May/2012:17:10:15 +0800] "GET /music/moved200909/20090916.mp3 HTTP/1.1" 206 3560136 "http://download.jptranslate.com/" "Mozilla/4.0 (compatible; MSIE 6.0; Windows NT 5.1; Media Center PC 6.0; Microsoft Windows Media Center PC 6.0)"
119.251.77.139 - - [18/May/2012:17:10:15 +0800] "GET /music/moved200909/20090916.mp3 HTTP/1.1" 206 3494600 "http://download.jptranslate.com/" "Mozilla/4.0 (compatible; MSIE 6.0; Windows NT 5.1; Media Center PC 6.0; Microsoft Windows Media Center PC 6.0)"
120.7.232.221 - - [18/May/2012:17:10:15 +0800] "GET /music/moved200909/20090916.mp3 HTTP/1.1" 206 3429064 "http://download.jptranslate.com/" "Mozilla/4.0 (compatible; MSIE 6.0; Windows NT 5.1; Media Center PC 6.0; Microsoft Windows Media Center PC 6.0)"
119.251.77.139 - - [18/May/2012:17:10:17 +0800] "GET /music/moved200909/20090916.mp3 HTTP/1.1" 206 4674248 "http://download.jptranslate.com/" "Mozilla/4.0 (compatible; MSIE 6.0; Windows NT 5.1; Media Center PC 6.0; Microsoft Windows Media Center PC 6.0)"
119.251.77.139 - - [18/May/2012:17:10:16 +0800] "GET /music/moved200909/20090916.mp3 HTTP/1.1" 206 4936392 "http://download.jptranslate.com/" "Mozilla/4.0 (compatible; MSIE 6.0; Windows NT 5.1; Media Center PC 6.0; Microsoft Windows Media Center PC 6.0)"
120.7.232.221 - - [18/May/2012:17:10:17 +0800] "GET /music/moved200909/20090916.mp3 HTTP/1.1" 206 4870856 "http://download.jptranslate.com/" "Mozilla/4.0 (compatible; MSIE 6.0; Windows NT 5.1; Media Center PC 6.0; Microsoft Windows Media Center PC 6.0)"
116.23.17.210 - - [18/May/2012:17:05:29 +0800] "GET /music/moved200909/20090928.mp3 HTTP/1.1" 200 7606325 "-" "Mozilla/4.0 (compatible; MSIE 5.00; Windows 98)"
120.7.232.221 - - [18/May/2012:17:10:17 +0800] "GET /music/moved200909/20090916.mp3 HTTP/1.1" 206 4739784 "http://download.jptranslate.com/" "Mozilla/4.0 (compatible; MSIE 6.0; Windows NT 5.1; Media Center PC 6.0; Microsoft Windows Media Center PC 6.0)"
119.251.77.139 - - [18/May/2012:17:10:17 +0800] "GET /music/moved200909/20090916.mp3 HTTP/1.1" 206 4805320 "http://download.jptranslate.com/" "Mozilla/4.0 (compatible; MSIE 6.0; Windows NT 5.1; Media Center PC 6.0; Microsoft Windows Media Center PC 6.0)"
120.7.232.221 - - [18/May/2012:17:10:19 +0800] "GET /music/moved200909/20090916.mp3 HTTP/1.1" 206 4346568 "http://download.jptranslate.com/" "Mozilla/4.0 (compatible; MSIE 6.0; Windows NT 5.1; Media Center PC 6.0; Microsoft Windows Media Center PC 6.0)"
120.7.232.221 - - [18/May/2012:17:10:19 +0800] "GET /music/moved200909/20090916.mp3 HTTP/1.1" 206 4215496 "http://download.jptranslate.com/" "Mozilla/4.0 (compatible; MSIE 6.0; Windows NT 5.1; Media Center PC 6.0; Microsoft Windows Media Center PC 6.0)"
119.251.77.139 - - [18/May/2012:17:10:19 +0800] "GET /music/moved200909/20090916.mp3 HTTP/1.1" 206 4281032 "http://download.jptranslate.com/" "Mozilla/4.0 (compatible; MSIE 6.0; Windows NT 5.1; Media Center PC 6.0; Microsoft Windows Media Center PC 6.0)"
119.251.77.139 - - [18/May/2012:17:10:19 +0800] "GET /music/moved200909/20090916.mp3 HTTP/1.1" 206 3887816 "http://download.jptranslate.com/" "Mozilla/4.0 (compatible; MSIE 6.0; Windows NT 5.1; Media Center PC 6.0; Microsoft Windows Media Center PC 6.0)"
119.251.77.139 - - [18/May/2012:17:10:21 +0800] "GET /music/moved200909/20090916.mp3 HTTP/1.1" 206 2970312 "http://download.jptranslate.com/" "Mozilla/4.0 (compatible; MSIE 6.0; Windows NT 5.1; Media Center PC 6.0; Microsoft Windows Media Center PC 6.0)"
119.251.77.139 - - [18/May/2012:17:10:21 +0800] "GET /music/moved200909/20090916.mp3 HTTP/1.1" 206 3625672 "http://download.jptranslate.com/" "Mozilla/4.0 (compatible; MSIE 6.0; Windows NT 5.1; Media Center PC 6.0; Microsoft Windows Media Center PC 6.0)"
120.7.232.221 - - [18/May/2012:17:10:20 +0800] "GET /music/moved200909/20090916.mp3 HTTP/1.1" 206 3822280 "http://download.jptranslate.com/" "Mozilla/4.0 (compatible; MSIE 6.0; Windows NT 5.1; Media Center PC 6.0; Microsoft Windows Media Center PC 6.0)"
120.7.232.221 - - [18/May/2012:17:10:21 +0800] "GET /music/moved200909/20090916.mp3 HTTP/1.1" 206 3756744 "http://download.jptranslate.com/" "Mozilla/4.0 (compatible; MSIE 6.0; Windows NT 5.1; Media Center PC 6.0; Microsoft Windows Media Center PC 6.0)"
119.251.77.139 - - [18/May/2012:17:10:22 +0800] "GET /music/moved200909/20090916.mp3 HTTP/1.1" 206 2446024 "http://download.jptranslate.com/" "Mozilla/4.0 (compatible; MSIE 6.0; Windows NT 5.1; Media Center PC 6.0; Microsoft Windows Media Center PC 6.0)"
119.251.77.139 - - [18/May/2012:17:10:22 +0800] "GET /music/moved200909/20090916.mp3 HTTP/1.1" 206 2380488 "http://download.jptranslate.com/" "Mozilla/4.0 (compatible; MSIE 6.0; Windows NT 5.1; Media Center PC 6.0; Microsoft Windows Media Center PC 6.0)"
120.7.232.221 - - [18/May/2012:17:10:23 +0800] "GET /music/moved200909/20090916.mp3 HTTP/1.1" 206 2577096 "http://download.jptranslate.com/" "Mozilla/4.0 (compatible; MSIE 6.0; Windows NT 5.1; Media Center PC 6.0; Microsoft Windows Media Center PC 6.0)"
