1.85.17.130 - - [18/May/2012:12:17:10 +0800] "GET /2008-07/18.rm HTTP/1.1" 503 466 "http://download.jptranslate.com/2008-07/" "Mozilla/4.0 (compatible; MSIE 6.0; Windows NT 5.1; .NET CLR 2.0.50727; .NET CLR 3.0.04506.648; .NET CLR 3.5.21022; InfoPath.3; .NET CLR 3.0.4506.2152; .NET CLR 3.5.30729)"
1.85.17.130 - - [18/May/2012:12:17:15 +0800] "GET /2008-07/10.rm HTTP/1.1" 503 466 "http://download.jptranslate.com/2008-07/" "Mozilla/4.0 (compatible; MSIE 6.0; Windows NT 5.1; .NET CLR 2.0.50727; .NET CLR 3.0.04506.648; .NET CLR 3.5.21022; InfoPath.3; .NET CLR 3.0.4506.2152; .NET CLR 3.5.30729)"
59.63.141.221 - - [18/May/2012:12:15:13 +0800] "GET /music/moved200909/20090921.mp3 HTTP/1.1" 200 4828683 "-" "Mozilla/4.0 (compatible; MSIE 5.00; Windows 98)"
1.85.17.130 - - [18/May/2012:12:17:28 +0800] "GET /2008-07/18.rm HTTP/1.1" 503 466 "http://download.jptranslate.com/2008-07/" "Mozilla/4.0 (compatible; MSIE 6.0; Windows NT 5.1; .NET CLR 2.0.50727; .NET CLR 3.0.04506.648; .NET CLR 3.5.21022; InfoPath.3; .NET CLR 3.0.4506.2152; .NET CLR 3.5.30729)"
1.85.17.130 - - [18/May/2012:12:17:29 +0800] "GET /2008-07/18.rm HTTP/1.1" 503 466 "http://download.jptranslate.com/2008-07/" "Mozilla/4.0 (compatible; MSIE 6.0; Windows NT 5.1; .NET CLR 2.0.50727; .NET CLR 3.0.04506.648; .NET CLR 3.5.21022; InfoPath.3; .NET CLR 3.0.4506.2152; .NET CLR 3.5.30729)"
1.85.17.130 - - [18/May/2012:12:16:58 +0800] "GET /2008-07/18.rm HTTP/1.1" 206 17979265 "http://download.jptranslate.com/2008-07/" "Mozilla/4.0 (compatible; MSIE 6.0; Windows NT 5.1; .NET CLR 2.0.50727; .NET CLR 3.0.04506.648; .NET CLR 3.5.21022; InfoPath.3; .NET CLR 3.0.4506.2152; .NET CLR 3.5.30729)"
1.85.17.130 - - [18/May/2012:12:17:32 +0800] "GET /2008-07/18.rm HTTP/1.1" 503 466 "http://download.jptranslate.com/2008-07/" "Mozilla/4.0 (compatible; MSIE 6.0; Windows NT 5.1; .NET CLR 2.0.50727; .NET CLR 3.0.04506.648; .NET CLR 3.5.21022; InfoPath.3; .NET CLR 3.0.4506.2152; .NET CLR 3.5.30729)"
1.85.17.130 - - [18/May/2012:12:17:31 +0800] "GET /2008-07/10.rm HTTP/1.1" 206 57522850 "http://download.jptranslate.com/2008-07/" "Mozilla/4.0 (compatible; MSIE 6.0; Windows NT 5.1; .NET CLR 2.0.50727; .NET CLR 3.0.04506.648; .NET CLR 3.5.21022; InfoPath.3; .NET CLR 3.0.4506.2152; .NET CLR 3.5.30729)"
1.85.17.130 - - [18/May/2012:12:17:34 +0800] "GET /2008-07/18.rm HTTP/1.1" 206 34232193 "http://download.jptranslate.com/2008-07/" "Mozilla/4.0 (compatible; MSIE 6.0; Windows NT 5.1; .NET CLR 2.0.50727; .NET CLR 3.0.04506.648; .NET CLR 3.5.21022; InfoPath.3; .NET CLR 3.0.4506.2152; .NET CLR 3.5.30729)"
1.85.17.130 - - [18/May/2012:12:17:36 +0800] "GET /2008-07/18.rm HTTP/1.1" 206 36067201 "http://download.jptranslate.com/2008-07/" "Mozilla/4.0 (compatible; MSIE 6.0; Windows NT 5.1; .NET CLR 2.0.50727; .NET CLR 3.0.04506.648; .NET CLR 3.5.21022; InfoPath.3; .NET CLR 3.0.4506.2152; .NET CLR 3.5.30729)"
111.127.72.36 - - [18/May/2012:12:15:56 +0800] "GET /music/moved200909/20090921.mp3 HTTP/1.1" 200 4828683 "-" "NSPlayer/12.00.7601.17514 WMFSDK/12.00.7601.17514"
1.85.17.130 - - [18/May/2012:12:14:49 +0800] "GET /2008-07/10.rm HTTP/1.1" 206 62896802 "http://download.jptranslate.com/2008-07/" "Mozilla/4.0 (compatible; MSIE 6.0; Windows NT 5.1; .NET CLR 2.0.50727; .NET CLR 3.0.04506.648; .NET CLR 3.5.21022; InfoPath.3; .NET CLR 3.0.4506.2152; .NET CLR 3.5.30729)"
183.33.18.86 - - [18/May/2012:12:13:51 +0800] "GET /music/moved200909/20090914.mp3 HTTP/1.1" 200 6635533 "-" "Mozilla/4.0 (compatible; MSIE 5.00; Windows 98)"
218.23.214.91 - - [18/May/2012:12:17:40 +0800] "GET /music/moved200909/20090918.mp3 HTTP/1.1" 200 6246400 "-" "Mozilla/4.0 (compatible; MSIE 5.00; Windows 98)"
220.181.51.217 - - [18/May/2012:12:18:38 +0800] "GET /music/moved200909/20090911.mp3 HTTP/1.0" 200 6916096 "-" "NSPlayer/10.0.0.4072 WMFSDK/10.0"
38.107.179.230 - - [18/May/2012:12:17:34 +0800] "GET /2008-07/%d6%d0%d3%a2%c8%d5%c8%fd%d3%ef%b6%d4%d5%d5%c9%cc%c3%b3%c8%d5%d3%ef%a3%ba%d6%d0%d3%a2%c8%d5.rar HTTP/1.1" 200 8409953 "-" "CCBot/1.0 (+http://www.commoncrawl.org/bot.html)"
112.3.255.2 - - [18/May/2012:12:18:09 +0800] "GET /music/moved200909/20090925.mp3 HTTP/1.1" 206 3077495 "-" "NSPlayer/10.0.0.4078 WMFSDK/10.0"
1.85.17.130 - - [18/May/2012:12:18:55 +0800] "GET /2008-07/18.rm HTTP/1.1" 503 466 "http://download.jptranslate.com/2008-07/" "Mozilla/4.0 (compatible; MSIE 6.0; Windows NT 5.1; .NET CLR 2.0.50727; .NET CLR 3.0.04506.648; .NET CLR 3.5.21022; InfoPath.3; .NET CLR 3.0.4506.2152; .NET CLR 3.5.30729)"
1.85.17.130 - - [18/May/2012:12:18:53 +0800] "GET /2008-07/10.rm HTTP/1.1" 206 60144290 "http://download.jptranslate.com/2008-07/" "Mozilla/4.0 (compatible; MSIE 6.0; Windows NT 5.1; .NET CLR 2.0.50727; .NET CLR 3.0.04506.648; .NET CLR 3.5.21022; InfoPath.3; .NET CLR 3.0.4506.2152; .NET CLR 3.5.30729)"
112.3.255.2 - - [18/May/2012:12:18:58 +0800] "GET /music/moved200909/20090925.mp3 HTTP/1.1" 206 2429495 "-" "NSPlayer/10.0.0.4078 WMFSDK/10.0"
1.85.17.130 - - [18/May/2012:12:19:06 +0800] "GET /2008-07/18.rm HTTP/1.1" 503 466 "http://download.jptranslate.com/2008-07/" "Mozilla/4.0 (compatible; MSIE 6.0; Windows NT 5.1; .NET CLR 2.0.50727; .NET CLR 3.0.04506.648; .NET CLR 3.5.21022; InfoPath.3; .NET CLR 3.0.4506.2152; .NET CLR 3.5.30729)"
221.207.235.211 - - [18/May/2012:12:19:04 +0800] "GET /music/moved200909/20090930.mp3 HTTP/1.1" 200 4239744 "http://download.jptranslate.com/" "Mozilla/4.0 (compatible; MSIE 9.0; Windows NT 6.1; SLCC2; .NET CLR 2.0.50727; .NET CLR 3.5.30729; .NET CLR 3.0.30729; Media Center PC 6.0; .NET4.0C)"
1.85.17.130 - - [18/May/2012:12:19:07 +0800] "GET /2008-07/18.rm HTTP/1.1" 503 466 "http://download.jptranslate.com/2008-07/" "Mozilla/4.0 (compatible; MSIE 6.0; Windows NT 5.1; .NET CLR 2.0.50727; .NET CLR 3.0.04506.648; .NET CLR 3.5.21022; InfoPath.3; .NET CLR 3.0.4506.2152; .NET CLR 3.5.30729)"
221.207.235.211 - - [18/May/2012:12:19:06 +0800] "GET /music/moved200909/20090930.mp3 HTTP/1.1" 206 176512 "http://download.jptranslate.com/" "Mozilla/4.0 (compatible; MSIE 9.0; Windows NT 6.1; SLCC2; .NET CLR 2.0.50727; .NET CLR 3.5.30729; .NET CLR 3.0.30729; Media Center PC 6.0; .NET4.0C)"
221.207.235.211 - - [18/May/2012:12:19:09 +0800] "GET /music/moved200909/20090930.mp3 HTTP/1.1" 206 110976 "http://download.jptranslate.com/" "Mozilla/4.0 (compatible; MSIE 9.0; Windows NT 6.1; SLCC2; .NET CLR 2.0.50727; .NET CLR 3.5.30729; .NET CLR 3.0.30729; Media Center PC 6.0; .NET4.0C)"
112.3.255.2 - - [18/May/2012:12:18:58 +0800] "GET /music/moved200909/20090925.mp3 HTTP/1.1" 206 2429495 "-" "NSPlayer/10.0.0.4078 WMFSDK/10.0"
221.207.235.211 - - [18/May/2012:12:19:12 +0800] "GET /music/moved200909/20090930.mp3 HTTP/1.1" 206 45440 "http://download.jptranslate.com/" "Mozilla/4.0 (compatible; MSIE 9.0; Windows NT 6.1; SLCC2; .NET CLR 2.0.50727; .NET CLR 3.5.30729; .NET CLR 3.0.30729; Media Center PC 6.0; .NET4.0C)"
1.85.17.130 - - [18/May/2012:12:19:15 +0800] "GET /2008-07/10.rm HTTP/1.1" 503 466 "http://download.jptranslate.com/2008-07/" "Mozilla/4.0 (compatible; MSIE 6.0; Windows NT 5.1; .NET CLR 2.0.50727; .NET CLR 3.0.04506.648; .NET CLR 3.5.21022; InfoPath.3; .NET CLR 3.0.4506.2152; .NET CLR 3.5.30729)"
1.85.17.130 - - [18/May/2012:12:19:16 +0800] "GET /2008-07/18.rm HTTP/1.1" 503 466 "http://download.jptranslate.com/2008-07/" "Mozilla/4.0 (compatible; MSIE 6.0; Windows NT 5.1; .NET CLR 2.0.50727; .NET CLR 3.0.04506.648; .NET CLR 3.5.21022; InfoPath.3; .NET CLR 3.0.4506.2152; .NET CLR 3.5.30729)"
1.85.17.130 - - [18/May/2012:12:19:18 +0800] "GET /2008-07/18.rm HTTP/1.1" 503 466 "http://download.jptranslate.com/2008-07/" "Mozilla/4.0 (compatible; MSIE 6.0; Windows NT 5.1; .NET CLR 2.0.50727; .NET CLR 3.0.04506.648; .NET CLR 3.5.21022; InfoPath.3; .NET CLR 3.0.4506.2152; .NET CLR 3.5.30729)"
1.85.17.130 - - [18/May/2012:12:19:18 +0800] "GET /2008-07/18.rm HTTP/1.1" 503 466 "http://download.jptranslate.com/2008-07/" "Mozilla/4.0 (compatible; MSIE 6.0; Windows NT 5.1; .NET CLR 2.0.50727; .NET CLR 3.0.04506.648; .NET CLR 3.5.21022; InfoPath.3; .NET CLR 3.0.4506.2152; .NET CLR 3.5.30729)"
1.85.17.130 - - [18/May/2012:12:17:00 +0800] "GET /2008-07/18.rm HTTP/1.1" 206 26498945 "http://download.jptranslate.com/2008-07/" "Mozilla/4.0 (compatible; MSIE 6.0; Windows NT 5.1; .NET CLR 2.0.50727; .NET CLR 3.0.04506.648; .NET CLR 3.5.21022; InfoPath.3; .NET CLR 3.0.4506.2152; .NET CLR 3.5.30729)"
1.85.17.130 - - [18/May/2012:12:17:01 +0800] "GET /2008-07/10.rm HTTP/1.1" 206 59327835 "http://download.jptranslate.com/2008-07/" "Mozilla/4.0 (compatible; MSIE 6.0; Windows NT 5.1; .NET CLR 2.0.50727; .NET CLR 3.0.04506.648; .NET CLR 3.5.21022; InfoPath.3; .NET CLR 3.0.4506.2152; .NET CLR 3.5.30729)"
1.85.17.130 - - [18/May/2012:12:16:58 +0800] "GET /2008-07/10.rm HTTP/1.1" 206 68532898 "http://download.jptranslate.com/2008-07/" "Mozilla/4.0 (compatible; MSIE 6.0; Windows NT 5.1; .NET CLR 2.0.50727; .NET CLR 3.0.04506.648; .NET CLR 3.5.21022; InfoPath.3; .NET CLR 3.0.4506.2152; .NET CLR 3.5.30729)"
123.125.71.19 - - [18/May/2012:12:20:59 +0800] "GET / HTTP/1.1" 200 1418 "-" "Mozilla/5.0 (compatible; Baiduspider/2.0; +http://www.baidu.com/search/spider.html)"
220.181.108.75 - - [18/May/2012:12:21:08 +0800] "GET / HTTP/1.1" 200 1418 "-" "Mozilla/5.0 (compatible; Baiduspider/2.0; +http://www.baidu.com/search/spider.html)"
59.63.141.221 - - [18/May/2012:12:20:59 +0800] "GET /music/moved200909/20090921.mp3 HTTP/1.1" 200 4828683 "-" "Mozilla/4.0 (compatible; MSIE 5.00; Windows 98)"
221.207.235.211 - - [18/May/2012:12:19:14 +0800] "GET /music/moved200909/20090930.mp3 HTTP/1.1" 206 4174208 "http://download.jptranslate.com/" "Mozilla/4.0 (compatible; MSIE 9.0; Windows NT 6.1; SLCC2; .NET CLR 2.0.50727; .NET CLR 3.5.30729; .NET CLR 3.0.30729; Media Center PC 6.0; .NET4.0C)"
1.85.17.130 - - [18/May/2012:12:21:56 +0800] "GET /2008-07/18.rm HTTP/1.1" 503 466 "http://download.jptranslate.com/2008-07/" "Mozilla/4.0 (compatible; MSIE 6.0; Windows NT 5.1; .NET CLR 2.0.50727; .NET CLR 3.0.04506.648; .NET CLR 3.5.21022; InfoPath.3; .NET CLR 3.0.4506.2152; .NET CLR 3.5.30729)"
218.23.214.91 - - [18/May/2012:12:21:18 +0800] "GET /music/moved200909/20090918.mp3 HTTP/1.1" 200 6246400 "-" "Mozilla/4.0 (compatible; MSIE 5.00; Windows 98)"
111.174.237.67 - - [18/May/2012:12:16:40 +0800] "GET /music/moved200909/20090914.mp3 HTTP/1.1" 200 6635533 "-" "Mozilla/4.0 (compatible; MSIE 5.00; Windows 98)"
1.85.17.130 - - [18/May/2012:12:19:06 +0800] "GET /2008-07/10.rm HTTP/1.1" 206 60668578 "http://download.jptranslate.com/2008-07/" "Mozilla/4.0 (compatible; MSIE 6.0; Windows NT 5.1; .NET CLR 2.0.50727; .NET CLR 3.0.04506.648; .NET CLR 3.5.21022; InfoPath.3; .NET CLR 3.0.4506.2152; .NET CLR 3.5.30729)"
1.85.17.130 - - [18/May/2012:12:18:54 +0800] "GET /2008-07/10.rm HTTP/1.1" 206 59226786 "http://download.jptranslate.com/2008-07/" "Mozilla/4.0 (compatible; MSIE 6.0; Windows NT 5.1; .NET CLR 2.0.50727; .NET CLR 3.0.04506.648; .NET CLR 3.5.21022; InfoPath.3; .NET CLR 3.0.4506.2152; .NET CLR 3.5.30729)"
1.85.17.130 - - [18/May/2012:12:22:37 +0800] "GET /2008-07/18.rm HTTP/1.1" 206 46421889 "http://download.jptranslate.com/2008-07/" "Mozilla/4.0 (compatible; MSIE 6.0; Windows NT 5.1; .NET CLR 2.0.50727; .NET CLR 3.0.04506.648; .NET CLR 3.5.21022; InfoPath.3; .NET CLR 3.0.4506.2152; .NET CLR 3.5.30729)"
1.85.17.130 - - [18/May/2012:12:22:45 +0800] "GET /2008-07/18.rm HTTP/1.1" 503 466 "http://download.jptranslate.com/2008-07/" "Mozilla/4.0 (compatible; MSIE 6.0; Windows NT 5.1; .NET CLR 2.0.50727; .NET CLR 3.0.04506.648; .NET CLR 3.5.21022; InfoPath.3; .NET CLR 3.0.4506.2152; .NET CLR 3.5.30729)"
110.178.41.253 - - [18/May/2012:12:21:51 +0800] "GET /music/moved200909/20090921.mp3 HTTP/1.1" 200 4828683 "-" "Mozilla/4.0 (compatible; MSIE 5.00; Windows 98)"
1.85.17.130 - - [18/May/2012:12:22:49 +0800] "GET /2008-07/18.rm HTTP/1.1" 503 466 "http://download.jptranslate.com/2008-07/" "Mozilla/4.0 (compatible; MSIE 6.0; Windows NT 5.1; .NET CLR 2.0.50727; .NET CLR 3.0.04506.648; .NET CLR 3.5.21022; InfoPath.3; .NET CLR 3.0.4506.2152; .NET CLR 3.5.30729)"
1.85.17.130 - - [18/May/2012:12:22:55 +0800] "GET /2008-07/18.rm HTTP/1.1" 503 466 "http://download.jptranslate.com/2008-07/" "Mozilla/4.0 (compatible; MSIE 6.0; Windows NT 5.1; .NET CLR 2.0.50727; .NET CLR 3.0.04506.648; .NET CLR 3.5.21022; InfoPath.3; .NET CLR 3.0.4506.2152; .NET CLR 3.5.30729)"
1.85.17.130 - - [18/May/2012:12:22:58 +0800] "GET /2008-07/18.rm HTTP/1.1" 503 466 "http://download.jptranslate.com/2008-07/" "Mozilla/4.0 (compatible; MSIE 6.0; Windows NT 5.1; .NET CLR 2.0.50727; .NET CLR 3.0.04506.648; .NET CLR 3.5.21022; InfoPath.3; .NET CLR 3.0.4506.2152; .NET CLR 3.5.30729)"
118.112.184.106 - - [18/May/2012:12:22:58 +0800] "GET /music/moved200909/20090918.mp3 HTTP/1.1" 200 6246400 "http://box.zhangmen.baidu.com/m?tn=baidumt&gate=cb&from=idd&l_cb=http%3A%2F%2Fmp3.baidu.com%2Fm%3Ff%3Dms%26rn%3D%26tn%3Dbdmp3idjs%26ct%3D134217728%26word%3D%25C8%25D5%25D3%25EF%25B8%25E8%25C7%25FA%26lm%3D-1&s_o=9" "Mozilla/4.0 (compatible; MSIE 6.0; Windows NT 5.1; SV1)"
1.85.17.130 - - [18/May/2012:12:23:00 +0800] "GET /2008-07/18.rm HTTP/1.1" 503 466 "http://download.jptranslate.com/2008-07/" "Mozilla/4.0 (compatible; MSIE 6.0; Windows NT 5.1; .NET CLR 2.0.50727; .NET CLR 3.0.04506.648; .NET CLR 3.5.21022; InfoPath.3; .NET CLR 3.0.4506.2152; .NET CLR 3.5.30729)"
1.85.17.130 - - [18/May/2012:12:23:02 +0800] "GET /2008-07/18.rm HTTP/1.1" 503 466 "http://download.jptranslate.com/2008-07/" "Mozilla/4.0 (compatible; MSIE 6.0; Windows NT 5.1; .NET CLR 2.0.50727; .NET CLR 3.0.04506.648; .NET CLR 3.5.21022; InfoPath.3; .NET CLR 3.0.4506.2152; .NET CLR 3.5.30729)"
1.85.17.130 - - [18/May/2012:12:23:04 +0800] "GET /2008-07/18.rm HTTP/1.1" 503 466 "http://download.jptranslate.com/2008-07/" "Mozilla/4.0 (compatible; MSIE 6.0; Windows NT 5.1; .NET CLR 2.0.50727; .NET CLR 3.0.04506.648; .NET CLR 3.5.21022; InfoPath.3; .NET CLR 3.0.4506.2152; .NET CLR 3.5.30729)"
111.174.237.67 - - [18/May/2012:12:22:35 +0800] "GET /music/moved200909/20090914.mp3 HTTP/1.1" 200 6635533 "-" "Mozilla/4.0 (compatible; MSIE 5.00; Windows 98)"
180.51.54.219 - - [18/May/2012:12:19:27 +0800] "GET /music/moved200909/20090916.mp3 HTTP/1.1" 200 6705864 "-" "Mozilla/4.0 (compatible; MSIE 5.00; Windows 98)"
183.33.18.86 - - [18/May/2012:12:18:40 +0800] "GET /music/moved200909/20090914.mp3 HTTP/1.1" 200 6635533 "-" "Mozilla/4.0 (compatible; MSIE 5.00; Windows 98)"
112.3.255.2 - - [18/May/2012:12:19:59 +0800] "GET /music/moved200909/20090925.mp3 HTTP/1.1" 206 2326195 "-" "NSPlayer/10.0.0.4078 WMFSDK/10.0"
111.174.237.67 - - [18/May/2012:12:23:26 +0800] "GET /music/moved200909/20090914.mp3 HTTP/1.1" 200 6635533 "-" "Mozilla/4.0 (compatible; MSIE 5.00; Windows 98)"
1.85.17.130 - - [18/May/2012:12:23:46 +0800] "GET /2008-07/18.rm HTTP/1.1" 503 466 "http://download.jptranslate.com/2008-07/" "Mozilla/4.0 (compatible; MSIE 6.0; Windows NT 5.1; .NET CLR 2.0.50727; .NET CLR 3.0.04506.648; .NET CLR 3.5.21022; InfoPath.3; .NET CLR 3.0.4506.2152; .NET CLR 3.5.30729)"
38.107.179.231 - - [18/May/2012:12:22:20 +0800] "GET /2008-07/%d7%df%bd%f8%c8%d5%b1%be%cd%d1%bf%da%d0%e3%d3%ef%d1%d0%ca%e9%bf%e2%a1%a4%b7%b1%d0%c7%cf%b5%c1%d0.rar HTTP/1.1" 200 4649976 "-" "CCBot/1.0 (+http://www.commoncrawl.org/bot.html)"
1.85.17.130 - - [18/May/2012:12:24:13 +0800] "GET /2008-07/18.rm HTTP/1.1" 503 466 "http://download.jptranslate.com/2008-07/" "Mozilla/4.0 (compatible; MSIE 6.0; Windows NT 5.1; .NET CLR 2.0.50727; .NET CLR 3.0.04506.648; .NET CLR 3.5.21022; InfoPath.3; .NET CLR 3.0.4506.2152; .NET CLR 3.5.30729)"
111.174.237.67 - - [18/May/2012:12:23:56 +0800] "GET /music/moved200909/20090914.mp3 HTTP/1.1" 200 6635533 "-" "Mozilla/4.0 (compatible; MSIE 5.00; Windows 98)"
175.42.93.29 - - [18/May/2012:12:24:19 +0800] "GET /music/moved200909/20090918.mp3 HTTP/1.1" 200 6246400 "-" "Mozilla/4.0 (compatible; MSIE 6.0; Windows NT 5.1)"
125.78.179.101 - - [18/May/2012:12:22:25 +0800] "GET /music/moved200909/20090914.mp3 HTTP/1.1" 200 6635533 "-" "Mozilla/4.0 (compatible; MSIE 5.00; Windows 98)"
1.85.17.130 - - [18/May/2012:12:21:41 +0800] "GET /2008-07/18.rm HTTP/1.1" 206 40130433 "http://download.jptranslate.com/2008-07/" "Mozilla/4.0 (compatible; MSIE 6.0; Windows NT 5.1; .NET CLR 2.0.50727; .NET CLR 3.0.04506.648; .NET CLR 3.5.21022; InfoPath.3; .NET CLR 3.0.4506.2152; .NET CLR 3.5.30729)"
1.85.17.130 - - [18/May/2012:12:21:55 +0800] "GET /2008-07/18.rm HTTP/1.1" 206 35936129 "http://download.jptranslate.com/2008-07/" "Mozilla/4.0 (compatible; MSIE 6.0; Windows NT 5.1; .NET CLR 2.0.50727; .NET CLR 3.0.04506.648; .NET CLR 3.5.21022; InfoPath.3; .NET CLR 3.0.4506.2152; .NET CLR 3.5.30729)"
1.85.17.130 - - [18/May/2012:12:21:54 +0800] "GET /2008-07/10.rm HTTP/1.1" 206 68524530 "http://download.jptranslate.com/2008-07/" "Mozilla/4.0 (compatible; MSIE 6.0; Windows NT 5.1; .NET CLR 2.0.50727; .NET CLR 3.0.04506.648; .NET CLR 3.5.21022; InfoPath.3; .NET CLR 3.0.4506.2152; .NET CLR 3.5.30729)"
59.63.141.221 - - [18/May/2012:12:23:10 +0800] "GET /music/moved200909/20090921.mp3 HTTP/1.1" 200 4828683 "-" "Mozilla/4.0 (compatible; MSIE 5.00; Windows 98)"
1.85.17.130 - - [18/May/2012:12:22:38 +0800] "GET /2008-07/18.rm HTTP/1.1" 206 41703297 "http://download.jptranslate.com/2008-07/" "Mozilla/4.0 (compatible; MSIE 6.0; Windows NT 5.1; .NET CLR 2.0.50727; .NET CLR 3.0.04506.648; .NET CLR 3.5.21022; InfoPath.3; .NET CLR 3.0.4506.2152; .NET CLR 3.5.30729)"
115.153.57.71 - - [18/May/2012:12:25:01 +0800] "GET /music/moved200909/20090921.mp3 HTTP/1.1" 200 4828683 "-" "Mozilla/4.0 (compatible; MSIE 5.00; Windows 98)"
1.85.17.130 - - [18/May/2012:12:22:41 +0800] "GET /2008-07/10.rm HTTP/1.1" 206 68452350 "http://download.jptranslate.com/2008-07/" "Mozilla/4.0 (compatible; MSIE 6.0; Windows NT 5.1; .NET CLR 2.0.50727; .NET CLR 3.0.04506.648; .NET CLR 3.5.21022; InfoPath.3; .NET CLR 3.0.4506.2152; .NET CLR 3.5.30729)"
183.33.18.86 - - [18/May/2012:12:23:34 +0800] "GET /music/moved200909/20090914.mp3 HTTP/1.1" 200 6635533 "-" "Mozilla/4.0 (compatible; MSIE 5.00; Windows 98)"
124.94.16.230 - - [18/May/2012:12:26:01 +0800] "GET /music/moved200909/20090909.mp3 HTTP/1.1" 200 4650675 "-" "Mozilla/4.0 (compatible; MSIE 5.00; Windows 98)"
219.136.180.189 - - [18/May/2012:12:27:35 +0800] "GET /music/moved200909/20090914.mp3 HTTP/1.1" 200 6635533 "-" "Mozilla/4.0 (compatible; MSIE 5.00; Windows 98)"
38.107.179.232 - - [18/May/2012:12:28:30 +0800] "GET /2008-07/%d7%ee%b3%a3%bc%fb%b5%c4%c8%d5%d3%ef%b9%df%d3%c3%be%e4%d0%cd840%b8%f6.rar HTTP/1.1" 200 126396550 "-" "CCBot/1.0 (+http://www.commoncrawl.org/bot.html)"
1.85.17.130 - - [18/May/2012:12:29:48 +0800] "GET /2008-07/10.rm HTTP/1.1" 206 69319330 "http://download.jptranslate.com/2008-07/" "Mozilla/4.0 (compatible; MSIE 6.0; Windows NT 5.1; .NET CLR 2.0.50727; .NET CLR 3.0.04506.648; .NET CLR 3.5.21022; InfoPath.3; .NET CLR 3.0.4506.2152; .NET CLR 3.5.30729)"
218.81.36.175 - - [18/May/2012:12:29:10 +0800] "GET /music/moved200909/20090921.mp3 HTTP/1.1" 200 4828683 "-" "Mozilla/4.0 (compatible; MSIE 5.00; Windows 98)"
1.85.17.130 - - [18/May/2012:12:30:24 +0800] "GET /2008-07/10.rm HTTP/1.1" 206 69188258 "http://download.jptranslate.com/2008-07/" "Mozilla/4.0 (compatible; MSIE 6.0; Windows NT 5.1; .NET CLR 2.0.50727; .NET CLR 3.0.04506.648; .NET CLR 3.5.21022; InfoPath.3; .NET CLR 3.0.4506.2152; .NET CLR 3.5.30729)"
1.85.17.130 - - [18/May/2012:12:29:25 +0800] "GET /2008-07/10.rm HTTP/1.1" 206 768674 "http://download.jptranslate.com/2008-07/" "Mozilla/4.0 (compatible; MSIE 6.0; Windows NT 5.1; .NET CLR 2.0.50727; .NET CLR 3.0.04506.648; .NET CLR 3.5.21022; InfoPath.3; .NET CLR 3.0.4506.2152; .NET CLR 3.5.30729)"
1.85.17.130 - - [18/May/2012:12:30:24 +0800] "GET /2008-07/10.rm HTTP/1.1" 206 725265 "http://download.jptranslate.com/2008-07/" "Mozilla/4.0 (compatible; MSIE 6.0; Windows NT 5.1; .NET CLR 2.0.50727; .NET CLR 3.0.04506.648; .NET CLR 3.5.21022; InfoPath.3; .NET CLR 3.0.4506.2152; .NET CLR 3.5.30729)"
183.33.18.86 - - [18/May/2012:12:28:26 +0800] "GET /music/moved200909/20090914.mp3 HTTP/1.1" 200 6635533 "-" "Mozilla/4.0 (compatible; MSIE 5.00; Windows 98)"
118.186.252.253 - - [18/May/2012:12:31:09 +0800] "GET /music/moved200909/20090911.mp3?%23.mp3 HTTP/1.1" 200 6916096 "-" "NSPlayer/12.00.7600.16385 WMFSDK/12.00.7600.16385"
1.85.17.130 - - [18/May/2012:12:31:11 +0800] "GET /2008-07/18.rm HTTP/1.1" 206 8279937 "http://download.jptranslate.com/2008-07/" "Mozilla/4.0 (compatible; MSIE 6.0; Windows NT 5.1; .NET CLR 2.0.50727; .NET CLR 3.0.04506.648; .NET CLR 3.5.21022; InfoPath.3; .NET CLR 3.0.4506.2152; .NET CLR 3.5.30729)"
1.85.17.130 - - [18/May/2012:12:31:21 +0800] "GET /2008-07/10.rm HTTP/1.1" 503 466 "http://download.jptranslate.com/2008-07/" "Mozilla/4.0 (compatible; MSIE 6.0; Windows NT 5.1; .NET CLR 2.0.50727; .NET CLR 3.0.04506.648; .NET CLR 3.5.21022; InfoPath.3; .NET CLR 3.0.4506.2152; .NET CLR 3.5.30729)"
1.85.17.130 - - [18/May/2012:12:31:29 +0800] "GET /2008-07/10.rm HTTP/1.1" 503 466 "http://download.jptranslate.com/2008-07/" "Mozilla/4.0 (compatible; MSIE 6.0; Windows NT 5.1; .NET CLR 2.0.50727; .NET CLR 3.0.04506.648; .NET CLR 3.5.21022; InfoPath.3; .NET CLR 3.0.4506.2152; .NET CLR 3.5.30729)"
1.85.17.130 - - [18/May/2012:12:31:32 +0800] "GET /2008-07/18.rm HTTP/1.1" 503 466 "http://download.jptranslate.com/2008-07/" "Mozilla/4.0 (compatible; MSIE 6.0; Windows NT 5.1; .NET CLR 2.0.50727; .NET CLR 3.0.04506.648; .NET CLR 3.5.21022; InfoPath.3; .NET CLR 3.0.4506.2152; .NET CLR 3.5.30729)"
38.107.179.233 - - [18/May/2012:12:30:03 +0800] "GET /2008-07/%d7%ee%d0%c2%b0%e6%c8%d5%d3%ef%c4%dc%c1%a6%b2%e2%d1%e9%b3%f6%cc%e2%c7%e3%cf%f2%b6%d4%b2%df%a3%ba2%bc%b6%d3%ef%b7%a8.rar HTTP/1.1" 200 3503976 "-" "CCBot/1.0 (+http://www.commoncrawl.org/bot.html)"
1.85.17.130 - - [18/May/2012:12:31:35 +0800] "GET /2008-07/10.rm HTTP/1.1" 503 466 "http://download.jptranslate.com/2008-07/" "Mozilla/4.0 (compatible; MSIE 6.0; Windows NT 5.1; .NET CLR 2.0.50727; .NET CLR 3.0.04506.648; .NET CLR 3.5.21022; InfoPath.3; .NET CLR 3.0.4506.2152; .NET CLR 3.5.30729)"
110.228.213.106 - - [18/May/2012:12:31:35 +0800] "GET /091014.mp3 HTTP/1.1" 404 351 "-" "Mozilla/4.0 (compatible; MSIE 5.00; Windows 98)"
110.228.213.106 - - [18/May/2012:12:31:35 +0800] "GET /091014.mp3 HTTP/1.1" 404 351 "-" "Mozilla/4.0 (compatible; MSIE 5.00; Windows 98)"
110.228.213.106 - - [18/May/2012:12:31:35 +0800] "GET /091014.mp3 HTTP/1.1" 404 351 "-" "Mozilla/4.0 (compatible; MSIE 5.00; Windows 98)"
110.228.213.106 - - [18/May/2012:12:31:35 +0800] "GET /091014.mp3 HTTP/1.1" 404 351 "-" "Mozilla/4.0 (compatible; MSIE 5.00; Windows 98)"
1.85.17.130 - - [18/May/2012:12:31:36 +0800] "GET /2008-07/18.rm HTTP/1.1" 503 466 "http://download.jptranslate.com/2008-07/" "Mozilla/4.0 (compatible; MSIE 6.0; Windows NT 5.1; .NET CLR 2.0.50727; .NET CLR 3.0.04506.648; .NET CLR 3.5.21022; InfoPath.3; .NET CLR 3.0.4506.2152; .NET CLR 3.5.30729)"
1.85.17.130 - - [18/May/2012:12:31:36 +0800] "GET /2008-07/10.rm HTTP/1.1" 503 466 "http://download.jptranslate.com/2008-07/" "Mozilla/4.0 (compatible; MSIE 6.0; Windows NT 5.1; .NET CLR 2.0.50727; .NET CLR 3.0.04506.648; .NET CLR 3.5.21022; InfoPath.3; .NET CLR 3.0.4506.2152; .NET CLR 3.5.30729)"
1.85.17.130 - - [18/May/2012:12:31:13 +0800] "GET /2008-07/18.rm HTTP/1.1" 206 46552961 "http://download.jptranslate.com/2008-07/" "Mozilla/4.0 (compatible; MSIE 6.0; Windows NT 5.1; .NET CLR 2.0.50727; .NET CLR 3.0.04506.648; .NET CLR 3.5.21022; InfoPath.3; .NET CLR 3.0.4506.2152; .NET CLR 3.5.30729)"
125.74.63.154 - - [18/May/2012:12:32:30 +0800] "GET /music/moved200912/20091217.mp3 HTTP/1.1" 404 371 "-" "Mozilla/4.0 (compatible; MSIE 5.00; Windows 98)"
125.74.63.154 - - [18/May/2012:12:32:31 +0800] "GET /music/moved200912/20091217.mp3 HTTP/1.1" 404 371 "-" "Mozilla/4.0 (compatible; MSIE 5.00; Windows 98)"
125.74.63.154 - - [18/May/2012:12:32:31 +0800] "GET /music/moved200912/20091217.mp3 HTTP/1.1" 404 371 "-" "Mozilla/4.0 (compatible; MSIE 5.00; Windows 98)"
125.74.63.154 - - [18/May/2012:12:32:32 +0800] "GET /music/moved200912/20091217.mp3 HTTP/1.1" 404 371 "-" "Mozilla/4.0 (compatible; MSIE 5.00; Windows 98)"
1.85.17.130 - - [18/May/2012:12:32:32 +0800] "GET /2008-07/18.rm HTTP/1.1" 503 466 "http://download.jptranslate.com/2008-07/" "Mozilla/4.0 (compatible; MSIE 6.0; Windows NT 5.1; .NET CLR 2.0.50727; .NET CLR 3.0.04506.648; .NET CLR 3.5.21022; InfoPath.3; .NET CLR 3.0.4506.2152; .NET CLR 3.5.30729)"
1.85.17.130 - - [18/May/2012:12:32:32 +0800] "GET /2008-07/18.rm HTTP/1.1" 503 466 "http://download.jptranslate.com/2008-07/" "Mozilla/4.0 (compatible; MSIE 6.0; Windows NT 5.1; .NET CLR 2.0.50727; .NET CLR 3.0.04506.648; .NET CLR 3.5.21022; InfoPath.3; .NET CLR 3.0.4506.2152; .NET CLR 3.5.30729)"
60.14.169.61 - - [18/May/2012:12:32:38 +0800] "GET /music/moved200911/20091101.mp3 HTTP/1.1" 404 371 "-" "Mozilla/4.0 (compatible; MSIE 5.00; Windows 98)"
60.14.169.61 - - [18/May/2012:12:32:38 +0800] "GET /music/moved200911/20091101.mp3 HTTP/1.1" 404 371 "-" "Mozilla/4.0 (compatible; MSIE 5.00; Windows 98)"
60.14.169.61 - - [18/May/2012:12:32:38 +0800] "GET /music/moved200911/20091101.mp3 HTTP/1.1" 404 371 "-" "Mozilla/4.0 (compatible; MSIE 5.00; Windows 98)"
60.14.169.61 - - [18/May/2012:12:32:38 +0800] "GET /music/moved200911/20091101.mp3 HTTP/1.1" 404 371 "-" "Mozilla/4.0 (compatible; MSIE 5.00; Windows 98)"
1.85.17.130 - - [18/May/2012:12:32:41 +0800] "GET /2008-07/18.rm HTTP/1.1" 503 466 "http://download.jptranslate.com/2008-07/" "Mozilla/4.0 (compatible; MSIE 6.0; Windows NT 5.1; .NET CLR 2.0.50727; .NET CLR 3.0.04506.648; .NET CLR 3.5.21022; InfoPath.3; .NET CLR 3.0.4506.2152; .NET CLR 3.5.30729)"
1.85.17.130 - - [18/May/2012:12:29:24 +0800] "GET /2008-07/18.rm HTTP/1.1" 206 52057985 "http://download.jptranslate.com/2008-07/" "Mozilla/4.0 (compatible; MSIE 6.0; Windows NT 5.1; .NET CLR 2.0.50727; .NET CLR 3.0.04506.648; .NET CLR 3.5.21022; InfoPath.3; .NET CLR 3.0.4506.2152; .NET CLR 3.5.30729)"
1.85.17.130 - - [18/May/2012:12:32:49 +0800] "GET /2008-07/18.rm HTTP/1.1" 206 10508161 "http://download.jptranslate.com/2008-07/" "Mozilla/4.0 (compatible; MSIE 6.0; Windows NT 5.1; .NET CLR 2.0.50727; .NET CLR 3.0.04506.648; .NET CLR 3.5.21022; InfoPath.3; .NET CLR 3.0.4506.2152; .NET CLR 3.5.30729)"
1.85.17.130 - - [18/May/2012:12:32:55 +0800] "GET /2008-07/18.rm HTTP/1.1" 206 65411661 "http://download.jptranslate.com/2008-07/" "Mozilla/4.0 (compatible; MSIE 6.0; Windows NT 5.1; .NET CLR 2.0.50727; .NET CLR 3.0.04506.648; .NET CLR 3.5.21022; InfoPath.3; .NET CLR 3.0.4506.2152; .NET CLR 3.5.30729)"
1.85.17.130 - - [18/May/2012:12:32:29 +0800] "GET /2008-07/10.rm HTTP/1.1" 206 69188258 "http://download.jptranslate.com/2008-07/" "Mozilla/4.0 (compatible; MSIE 6.0; Windows NT 5.1; .NET CLR 2.0.50727; .NET CLR 3.0.04506.648; .NET CLR 3.5.21022; InfoPath.3; .NET CLR 3.0.4506.2152; .NET CLR 3.5.30729)"
1.85.17.130 - - [18/May/2012:12:31:15 +0800] "GET /2008-07/18.rm HTTP/1.1" 206 26367873 "http://download.jptranslate.com/2008-07/" "Mozilla/4.0 (compatible; MSIE 6.0; Windows NT 5.1; .NET CLR 2.0.50727; .NET CLR 3.0.04506.648; .NET CLR 3.5.21022; InfoPath.3; .NET CLR 3.0.4506.2152; .NET CLR 3.5.30729)"
1.85.17.130 - - [18/May/2012:12:33:11 +0800] "GET /2008-07/18.rm HTTP/1.1" 503 466 "http://download.jptranslate.com/2008-07/" "Mozilla/4.0 (compatible; MSIE 6.0; Windows NT 5.1; .NET CLR 2.0.50727; .NET CLR 3.0.04506.648; .NET CLR 3.5.21022; InfoPath.3; .NET CLR 3.0.4506.2152; .NET CLR 3.5.30729)"
1.85.17.130 - - [18/May/2012:12:33:11 +0800] "GET /2008-07/18.rm HTTP/1.1" 503 466 "http://download.jptranslate.com/2008-07/" "Mozilla/4.0 (compatible; MSIE 6.0; Windows NT 5.1; .NET CLR 2.0.50727; .NET CLR 3.0.04506.648; .NET CLR 3.5.21022; InfoPath.3; .NET CLR 3.0.4506.2152; .NET CLR 3.5.30729)"
1.85.17.130 - - [18/May/2012:12:33:14 +0800] "GET /2008-07/18.rm HTTP/1.1" 503 466 "http://download.jptranslate.com/2008-07/" "Mozilla/4.0 (compatible; MSIE 6.0; Windows NT 5.1; .NET CLR 2.0.50727; .NET CLR 3.0.04506.648; .NET CLR 3.5.21022; InfoPath.3; .NET CLR 3.0.4506.2152; .NET CLR 3.5.30729)"
1.85.17.130 - - [18/May/2012:12:33:09 +0800] "GET /2008-07/18.rm HTTP/1.1" 206 16668545 "http://download.jptranslate.com/2008-07/" "Mozilla/4.0 (compatible; MSIE 6.0; Windows NT 5.1; .NET CLR 2.0.50727; .NET CLR 3.0.04506.648; .NET CLR 3.5.21022; InfoPath.3; .NET CLR 3.0.4506.2152; .NET CLR 3.5.30729)"
182.119.83.126 - - [18/May/2012:12:33:20 +0800] "GET /music/moved200909/20090930.mp3 HTTP/1.1" 206 128 "http://user.qzone.qq.com/759409935/infocenter" "Mozilla/5.0 (Windows NT 5.1) AppleWebKit/535.11 (KHTML, like Gecko) Chrome/17.0.963.83 Safari/535.11 QIHU 360EE"
182.119.83.126 - - [18/May/2012:12:33:18 +0800] "GET /music/moved200909/20090930.mp3 HTTP/1.1" 206 4239744 "http://user.qzone.qq.com/759409935/infocenter" "Mozilla/5.0 (Windows NT 5.1) AppleWebKit/535.11 (KHTML, like Gecko) Chrome/17.0.963.83 Safari/535.11 QIHU 360EE"
61.153.249.186 - - [18/May/2012:12:31:23 +0800] "GET /music/moved200909/20090914.mp3 HTTP/1.1" 200 6635533 "-" "Mozilla/4.0 (compatible; MSIE 5.00; Windows 98)"
1.85.17.130 - - [18/May/2012:12:33:09 +0800] "GET /2008-07/18.rm HTTP/1.1" 206 65411661 "http://download.jptranslate.com/2008-07/" "Mozilla/4.0 (compatible; MSIE 6.0; Windows NT 5.1; .NET CLR 2.0.50727; .NET CLR 3.0.04506.648; .NET CLR 3.5.21022; InfoPath.3; .NET CLR 3.0.4506.2152; .NET CLR 3.5.30729)"
220.181.51.220 - - [18/May/2012:12:33:35 +0800] "GET /music/moved200909/20090930.mp3? HTTP/1.0" 200 4239744 "-" "NSPlayer/10.0.0.4072 WMFSDK/10.0"
121.14.98.63 - - [18/May/2012:12:33:39 +0800] "GET /jp200/5.mp3 HTTP/1.1" 206 2048 "http://download.jptranslate.com/jp200/5.mp3" "Mozilla/4.0 (compatible; MSIE 6.0; Windows NT 5.1; SV1)"
114.249.231.149 - - [18/May/2012:12:31:09 +0800] "GET /music/moved200909/20090921.mp3 HTTP/1.1" 200 4828683 "-" "Mozilla/4.0 (compatible; MSIE 5.00; Windows 98)"
1.85.17.130 - - [18/May/2012:12:33:07 +0800] "GET /2008-07/10.rm HTTP/1.1" 206 899746 "http://download.jptranslate.com/2008-07/" "Mozilla/4.0 (compatible; MSIE 6.0; Windows NT 5.1; .NET CLR 2.0.50727; .NET CLR 3.0.04506.648; .NET CLR 3.5.21022; InfoPath.3; .NET CLR 3.0.4506.2152; .NET CLR 3.5.30729)"
121.14.98.63 - - [18/May/2012:12:33:53 +0800] "GET /jp200/13.mp3 HTTP/1.1" 206 2048 "http://download.jptranslate.com/jp200/13.mp3" "Mozilla/4.0 (compatible; MSIE 6.0; Windows NT 5.1; SV1)"
111.85.99.164 - - [18/May/2012:12:33:52 +0800] "GET /music/moved200909/20090909.mp3 HTTP/1.1" 200 4650675 "-" "Mozilla/4.0 (compatible; MSIE 5.00; Windows 98)"
110.228.213.106 - - [18/May/2012:12:34:28 +0800] "GET /091014.mp3 HTTP/1.1" 404 351 "-" "Mozilla/4.0 (compatible; MSIE 5.00; Windows 98)"
110.228.213.106 - - [18/May/2012:12:34:28 +0800] "GET /091014.mp3 HTTP/1.1" 404 351 "-" "Mozilla/4.0 (compatible; MSIE 5.00; Windows 98)"
110.228.213.106 - - [18/May/2012:12:34:28 +0800] "GET /091014.mp3 HTTP/1.1" 404 351 "-" "Mozilla/4.0 (compatible; MSIE 5.00; Windows 98)"
110.228.213.106 - - [18/May/2012:12:34:28 +0800] "GET /091014.mp3 HTTP/1.1" 404 351 "-" "Mozilla/4.0 (compatible; MSIE 5.00; Windows 98)"
1.85.17.130 - - [18/May/2012:12:31:06 +0800] "GET /2008-07/10.rm HTTP/1.1" 206 67615394 "http://download.jptranslate.com/2008-07/" "Mozilla/4.0 (compatible; MSIE 6.0; Windows NT 5.1; .NET CLR 2.0.50727; .NET CLR 3.0.04506.648; .NET CLR 3.5.21022; InfoPath.3; .NET CLR 3.0.4506.2152; .NET CLR 3.5.30729)"
1.85.17.130 - - [18/May/2012:12:31:03 +0800] "GET /2008-07/18.rm HTTP/1.1" 206 65427329 "http://download.jptranslate.com/2008-07/" "Mozilla/4.0 (compatible; MSIE 6.0; Windows NT 5.1; .NET CLR 2.0.50727; .NET CLR 3.0.04506.648; .NET CLR 3.5.21022; InfoPath.3; .NET CLR 3.0.4506.2152; .NET CLR 3.5.30729)"
117.43.145.17 - - [18/May/2012:12:31:17 +0800] "GET /music/moved200909/20090921.mp3 HTTP/1.1" 200 4828683 "-" "Mozilla/4.0 (compatible; MSIE 5.00; Windows 98)"
182.119.83.126 - - [18/May/2012:12:33:20 +0800] "GET /music/moved200909/20090930.mp3 HTTP/1.1" 206 4174208 "http://user.qzone.qq.com/759409935/infocenter" "Mozilla/5.0 (Windows NT 5.1) AppleWebKit/535.11 (KHTML, like Gecko) Chrome/17.0.963.83 Safari/535.11 QIHU 360EE"
183.33.18.86 - - [18/May/2012:12:33:07 +0800] "GET /music/moved200909/20090914.mp3 HTTP/1.1" 200 6635533 "-" "Mozilla/4.0 (compatible; MSIE 5.00; Windows 98)"
1.85.17.130 - - [18/May/2012:12:35:48 +0800] "GET /2008-07/18.rm HTTP/1.1" 503 466 "http://download.jptranslate.com/2008-07/" "Mozilla/4.0 (compatible; MSIE 6.0; Windows NT 5.1; .NET CLR 2.0.50727; .NET CLR 3.0.04506.648; .NET CLR 3.5.21022; InfoPath.3; .NET CLR 3.0.4506.2152; .NET CLR 3.5.30729)"
1.85.17.130 - - [18/May/2012:12:35:50 +0800] "GET /2008-07/18.rm HTTP/1.1" 503 466 "http://download.jptranslate.com/2008-07/" "Mozilla/4.0 (compatible; MSIE 6.0; Windows NT 5.1; .NET CLR 2.0.50727; .NET CLR 3.0.04506.648; .NET CLR 3.5.21022; InfoPath.3; .NET CLR 3.0.4506.2152; .NET CLR 3.5.30729)"
1.85.17.130 - - [18/May/2012:12:36:00 +0800] "GET /2008-07/18.rm HTTP/1.1" 503 466 "http://download.jptranslate.com/2008-07/" "Mozilla/4.0 (compatible; MSIE 6.0; Windows NT 5.1; .NET CLR 2.0.50727; .NET CLR 3.0.04506.648; .NET CLR 3.5.21022; InfoPath.3; .NET CLR 3.0.4506.2152; .NET CLR 3.5.30729)"
1.85.17.130 - - [18/May/2012:12:36:01 +0800] "GET /2008-07/18.rm HTTP/1.1" 503 466 "http://download.jptranslate.com/2008-07/" "Mozilla/4.0 (compatible; MSIE 6.0; Windows NT 5.1; .NET CLR 2.0.50727; .NET CLR 3.0.04506.648; .NET CLR 3.5.21022; InfoPath.3; .NET CLR 3.0.4506.2152; .NET CLR 3.5.30729)"
1.85.17.130 - - [18/May/2012:12:36:08 +0800] "GET /2008-07/18.rm HTTP/1.1" 503 466 "http://download.jptranslate.com/2008-07/" "Mozilla/4.0 (compatible; MSIE 6.0; Windows NT 5.1; .NET CLR 2.0.50727; .NET CLR 3.0.04506.648; .NET CLR 3.5.21022; InfoPath.3; .NET CLR 3.0.4506.2152; .NET CLR 3.5.30729)"
1.85.17.130 - - [18/May/2012:12:36:08 +0800] "GET /2008-07/18.rm HTTP/1.1" 503 466 "http://download.jptranslate.com/2008-07/" "Mozilla/4.0 (compatible; MSIE 6.0; Windows NT 5.1; .NET CLR 2.0.50727; .NET CLR 3.0.04506.648; .NET CLR 3.5.21022; InfoPath.3; .NET CLR 3.0.4506.2152; .NET CLR 3.5.30729)"
1.85.17.130 - - [18/May/2012:12:36:09 +0800] "GET /2008-07/18.rm HTTP/1.1" 503 466 "http://download.jptranslate.com/2008-07/" "Mozilla/4.0 (compatible; MSIE 6.0; Windows NT 5.1; .NET CLR 2.0.50727; .NET CLR 3.0.04506.648; .NET CLR 3.5.21022; InfoPath.3; .NET CLR 3.0.4506.2152; .NET CLR 3.5.30729)"
1.85.17.130 - - [18/May/2012:12:36:10 +0800] "GET /2008-07/18.rm HTTP/1.1" 503 466 "http://download.jptranslate.com/2008-07/" "Mozilla/4.0 (compatible; MSIE 6.0; Windows NT 5.1; .NET CLR 2.0.50727; .NET CLR 3.0.04506.648; .NET CLR 3.5.21022; InfoPath.3; .NET CLR 3.0.4506.2152; .NET CLR 3.5.30729)"
1.85.17.130 - - [18/May/2012:12:36:11 +0800] "GET /2008-07/10.rm HTTP/1.1" 503 466 "http://download.jptranslate.com/2008-07/" "Mozilla/4.0 (compatible; MSIE 6.0; Windows NT 5.1; .NET CLR 2.0.50727; .NET CLR 3.0.04506.648; .NET CLR 3.5.21022; InfoPath.3; .NET CLR 3.0.4506.2152; .NET CLR 3.5.30729)"
1.85.17.130 - - [18/May/2012:12:35:40 +0800] "GET /2008-07/18.rm HTTP/1.1" 206 46421889 "http://download.jptranslate.com/2008-07/" "Mozilla/4.0 (compatible; MSIE 6.0; Windows NT 5.1; .NET CLR 2.0.50727; .NET CLR 3.0.04506.648; .NET CLR 3.5.21022; InfoPath.3; .NET CLR 3.0.4506.2152; .NET CLR 3.5.30729)"
1.85.17.130 - - [18/May/2012:12:36:11 +0800] "GET /2008-07/18.rm HTTP/1.1" 503 466 "http://download.jptranslate.com/2008-07/" "Mozilla/4.0 (compatible; MSIE 6.0; Windows NT 5.1; .NET CLR 2.0.50727; .NET CLR 3.0.04506.648; .NET CLR 3.5.21022; InfoPath.3; .NET CLR 3.0.4506.2152; .NET CLR 3.5.30729)"
1.85.17.130 - - [18/May/2012:12:36:12 +0800] "GET /2008-07/10.rm HTTP/1.1" 503 466 "http://download.jptranslate.com/2008-07/" "Mozilla/4.0 (compatible; MSIE 6.0; Windows NT 5.1; .NET CLR 2.0.50727; .NET CLR 3.0.04506.648; .NET CLR 3.5.21022; InfoPath.3; .NET CLR 3.0.4506.2152; .NET CLR 3.5.30729)"
1.85.17.130 - - [18/May/2012:12:35:39 +0800] "GET /2008-07/18.rm HTTP/1.1" 206 32659329 "http://download.jptranslate.com/2008-07/" "Mozilla/4.0 (compatible; MSIE 6.0; Windows NT 5.1; .NET CLR 2.0.50727; .NET CLR 3.0.04506.648; .NET CLR 3.5.21022; InfoPath.3; .NET CLR 3.0.4506.2152; .NET CLR 3.5.30729)"
1.85.17.130 - - [18/May/2012:12:36:14 +0800] "GET /2008-07/10.rm HTTP/1.1" 503 466 "http://download.jptranslate.com/2008-07/" "Mozilla/4.0 (compatible; MSIE 6.0; Windows NT 5.1; .NET CLR 2.0.50727; .NET CLR 3.0.04506.648; .NET CLR 3.5.21022; InfoPath.3; .NET CLR 3.0.4506.2152; .NET CLR 3.5.30729)"
1.85.17.130 - - [18/May/2012:12:36:13 +0800] "GET /2008-07/18.rm HTTP/1.1" 206 46398922 "http://download.jptranslate.com/2008-07/" "Mozilla/4.0 (compatible; MSIE 6.0; Windows NT 5.1; .NET CLR 2.0.50727; .NET CLR 3.0.04506.648; .NET CLR 3.5.21022; InfoPath.3; .NET CLR 3.0.4506.2152; .NET CLR 3.5.30729)"
1.85.17.130 - - [18/May/2012:12:36:18 +0800] "GET /2008-07/18.rm HTTP/1.1" 503 466 "http://download.jptranslate.com/2008-07/" "Mozilla/4.0 (compatible; MSIE 6.0; Windows NT 5.1; .NET CLR 2.0.50727; .NET CLR 3.0.04506.648; .NET CLR 3.5.21022; InfoPath.3; .NET CLR 3.0.4506.2152; .NET CLR 3.5.30729)"
1.85.17.130 - - [18/May/2012:12:36:20 +0800] "GET /2008-07/18.rm HTTP/1.1" 503 466 "http://download.jptranslate.com/2008-07/" "Mozilla/4.0 (compatible; MSIE 6.0; Windows NT 5.1; .NET CLR 2.0.50727; .NET CLR 3.0.04506.648; .NET CLR 3.5.21022; InfoPath.3; .NET CLR 3.0.4506.2152; .NET CLR 3.5.30729)"
1.85.17.130 - - [18/May/2012:12:36:21 +0800] "GET /2008-07/18.rm HTTP/1.1" 503 466 "http://download.jptranslate.com/2008-07/" "Mozilla/4.0 (compatible; MSIE 6.0; Windows NT 5.1; .NET CLR 2.0.50727; .NET CLR 3.0.04506.648; .NET CLR 3.5.21022; InfoPath.3; .NET CLR 3.0.4506.2152; .NET CLR 3.5.30729)"
1.85.17.130 - - [18/May/2012:12:36:23 +0800] "GET /2008-07/18.rm HTTP/1.1" 503 466 "http://download.jptranslate.com/2008-07/" "Mozilla/4.0 (compatible; MSIE 6.0; Windows NT 5.1; .NET CLR 2.0.50727; .NET CLR 3.0.04506.648; .NET CLR 3.5.21022; InfoPath.3; .NET CLR 3.0.4506.2152; .NET CLR 3.5.30729)"
1.85.17.130 - - [18/May/2012:12:35:37 +0800] "GET /2008-07/10.rm HTTP/1.1" 206 62372514 "http://download.jptranslate.com/2008-07/" "Mozilla/4.0 (compatible; MSIE 6.0; Windows NT 5.1; .NET CLR 2.0.50727; .NET CLR 3.0.04506.648; .NET CLR 3.5.21022; InfoPath.3; .NET CLR 3.0.4506.2152; .NET CLR 3.5.30729)"
1.85.17.130 - - [18/May/2012:12:35:43 +0800] "GET /2008-07/18.rm HTTP/1.1" 206 4216705 "http://download.jptranslate.com/2008-07/" "Mozilla/4.0 (compatible; MSIE 6.0; Windows NT 5.1; .NET CLR 2.0.50727; .NET CLR 3.0.04506.648; .NET CLR 3.5.21022; InfoPath.3; .NET CLR 3.0.4506.2152; .NET CLR 3.5.30729)"
1.85.17.130 - - [18/May/2012:12:35:45 +0800] "GET /2008-07/18.rm HTTP/1.1" 206 12212097 "http://download.jptranslate.com/2008-07/" "Mozilla/4.0 (compatible; MSIE 6.0; Windows NT 5.1; .NET CLR 2.0.50727; .NET CLR 3.0.04506.648; .NET CLR 3.5.21022; InfoPath.3; .NET CLR 3.0.4506.2152; .NET CLR 3.5.30729)"
1.85.17.130 - - [18/May/2012:12:36:36 +0800] "GET /2008-07/18.rm HTTP/1.1" 503 466 "http://download.jptranslate.com/2008-07/" "Mozilla/4.0 (compatible; MSIE 6.0; Windows NT 5.1; .NET CLR 2.0.50727; .NET CLR 3.0.04506.648; .NET CLR 3.5.21022; InfoPath.3; .NET CLR 3.0.4506.2152; .NET CLR 3.5.30729)"
110.86.209.119 - - [18/May/2012:12:36:21 +0800] "GET /music/moved200909/20090921.mp3 HTTP/1.1" 200 4828683 "-" "Mozilla/4.0 (compatible; MSIE 5.00; Windows 98)"
1.85.17.130 - - [18/May/2012:12:36:38 +0800] "GET /2008-07/18.rm HTTP/1.1" 503 466 "http://download.jptranslate.com/2008-07/" "Mozilla/4.0 (compatible; MSIE 6.0; Windows NT 5.1; .NET CLR 2.0.50727; .NET CLR 3.0.04506.648; .NET CLR 3.5.21022; InfoPath.3; .NET CLR 3.0.4506.2152; .NET CLR 3.5.30729)"
1.85.17.130 - - [18/May/2012:12:36:39 +0800] "GET /2008-07/18.rm HTTP/1.1" 503 466 "http://download.jptranslate.com/2008-07/" "Mozilla/4.0 (compatible; MSIE 6.0; Windows NT 5.1; .NET CLR 2.0.50727; .NET CLR 3.0.04506.648; .NET CLR 3.5.21022; InfoPath.3; .NET CLR 3.0.4506.2152; .NET CLR 3.5.30729)"
1.85.17.130 - - [18/May/2012:12:36:41 +0800] "GET /2008-07/10.rm HTTP/1.1" 503 466 "http://download.jptranslate.com/2008-07/" "Mozilla/4.0 (compatible; MSIE 6.0; Windows NT 5.1; .NET CLR 2.0.50727; .NET CLR 3.0.04506.648; .NET CLR 3.5.21022; InfoPath.3; .NET CLR 3.0.4506.2152; .NET CLR 3.5.30729)"
1.85.17.130 - - [18/May/2012:12:36:42 +0800] "GET /2008-07/10.rm HTTP/1.1" 503 466 "http://download.jptranslate.com/2008-07/" "Mozilla/4.0 (compatible; MSIE 6.0; Windows NT 5.1; .NET CLR 2.0.50727; .NET CLR 3.0.04506.648; .NET CLR 3.5.21022; InfoPath.3; .NET CLR 3.0.4506.2152; .NET CLR 3.5.30729)"
1.85.17.130 - - [18/May/2012:12:36:42 +0800] "GET /2008-07/18.rm HTTP/1.1" 503 466 "http://download.jptranslate.com/2008-07/" "Mozilla/4.0 (compatible; MSIE 6.0; Windows NT 5.1; .NET CLR 2.0.50727; .NET CLR 3.0.04506.648; .NET CLR 3.5.21022; InfoPath.3; .NET CLR 3.0.4506.2152; .NET CLR 3.5.30729)"
1.85.17.130 - - [18/May/2012:12:36:16 +0800] "GET /2008-07/10.rm HTTP/1.1" 206 69319330 "http://download.jptranslate.com/2008-07/" "Mozilla/4.0 (compatible; MSIE 6.0; Windows NT 5.1; .NET CLR 2.0.50727; .NET CLR 3.0.04506.648; .NET CLR 3.5.21022; InfoPath.3; .NET CLR 3.0.4506.2152; .NET CLR 3.5.30729)"
1.85.17.130 - - [18/May/2012:12:36:45 +0800] "GET /2008-07/18.rm HTTP/1.1" 206 67655553 "http://download.jptranslate.com/2008-07/" "Mozilla/4.0 (compatible; MSIE 6.0; Windows NT 5.1; .NET CLR 2.0.50727; .NET CLR 3.0.04506.648; .NET CLR 3.5.21022; InfoPath.3; .NET CLR 3.0.4506.2152; .NET CLR 3.5.30729)"
1.85.17.130 - - [18/May/2012:12:36:48 +0800] "GET /2008-07/18.rm HTTP/1.1" 503 466 "http://download.jptranslate.com/2008-07/" "Mozilla/4.0 (compatible; MSIE 6.0; Windows NT 5.1; .NET CLR 2.0.50727; .NET CLR 3.0.04506.648; .NET CLR 3.5.21022; InfoPath.3; .NET CLR 3.0.4506.2152; .NET CLR 3.5.30729)"
1.85.17.130 - - [18/May/2012:12:36:48 +0800] "GET /2008-07/18.rm HTTP/1.1" 206 12078498 "http://download.jptranslate.com/2008-07/" "Mozilla/4.0 (compatible; MSIE 6.0; Windows NT 5.1; .NET CLR 2.0.50727; .NET CLR 3.0.04506.648; .NET CLR 3.5.21022; InfoPath.3; .NET CLR 3.0.4506.2152; .NET CLR 3.5.30729)"
1.85.17.130 - - [18/May/2012:12:36:51 +0800] "GET /2008-07/18.rm HTTP/1.1" 503 466 "http://download.jptranslate.com/2008-07/" "Mozilla/4.0 (compatible; MSIE 6.0; Windows NT 5.1; .NET CLR 2.0.50727; .NET CLR 3.0.04506.648; .NET CLR 3.5.21022; InfoPath.3; .NET CLR 3.0.4506.2152; .NET CLR 3.5.30729)"
1.85.17.130 - - [18/May/2012:12:36:53 +0800] "GET /2008-07/18.rm HTTP/1.1" 503 466 "http://download.jptranslate.com/2008-07/" "Mozilla/4.0 (compatible; MSIE 6.0; Windows NT 5.1; .NET CLR 2.0.50727; .NET CLR 3.0.04506.648; .NET CLR 3.5.21022; InfoPath.3; .NET CLR 3.0.4506.2152; .NET CLR 3.5.30729)"
180.76.5.138 - - [18/May/2012:12:36:53 +0800] "GET / HTTP/1.1" 200 1418 "-" "Mozilla/5.0 (compatible; Baiduspider/2.0; +http://www.baidu.com/search/spider.html)"
1.85.17.130 - - [18/May/2012:12:36:33 +0800] "GET /2008-07/18.rm HTTP/1.1" 206 4192669 "http://download.jptranslate.com/2008-07/" "Mozilla/4.0 (compatible; MSIE 6.0; Windows NT 5.1; .NET CLR 2.0.50727; .NET CLR 3.0.04506.648; .NET CLR 3.5.21022; InfoPath.3; .NET CLR 3.0.4506.2152; .NET CLR 3.5.30729)"
1.85.17.130 - - [18/May/2012:12:37:01 +0800] "GET /2008-07/18.rm HTTP/1.1" 503 466 "http://download.jptranslate.com/2008-07/" "Mozilla/4.0 (compatible; MSIE 6.0; Windows NT 5.1; .NET CLR 2.0.50727; .NET CLR 3.0.04506.648; .NET CLR 3.5.21022; InfoPath.3; .NET CLR 3.0.4506.2152; .NET CLR 3.5.30729)"
117.83.205.156 - - [18/May/2012:12:36:05 +0800] "GET /music/moved200909/20090914.mp3 HTTP/1.1" 200 6635533 "-" "Mozilla/4.0 (compatible; MSIE 5.00; Windows 98)"
1.85.17.130 - - [18/May/2012:12:37:00 +0800] "GET /2008-07/18.rm HTTP/1.1" 206 12078498 "http://download.jptranslate.com/2008-07/" "Mozilla/4.0 (compatible; MSIE 6.0; Windows NT 5.1; .NET CLR 2.0.50727; .NET CLR 3.0.04506.648; .NET CLR 3.5.21022; InfoPath.3; .NET CLR 3.0.4506.2152; .NET CLR 3.5.30729)"
1.85.17.130 - - [18/May/2012:12:36:13 +0800] "GET /2008-07/18.rm HTTP/1.1" 206 4203957 "http://download.jptranslate.com/2008-07/" "Mozilla/4.0 (compatible; MSIE 6.0; Windows NT 5.1; .NET CLR 2.0.50727; .NET CLR 3.0.04506.648; .NET CLR 3.5.21022; InfoPath.3; .NET CLR 3.0.4506.2152; .NET CLR 3.5.30729)"
61.135.190.86 - - [18/May/2012:12:37:06 +0800] "GET /music/moved200909/20090930.mp3? HTTP/1.0" 200 4239744 "-" "NSPlayer/10.0.0.4072 WMFSDK/10.0"
1.85.17.130 - - [18/May/2012:12:37:04 +0800] "GET /2008-07/10.rm HTTP/1.1" 206 69450402 "http://download.jptranslate.com/2008-07/" "Mozilla/4.0 (compatible; MSIE 6.0; Windows NT 5.1; .NET CLR 2.0.50727; .NET CLR 3.0.04506.648; .NET CLR 3.5.21022; InfoPath.3; .NET CLR 3.0.4506.2152; .NET CLR 3.5.30729)"
1.85.17.130 - - [18/May/2012:12:36:50 +0800] "GET /2008-07/18.rm HTTP/1.1" 206 64378753 "http://download.jptranslate.com/2008-07/" "Mozilla/4.0 (compatible; MSIE 6.0; Windows NT 5.1; .NET CLR 2.0.50727; .NET CLR 3.0.04506.648; .NET CLR 3.5.21022; InfoPath.3; .NET CLR 3.0.4506.2152; .NET CLR 3.5.30729)"
1.85.17.130 - - [18/May/2012:12:36:34 +0800] "GET /2008-07/18.rm HTTP/1.1" 206 12081025 "http://download.jptranslate.com/2008-07/" "Mozilla/4.0 (compatible; MSIE 6.0; Windows NT 5.1; .NET CLR 2.0.50727; .NET CLR 3.0.04506.648; .NET CLR 3.5.21022; InfoPath.3; .NET CLR 3.0.4506.2152; .NET CLR 3.5.30729)"
38.107.179.234 - - [18/May/2012:12:36:23 +0800] "GET /2008-07/%d7%ee%d0%c2%b9%fa%bc%ca%c8%d5%d3%ef%c4%dc%c1%a6%b2%e2%ca%d4%bd%e2%ce%f6%b6%fe%bc%b61998-2001.rar HTTP/1.1" 200 3525054 "-" "CCBot/1.0 (+http://www.commoncrawl.org/bot.html)"
1.85.17.130 - - [18/May/2012:12:37:24 +0800] "GET /2008-07/18.rm HTTP/1.1" 206 8148865 "http://download.jptranslate.com/2008-07/" "Mozilla/4.0 (compatible; MSIE 6.0; Windows NT 5.1; .NET CLR 2.0.50727; .NET CLR 3.0.04506.648; .NET CLR 3.5.21022; InfoPath.3; .NET CLR 3.0.4506.2152; .NET CLR 3.5.30729)"
1.85.17.130 - - [18/May/2012:12:37:31 +0800] "GET /2008-07/18.rm HTTP/1.1" 503 466 "http://download.jptranslate.com/2008-07/" "Mozilla/4.0 (compatible; MSIE 6.0; Windows NT 5.1; .NET CLR 2.0.50727; .NET CLR 3.0.04506.648; .NET CLR 3.5.21022; InfoPath.3; .NET CLR 3.0.4506.2152; .NET CLR 3.5.30729)"
1.85.17.130 - - [18/May/2012:12:37:36 +0800] "GET /2008-07/18.rm HTTP/1.1" 503 466 "http://download.jptranslate.com/2008-07/" "Mozilla/4.0 (compatible; MSIE 6.0; Windows NT 5.1; .NET CLR 2.0.50727; .NET CLR 3.0.04506.648; .NET CLR 3.5.21022; InfoPath.3; .NET CLR 3.0.4506.2152; .NET CLR 3.5.30729)"
1.85.17.130 - - [18/May/2012:12:37:37 +0800] "GET /2008-07/18.rm HTTP/1.1" 503 466 "http://download.jptranslate.com/2008-07/" "Mozilla/4.0 (compatible; MSIE 6.0; Windows NT 5.1; .NET CLR 2.0.50727; .NET CLR 3.0.04506.648; .NET CLR 3.5.21022; InfoPath.3; .NET CLR 3.0.4506.2152; .NET CLR 3.5.30729)"
1.85.17.130 - - [18/May/2012:12:37:38 +0800] "GET /2008-07/18.rm HTTP/1.1" 503 466 "http://download.jptranslate.com/2008-07/" "Mozilla/4.0 (compatible; MSIE 6.0; Windows NT 5.1; .NET CLR 2.0.50727; .NET CLR 3.0.04506.648; .NET CLR 3.5.21022; InfoPath.3; .NET CLR 3.0.4506.2152; .NET CLR 3.5.30729)"
1.85.17.130 - - [18/May/2012:12:36:25 +0800] "GET /2008-07/18.rm HTTP/1.1" 206 12211030 "http://download.jptranslate.com/2008-07/" "Mozilla/4.0 (compatible; MSIE 6.0; Windows NT 5.1; .NET CLR 2.0.50727; .NET CLR 3.0.04506.648; .NET CLR 3.5.21022; InfoPath.3; .NET CLR 3.0.4506.2152; .NET CLR 3.5.30729)"
1.85.17.130 - - [18/May/2012:12:37:42 +0800] "GET /2008-07/18.rm HTTP/1.1" 503 466 "http://download.jptranslate.com/2008-07/" "Mozilla/4.0 (compatible; MSIE 6.0; Windows NT 5.1; .NET CLR 2.0.50727; .NET CLR 3.0.04506.648; .NET CLR 3.5.21022; InfoPath.3; .NET CLR 3.0.4506.2152; .NET CLR 3.5.30729)"
1.85.17.130 - - [18/May/2012:12:37:24 +0800] "GET /2008-07/18.rm HTTP/1.1" 206 11949953 "http://download.jptranslate.com/2008-07/" "Mozilla/4.0 (compatible; MSIE 6.0; Windows NT 5.1; .NET CLR 2.0.50727; .NET CLR 3.0.04506.648; .NET CLR 3.5.21022; InfoPath.3; .NET CLR 3.0.4506.2152; .NET CLR 3.5.30729)"
1.85.17.130 - - [18/May/2012:12:37:40 +0800] "GET /2008-07/18.rm HTTP/1.1" 206 27285377 "http://download.jptranslate.com/2008-07/" "Mozilla/4.0 (compatible; MSIE 6.0; Windows NT 5.1; .NET CLR 2.0.50727; .NET CLR 3.0.04506.648; .NET CLR 3.5.21022; InfoPath.3; .NET CLR 3.0.4506.2152; .NET CLR 3.5.30729)"
113.240.176.216 - - [18/May/2012:12:37:18 +0800] "GET /music/moved200909/20090909.mp3 HTTP/1.1" 200 4650675 "-" "Mozilla/4.0 (compatible; MSIE 5.00; Windows 98)"
1.85.17.130 - - [18/May/2012:12:37:51 +0800] "GET /2008-07/18.rm HTTP/1.1" 206 11945966 "http://download.jptranslate.com/2008-07/" "Mozilla/4.0 (compatible; MSIE 6.0; Windows NT 5.1; .NET CLR 2.0.50727; .NET CLR 3.0.04506.648; .NET CLR 3.5.21022; InfoPath.3; .NET CLR 3.0.4506.2152; .NET CLR 3.5.30729)"
183.165.177.0 - - [18/May/2012:12:35:46 +0800] "GET /music/moved200909/20090914.mp3 HTTP/1.1" 200 6635533 "-" "Mozilla/4.0 (compatible; MSIE 5.00; Windows 98)"
1.85.17.130 - - [18/May/2012:12:38:53 +0800] "GET /2008-07/18.rm HTTP/1.1" 206 11945966 "http://download.jptranslate.com/2008-07/" "Mozilla/4.0 (compatible; MSIE 6.0; Windows NT 5.1; .NET CLR 2.0.50727; .NET CLR 3.0.04506.648; .NET CLR 3.5.21022; InfoPath.3; .NET CLR 3.0.4506.2152; .NET CLR 3.5.30729)"
1.85.17.130 - - [18/May/2012:12:37:26 +0800] "GET /2008-07/18.rm HTTP/1.1" 206 22173569 "http://download.jptranslate.com/2008-07/" "Mozilla/4.0 (compatible; MSIE 6.0; Windows NT 5.1; .NET CLR 2.0.50727; .NET CLR 3.0.04506.648; .NET CLR 3.5.21022; InfoPath.3; .NET CLR 3.0.4506.2152; .NET CLR 3.5.30729)"
1.85.17.130 - - [18/May/2012:12:39:07 +0800] "GET /2008-07/18.rm HTTP/1.1" 503 466 "http://download.jptranslate.com/2008-07/" "Mozilla/4.0 (compatible; MSIE 6.0; Windows NT 5.1; .NET CLR 2.0.50727; .NET CLR 3.0.04506.648; .NET CLR 3.5.21022; InfoPath.3; .NET CLR 3.0.4506.2152; .NET CLR 3.5.30729)"
1.85.17.130 - - [18/May/2012:12:37:28 +0800] "GET /2008-07/18.rm HTTP/1.1" 206 8017793 "http://download.jptranslate.com/2008-07/" "Mozilla/4.0 (compatible; MSIE 6.0; Windows NT 5.1; .NET CLR 2.0.50727; .NET CLR 3.0.04506.648; .NET CLR 3.5.21022; InfoPath.3; .NET CLR 3.0.4506.2152; .NET CLR 3.5.30729)"
